69.10.62.66 - - [31/May/2026:08:14:57 -0400] "POST /wp-cron.php?doing_wp_cron=1780229697.6539750099182128906250 HTTP/1.1" 200 - "-" "WordPress/6.9.4; https://www.vivafallriver.com"
57.141.20.29 - - [31/May/2026:08:14:55 -0400] "GET /series/mosaic-night/?lokasie=/sys/kernel/slab/ext4_prealloc_space/usersize&loknya=/sys/kernel/slab/ext4_prealloc_space HTTP/1.1" 200 337788 "-" "meta-externalagent/1.1 (+https://developers.facebook.com/docs/sharing/webmasters/crawler)"
69.10.62.66 - - [31/May/2026:08:14:57 -0400] "POST /wp-cron.php?doing_wp_cron=1780229697.7492489814758300781250 HTTP/1.1" 200 - "-" "WordPress/6.9.4; https://www.vivafallriver.com"
57.141.20.6 - - [31/May/2026:08:14:54 -0400] "GET /series/mosaic-night/?lokasie=/sys/kernel/slab/dax_cache/red_zone&loknya=/sys/kernel/slab/dax_cache HTTP/1.1" 200 337757 "-" "meta-externalagent/1.1 (+https://developers.facebook.com/docs/sharing/webmasters/crawler)"
69.10.62.66 - - [31/May/2026:08:14:58 -0400] "POST /wp-cron.php?doing_wp_cron=1780229698.2657589912414550781250 HTTP/1.1" 200 - "-" "WordPress/6.9.4; https://www.vivafallriver.com"
57.141.20.26 - - [31/May/2026:08:14:55 -0400] "GET /series/mosaic-night/?lokasie=/sys/kernel/slab/lsm_inode_cache/store_user&loknya=/sys/kernel/slab/lsm_inode_cache HTTP/1.1" 200 337778 "-" "meta-externalagent/1.1 (+https://developers.facebook.com/docs/sharing/webmasters/crawler)"
69.10.62.66 - - [31/May/2026:08:14:58 -0400] "POST /wp-cron.php?doing_wp_cron=1780229698.3521549701690673828125 HTTP/1.1" 200 - "-" "WordPress/6.9.4; https://www.vivafallriver.com"
66.249.65.39 - - [31/May/2026:08:14:55 -0400] "GET /series/appy-hour-thursdays-1-2-off-apps-weekly/?lokasie=/lib64/libsqlite3.so.0&loknya=/lib64 HTTP/1.1" 200 579402 "-" "Mozilla/5.0 (Linux; Android 6.0.1; Nexus 5X Build/MMB29P) AppleWebKit/537.36 (KHTML, like Gecko) Chrome/148.0.7778.96 Mobile Safari/537.36 (compatible; GoogleOther)"
69.10.62.66 - - [31/May/2026:08:14:58 -0400] "POST /wp-cron.php?doing_wp_cron=1780229698.5179340839385986328125 HTTP/1.1" 200 - "-" "WordPress/6.9.4; https://www.vivafallriver.com"
57.141.20.34 - - [31/May/2026:08:14:56 -0400] "GET /series/mosaic-night/?lokasie=/sys/kernel/slab/dma-kmalloc-128/objs_per_slab&loknya=/sys/kernel/slab/dma-kmalloc-128 HTTP/1.1" 200 337781 "-" "meta-externalagent/1.1 (+https://developers.facebook.com/docs/sharing/webmasters/crawler)"
69.10.62.66 - - [31/May/2026:08:14:59 -0400] "POST /wp-cron.php?doing_wp_cron=1780229699.0167949199676513671875 HTTP/1.1" 200 - "-" "WordPress/6.9.4; https://www.vivafallriver.com"
57.141.20.52 - - [31/May/2026:08:14:56 -0400] "GET /series/mosaic-night/?lokasie=/sys/kernel/slab/nf-frags/red_zone&loknya=/sys/kernel/slab/nf-frags HTTP/1.1" 200 337755 "-" "meta-externalagent/1.1 (+https://developers.facebook.com/docs/sharing/webmasters/crawler)"
69.10.62.66 - - [31/May/2026:08:14:59 -0400] "POST /wp-cron.php?doing_wp_cron=1780229699.3240149021148681640625 HTTP/1.1" 200 - "-" "WordPress/6.9.4; https://www.vivafallriver.com"
57.141.20.52 - - [31/May/2026:08:14:56 -0400] "GET /series/mosaic-night/?lokasie=/sys/kernel/slab/dma-kmalloc-128/slab_size&loknya=/sys/kernel/slab/dma-kmalloc-128 HTTP/1.1" 200 337777 "-" "meta-externalagent/1.1 (+https://developers.facebook.com/docs/sharing/webmasters/crawler)"
69.10.62.66 - - [31/May/2026:08:14:59 -0400] "POST /wp-cron.php?doing_wp_cron=1780229699.4705350399017333984375 HTTP/1.1" 200 - "-" "WordPress/6.9.4; https://www.vivafallriver.com"
57.141.20.53 - - [31/May/2026:08:14:56 -0400] "GET /series/mosaic-night/?lokasie=/sys/kernel/slab/kmalloc-rcl-8k/alloc_calls&loknya=/sys/kernel/slab/kmalloc-rcl-8k HTTP/1.1" 200 337776 "-" "meta-externalagent/1.1 (+https://developers.facebook.com/docs/sharing/webmasters/crawler)"
69.10.62.66 - - [31/May/2026:08:14:59 -0400] "POST /wp-cron.php?doing_wp_cron=1780229699.7315659523010253906250 HTTP/1.1" 200 - "-" "WordPress/6.9.4; https://www.vivafallriver.com"
57.141.20.66 - - [31/May/2026:08:14:56 -0400] "GET /series/mosaic-night/?lokasie=/sys/kernel/slab/nf-frags/remote_node_defrag_ratio&loknya=/sys/kernel/slab/nf-frags HTTP/1.1" 200 337771 "-" "meta-externalagent/1.1 (+https://developers.facebook.com/docs/sharing/webmasters/crawler)"
69.10.62.66 - - [31/May/2026:08:14:59 -0400] "POST /wp-cron.php?doing_wp_cron=1780229699.7017529010772705078125 HTTP/1.1" 200 - "-" "WordPress/6.9.4; https://www.vivafallriver.com"
74.7.227.3 - - [31/May/2026:08:14:56 -0400] "GET /series/summer-all-ages-book-club/?lokasie=/proc/net//snmp&loknya=/proc/net/ HTTP/1.1" 200 50615 "https://www.vivafallriver.com/series/summer-all-ages-book-club/?loknya=/proc/net/" "Mozilla/5.0 AppleWebKit/537.36 (KHTML, like Gecko; compatible; GPTBot/1.4; +https://openai.com/gptbot)"
57.141.20.47 - - [31/May/2026:08:14:57 -0400] "GET /series/mosaic-night/?lokasie=/sys/kernel/slab/kmalloc-64/usersize&loknya=/sys/kernel/slab/kmalloc-64 HTTP/1.1" 200 337761 "-" "meta-externalagent/1.1 (+https://developers.facebook.com/docs/sharing/webmasters/crawler)"
57.141.20.60 - - [31/May/2026:08:14:58 -0400] "GET /series/mosaic-night/?lokasie=/sys/kernel/slab/Acpi-Parse/destroy_by_rcu&loknya=/sys/kernel/slab/Acpi-Parse HTTP/1.1" 200 337767 "-" "meta-externalagent/1.1 (+https://developers.facebook.com/docs/sharing/webmasters/crawler)"
57.141.20.8 - - [31/May/2026:08:14:57 -0400] "GET /series/mosaic-night/?lokasie=/sys/kernel/slab/ext4_prealloc_space/store_user&loknya=/sys/kernel/slab/ext4_prealloc_space HTTP/1.1" 200 337789 "-" "meta-externalagent/1.1 (+https://developers.facebook.com/docs/sharing/webmasters/crawler)"
57.141.20.72 - - [31/May/2026:08:14:58 -0400] "GET /series/mosaic-night/?lokasie=/sys/kernel/slab/ip4-frags/total_objects&loknya=/sys/kernel/slab/ip4-frags HTTP/1.1" 200 337763 "-" "meta-externalagent/1.1 (+https://developers.facebook.com/docs/sharing/webmasters/crawler)"
57.141.20.35 - - [31/May/2026:08:14:58 -0400] "GET /series/mosaic-night/?lokasie=/sys/kernel/slab/vmap_area/objects_partial&loknya=/sys/kernel/slab/vmap_area HTTP/1.1" 200 337765 "-" "meta-externalagent/1.1 (+https://developers.facebook.com/docs/sharing/webmasters/crawler)"
57.141.20.60 - - [31/May/2026:08:14:59 -0400] "GET /series/mosaic-night/?lokasie=/sys/kernel/slab/vmap_area/slabs&loknya=/sys/kernel/slab/vmap_area HTTP/1.1" 200 337755 "-" "meta-externalagent/1.1 (+https://developers.facebook.com/docs/sharing/webmasters/crawler)"
57.141.20.28 - - [31/May/2026:08:14:59 -0400] "GET /series/mosaic-night/?lokasie=/sys/kernel/slab/fsnotify_mark/cpu_slabs&loknya=/sys/kernel/slab/fsnotify_mark HTTP/1.1" 200 337771 "-" "meta-externalagent/1.1 (+https://developers.facebook.com/docs/sharing/webmasters/crawler)"
57.141.20.28 - - [31/May/2026:08:15:00 -0400] "GET /series/mosaic-night/?lokasie=/sys/kernel/slab/vmap_area/total_objects&loknya=/sys/kernel/slab/vmap_area HTTP/1.1" 200 337763 "-" "meta-externalagent/1.1 (+https://developers.facebook.com/docs/sharing/webmasters/crawler)"
57.141.20.69 - - [31/May/2026:08:15:00 -0400] "GET /series/mosaic-night/?lokasie=/sys/kernel/slab/dax_cache/min_partial&loknya=/sys/kernel/slab/dax_cache HTTP/1.1" 200 337761 "-" "meta-externalagent/1.1 (+https://developers.facebook.com/docs/sharing/webmasters/crawler)"
74.7.227.3 - - [31/May/2026:08:15:00 -0400] "GET /series/summer-all-ages-book-club/?lokasie=/proc/net//packet&loknya=/proc/net/ HTTP/1.1" 200 50027 "https://www.vivafallriver.com/series/summer-all-ages-book-club/?loknya=/proc/net/" "Mozilla/5.0 AppleWebKit/537.36 (KHTML, like Gecko; compatible; GPTBot/1.4; +https://openai.com/gptbot)"
57.141.20.39 - - [31/May/2026:08:15:01 -0400] "GET /series/mosaic-night/?lokasie=/sys/kernel/slab/Acpi-Parse/poison&loknya=/sys/kernel/slab/Acpi-Parse HTTP/1.1" 200 337759 "-" "meta-externalagent/1.1 (+https://developers.facebook.com/docs/sharing/webmasters/crawler)"
57.141.20.42 - - [31/May/2026:08:15:01 -0400] "GET /series/mosaic-night/?lokasie=/sys/kernel/slab/kmalloc-64/aliases&loknya=/sys/kernel/slab/kmalloc-64 HTTP/1.1" 200 337760 "-" "meta-externalagent/1.1 (+https://developers.facebook.com/docs/sharing/webmasters/crawler)"
57.141.20.57 - - [31/May/2026:08:15:01 -0400] "GET /series/mosaic-night/?lokasie=/sys/kernel/slab/ext4_extent_status/objects&loknya=/sys/kernel/slab/ext4_extent_status HTTP/1.1" 200 337784 "-" "meta-externalagent/1.1 (+https://developers.facebook.com/docs/sharing/webmasters/crawler)"
57.141.20.49 - - [31/May/2026:08:15:02 -0400] "GET /series/mosaic-night/?lokasie=/sys/kernel/slab/Acpi-Parse/min_partial&loknya=/sys/kernel/slab/Acpi-Parse HTTP/1.1" 200 337764 "-" "meta-externalagent/1.1 (+https://developers.facebook.com/docs/sharing/webmasters/crawler)"
57.141.20.16 - - [31/May/2026:08:15:02 -0400] "GET /series/mosaic-night/?lokasie=/sys/kernel/slab/dma-kmalloc-128/slabs&loknya=/sys/kernel/slab/dma-kmalloc-128 HTTP/1.1" 200 337773 "-" "meta-externalagent/1.1 (+https://developers.facebook.com/docs/sharing/webmasters/crawler)"
57.141.20.13 - - [31/May/2026:08:15:02 -0400] "GET /series/mosaic-night/?lokasie=/sys/kernel/slab/fasync_cache/red_zone&loknya=/sys/kernel/slab/fasync_cache HTTP/1.1" 200 337767 "-" "meta-externalagent/1.1 (+https://developers.facebook.com/docs/sharing/webmasters/crawler)"
57.141.20.28 - - [31/May/2026:08:15:02 -0400] "GET /series/mosaic-night/?lokasie=/sys/kernel/slab/dax_cache/objs_per_slab&loknya=/sys/kernel/slab/dax_cache HTTP/1.1" 200 337763 "-" "meta-externalagent/1.1 (+https://developers.facebook.com/docs/sharing/webmasters/crawler)"
57.141.20.64 - - [31/May/2026:08:15:03 -0400] "GET /series/mosaic-night/?lokasie=/sys/kernel/slab/jbd2_journal_handle/slab_size&loknya=/sys/kernel/slab/jbd2_journal_handle HTTP/1.1" 200 337789 "-" "meta-externalagent/1.1 (+https://developers.facebook.com/docs/sharing/webmasters/crawler)"
74.7.227.3 - - [31/May/2026:08:15:03 -0400] "GET /series/summer-all-ages-book-club/?lokasie=/proc/net//protocols&loknya=/proc/net/ HTTP/1.1" 200 50343 "https://www.vivafallriver.com/series/summer-all-ages-book-club/?loknya=/proc/net/" "Mozilla/5.0 AppleWebKit/537.36 (KHTML, like Gecko; compatible; GPTBot/1.4; +https://openai.com/gptbot)"
57.141.20.13 - - [31/May/2026:08:15:04 -0400] "GET /series/mosaic-night/?lokasie=/sys/kernel/slab/jbd2_journal_handle/sanity_checks&loknya=/sys/kernel/slab/jbd2_journal_handle HTTP/1.1" 200 337793 "-" "meta-externalagent/1.1 (+https://developers.facebook.com/docs/sharing/webmasters/crawler)"
57.141.20.60 - - [31/May/2026:08:15:04 -0400] "GET /series/mosaic-night/?lokasie=/sys/kernel/slab/jbd2_journal_handle/total_objects&loknya=/sys/kernel/slab/jbd2_journal_handle HTTP/1.1" 200 337793 "-" "meta-externalagent/1.1 (+https://developers.facebook.com/docs/sharing/webmasters/crawler)"
57.141.20.4 - - [31/May/2026:08:15:04 -0400] "GET /series/mosaic-night/?lokasie=/sys/kernel/slab/vmap_area/object_size&loknya=/sys/kernel/slab/vmap_area HTTP/1.1" 200 337760 "-" "meta-externalagent/1.1 (+https://developers.facebook.com/docs/sharing/webmasters/crawler)"
57.141.20.41 - - [31/May/2026:08:15:05 -0400] "GET /series/mosaic-night/?lokasie=/sys/kernel/slab/kioctx/cpu_partial&loknya=/sys/kernel/slab/kioctx HTTP/1.1" 200 337752 "-" "meta-externalagent/1.1 (+https://developers.facebook.com/docs/sharing/webmasters/crawler)"
57.141.20.27 - - [31/May/2026:08:15:04 -0400] "GET /series/mosaic-night/?lokasie=/sys/kernel/slab/ext4_extent_status/min_partial&loknya=/sys/kernel/slab/ext4_extent_status HTTP/1.1" 200 337788 "-" "meta-externalagent/1.1 (+https://developers.facebook.com/docs/sharing/webmasters/crawler)"
57.141.20.47 - - [31/May/2026:08:15:05 -0400] "GET /series/mosaic-night/?lokasie=/sys/kernel/slab/dma-kmalloc-128/red_zone&loknya=/sys/kernel/slab/dma-kmalloc-128 HTTP/1.1" 200 337776 "-" "meta-externalagent/1.1 (+https://developers.facebook.com/docs/sharing/webmasters/crawler)"
57.141.20.60 - - [31/May/2026:08:15:06 -0400] "GET /series/mosaic-night/?lokasie=/sys/kernel/slab/kmalloc-64/total_objects&loknya=/sys/kernel/slab/kmalloc-64 HTTP/1.1" 200 337766 "-" "meta-externalagent/1.1 (+https://developers.facebook.com/docs/sharing/webmasters/crawler)"
74.7.227.3 - - [31/May/2026:08:15:06 -0400] "GET /series/summer-all-ages-book-club/?lokasie=/proc/net//sockstat&loknya=/proc/net/ HTTP/1.1" 200 50031 "https://www.vivafallriver.com/series/summer-all-ages-book-club/?loknya=/proc/net/" "Mozilla/5.0 AppleWebKit/537.36 (KHTML, like Gecko; compatible; GPTBot/1.4; +https://openai.com/gptbot)"
57.141.20.65 - - [31/May/2026:08:15:06 -0400] "GET /series/mosaic-night/?lokasie=/sys/kernel/slab/fasync_cache/min_partial&loknya=/sys/kernel/slab/fasync_cache HTTP/1.1" 200 337770 "-" "meta-externalagent/1.1 (+https://developers.facebook.com/docs/sharing/webmasters/crawler)"
72.93.219.18 - - [31/May/2026:08:15:07 -0400] "GET /event/take-me-to-the-river-festival-2026/?ical=1 HTTP/1.1" 200 1330 "-" "iOS/26.5 (23F77) dataaccessd/1.0"
57.141.20.13 - - [31/May/2026:08:15:06 -0400] "GET /series/mosaic-night/?lokasie=/sys/kernel/slab/dma-kmalloc-96/destroy_by_rcu&loknya=/sys/kernel/slab/dma-kmalloc-96 HTTP/1.1" 200 337779 "-" "meta-externalagent/1.1 (+https://developers.facebook.com/docs/sharing/webmasters/crawler)"
193.36.225.233 - - [31/May/2026:08:15:07 -0400] "POST /wp-login.php HTTP/1.1" 200 3142 "https://mail.vivafallriver.com/wp-login.php" "Mozilla/5.0 (Macintosh; Intel Mac OS X 13_6_1) AppleWebKit/537.36 (KHTML, like Gecko) Chrome/119.0.0.0 Safari/537.36"
57.141.20.8 - - [31/May/2026:08:15:06 -0400] "GET /series/mosaic-night/?lokasie=/sys/kernel/slab/jbd2_journal_handle/hwcache_align&loknya=/sys/kernel/slab/jbd2_journal_handle HTTP/1.1" 200 337792 "-" "meta-externalagent/1.1 (+https://developers.facebook.com/docs/sharing/webmasters/crawler)"
57.141.20.70 - - [31/May/2026:08:15:07 -0400] "GET /series/mosaic-night/?lokasie=/sys/kernel/slab/kmalloc-64/object_size&loknya=/sys/kernel/slab/kmalloc-64 HTTP/1.1" 200 337764 "-" "meta-externalagent/1.1 (+https://developers.facebook.com/docs/sharing/webmasters/crawler)"
57.141.20.21 - - [31/May/2026:08:15:07 -0400] "GET /series/mosaic-night/?lokasie=/sys/kernel/slab/vmap_area/slab_size&loknya=/sys/kernel/slab/vmap_area HTTP/1.1" 200 337759 "-" "meta-externalagent/1.1 (+https://developers.facebook.com/docs/sharing/webmasters/crawler)"
57.141.20.38 - - [31/May/2026:08:15:07 -0400] "GET /series/mosaic-night/?lokasie=/sys/kernel/slab/ext4_prealloc_space/total_objects&loknya=/sys/kernel/slab/ext4_prealloc_space HTTP/1.1" 200 337793 "-" "meta-externalagent/1.1 (+https://developers.facebook.com/docs/sharing/webmasters/crawler)"
66.249.65.39 - - [31/May/2026:08:15:08 -0400] "GET /project/pirouette-dance-academy/?lokasie=/scripts//killdns-dnsadmin&loknya=/scripts/ HTTP/1.1" 200 42433 "-" "Mozilla/5.0 (Linux; Android 6.0.1; Nexus 5X Build/MMB29P) AppleWebKit/537.36 (KHTML, like Gecko) Chrome/148.0.7778.96 Mobile Safari/537.36 (compatible; GoogleOther)"
57.141.20.60 - - [31/May/2026:08:15:08 -0400] "GET /series/mosaic-night/?loknya=/sys/devices/virtual/misc/loop-control HTTP/1.1" 200 343897 "-" "meta-externalagent/1.1 (+https://developers.facebook.com/docs/sharing/webmasters/crawler)"
74.7.227.3 - - [31/May/2026:08:15:08 -0400] "GET /series/summer-all-ages-book-club/?lokasie=/proc/net//netstat&loknya=/proc/net/ HTTP/1.1" 200 51564 "https://www.vivafallriver.com/series/summer-all-ages-book-club/?loknya=/proc/net/" "Mozilla/5.0 AppleWebKit/537.36 (KHTML, like Gecko; compatible; GPTBot/1.4; +https://openai.com/gptbot)"
57.141.20.13 - - [31/May/2026:08:15:08 -0400] "GET /series/mosaic-night/?lokasie=/sys/kernel/slab/dax_cache/remote_node_defrag_ratio&loknya=/sys/kernel/slab/dax_cache HTTP/1.1" 200 337774 "-" "meta-externalagent/1.1 (+https://developers.facebook.com/docs/sharing/webmasters/crawler)"
57.141.20.70 - - [31/May/2026:08:15:09 -0400] "GET /series/mosaic-night/?lokasie=/sys/kernel/slab/kmalloc-64/cpu_partial&loknya=/sys/kernel/slab/kmalloc-64 HTTP/1.1" 200 337764 "-" "meta-externalagent/1.1 (+https://developers.facebook.com/docs/sharing/webmasters/crawler)"
57.141.20.37 - - [31/May/2026:08:15:09 -0400] "GET /series/mosaic-night/?lokasie=/sys/kernel/slab/ext4_prealloc_space/ctor&loknya=/sys/kernel/slab/ext4_prealloc_space HTTP/1.1" 200 337784 "-" "meta-externalagent/1.1 (+https://developers.facebook.com/docs/sharing/webmasters/crawler)"
57.141.20.7 - - [31/May/2026:08:15:09 -0400] "GET /series/mosaic-night/?lokasie=/sys/kernel/slab/jbd2_journal_handle/partial&loknya=/sys/kernel/slab/jbd2_journal_handle HTTP/1.1" 200 337786 "-" "meta-externalagent/1.1 (+https://developers.facebook.com/docs/sharing/webmasters/crawler)"
57.141.20.60 - - [31/May/2026:08:15:09 -0400] "GET /series/mosaic-night/?lokasie=/sys/kernel/slab/ebitmap_node/partial&loknya=/sys/kernel/slab/ebitmap_node HTTP/1.1" 200 337766 "-" "meta-externalagent/1.1 (+https://developers.facebook.com/docs/sharing/webmasters/crawler)"
57.141.20.57 - - [31/May/2026:08:15:10 -0400] "GET /series/mosaic-night/?lokasie=/sys/kernel/slab/ebitmap_node/total_objects&loknya=/sys/kernel/slab/ebitmap_node HTTP/1.1" 200 337772 "-" "meta-externalagent/1.1 (+https://developers.facebook.com/docs/sharing/webmasters/crawler)"
57.141.20.42 - - [31/May/2026:08:15:10 -0400] "GET /series/mosaic-night/?lokasie=/sys/kernel/slab/dax_cache/aliases&loknya=/sys/kernel/slab/dax_cache HTTP/1.1" 200 337757 "-" "meta-externalagent/1.1 (+https://developers.facebook.com/docs/sharing/webmasters/crawler)"
57.141.20.58 - - [31/May/2026:08:15:11 -0400] "GET /series/mosaic-night/?lokasie=/sys/kernel/slab/lsm_inode_cache/slabs&loknya=/sys/kernel/slab/lsm_inode_cache HTTP/1.1" 200 337773 "-" "meta-externalagent/1.1 (+https://developers.facebook.com/docs/sharing/webmasters/crawler)"
74.7.227.3 - - [31/May/2026:08:15:11 -0400] "GET /series/summer-all-ages-book-club/?lokasie=/proc/net//route&loknya=/proc/net/ HTTP/1.1" 200 50075 "https://www.vivafallriver.com/series/summer-all-ages-book-club/?loknya=/proc/net/" "Mozilla/5.0 AppleWebKit/537.36 (KHTML, like Gecko; compatible; GPTBot/1.4; +https://openai.com/gptbot)"
57.141.20.60 - - [31/May/2026:08:15:11 -0400] "GET /series/mosaic-night/?lokasie=/sys/kernel/slab/kmalloc-64/objects_partial&loknya=/sys/kernel/slab/kmalloc-64 HTTP/1.1" 200 337768 "-" "meta-externalagent/1.1 (+https://developers.facebook.com/docs/sharing/webmasters/crawler)"
57.141.20.69 - - [31/May/2026:08:15:11 -0400] "GET /series/mosaic-night/?lokasie=/sys/kernel/slab/kmalloc-64/cache_dma&loknya=/sys/kernel/slab/kmalloc-64 HTTP/1.1" 200 337762 "-" "meta-externalagent/1.1 (+https://developers.facebook.com/docs/sharing/webmasters/crawler)"
57.141.20.57 - - [31/May/2026:08:15:12 -0400] "GET /series/mosaic-night/?lokasie=/sys/kernel/slab/ip4-frags/cache_dma&loknya=/sys/kernel/slab/ip4-frags HTTP/1.1" 200 337759 "-" "meta-externalagent/1.1 (+https://developers.facebook.com/docs/sharing/webmasters/crawler)"
57.141.20.47 - - [31/May/2026:08:15:12 -0400] "GET /series/mosaic-night/?lokasie=/sys/kernel/slab/fasync_cache/store_user&loknya=/sys/kernel/slab/fasync_cache HTTP/1.1" 200 337769 "-" "meta-externalagent/1.1 (+https://developers.facebook.com/docs/sharing/webmasters/crawler)"
57.141.20.51 - - [31/May/2026:08:15:12 -0400] "GET /series/mosaic-night/?lokasie=/sys/kernel/slab/dma-kmalloc-128/alloc_calls&loknya=/sys/kernel/slab/dma-kmalloc-128 HTTP/1.1" 200 337779 "-" "meta-externalagent/1.1 (+https://developers.facebook.com/docs/sharing/webmasters/crawler)"
85.208.96.200 - - [31/May/2026:08:15:12 -0400] "GET /?eventDate=2022-05-26&eventDisplay=day&hide_subsequent_recurrences=1&paged=45&post_type=tribe_events HTTP/1.1" 200 53782 "-" "Mozilla/5.0 (compatible; SemrushBot/7~bl; +http://www.semrush.com/bot.html)"
57.141.20.60 - - [31/May/2026:08:15:12 -0400] "GET /series/mosaic-night/?lokasie=/sys/kernel/slab/ext4_prealloc_space/trace&loknya=/sys/kernel/slab/ext4_prealloc_space HTTP/1.1" 200 337785 "-" "meta-externalagent/1.1 (+https://developers.facebook.com/docs/sharing/webmasters/crawler)"
57.141.20.60 - - [31/May/2026:08:15:13 -0400] "GET /series/mosaic-night/?lokasie=/sys/kernel/slab/xfs_rud_item/cpu_slabs&loknya=/sys/kernel/slab/xfs_rud_item HTTP/1.1" 200 337768 "-" "meta-externalagent/1.1 (+https://developers.facebook.com/docs/sharing/webmasters/crawler)"
74.7.227.3 - - [31/May/2026:08:15:13 -0400] "GET /series/summer-all-ages-book-club/?lokasie=/proc/net//icmp&loknya=/proc/net/ HTTP/1.1" 200 50021 "https://www.vivafallriver.com/series/summer-all-ages-book-club/?loknya=/proc/net/" "Mozilla/5.0 AppleWebKit/537.36 (KHTML, like Gecko; compatible; GPTBot/1.4; +https://openai.com/gptbot)"
57.141.20.55 - - [31/May/2026:08:15:13 -0400] "GET /series/mosaic-night/?lokasie=/sys/kernel/slab/dax_cache/sanity_checks&loknya=/sys/kernel/slab/dax_cache HTTP/1.1" 200 337763 "-" "meta-externalagent/1.1 (+https://developers.facebook.com/docs/sharing/webmasters/crawler)"
114.119.148.174 - - [31/May/2026:08:15:13 -0400] "GET /events/summary?hide_subsequent_recurrences=1&related_series=62801&eventDisplay=past HTTP/1.1" 301 - "https://www.vivafallriver.com/series/girl-scout-workshops-2" "Mozilla/5.0 (Linux; Android 7.0;) AppleWebKit/537.36 (HTML, like Gecko) Mobile Safari/537.36 (compatible; PetalBot;+https://webmaster.petalsearch.com/site/petalbot)"
57.141.20.26 - - [31/May/2026:08:15:13 -0400] "GET /series/mosaic-night/?lokasie=/sys/kernel/slab/bio-248/objects&loknya=/sys/kernel/slab/bio-248 HTTP/1.1" 200 337751 "-" "meta-externalagent/1.1 (+https://developers.facebook.com/docs/sharing/webmasters/crawler)"
57.141.20.41 - - [31/May/2026:08:15:14 -0400] "GET /series/mosaic-night/?lokasie=/sys/kernel/slab/dma-kmalloc-96/aliases&loknya=/sys/kernel/slab/dma-kmalloc-96 HTTP/1.1" 200 337772 "-" "meta-externalagent/1.1 (+https://developers.facebook.com/docs/sharing/webmasters/crawler)"
57.141.20.31 - - [31/May/2026:08:15:14 -0400] "GET /series/mosaic-night/?loknya=/sys/devices/virtual/misc/hpet HTTP/1.1" 200 343753 "-" "meta-externalagent/1.1 (+https://developers.facebook.com/docs/sharing/webmasters/crawler)"
57.141.20.61 - - [31/May/2026:08:15:14 -0400] "GET /series/mosaic-night/?lokasie=/sys/kernel/slab/kmalloc-64/red_zone&loknya=/sys/kernel/slab/kmalloc-64 HTTP/1.1" 200 337761 "-" "meta-externalagent/1.1 (+https://developers.facebook.com/docs/sharing/webmasters/crawler)"
74.7.227.3 - - [31/May/2026:08:15:15 -0400] "GET /series/summer-all-ages-book-club/?lokasie=/proc/net//unix&loknya=/proc/net/ HTTP/1.1" 200 52054 "https://www.vivafallriver.com/series/summer-all-ages-book-club/?loknya=/proc/net/" "Mozilla/5.0 AppleWebKit/537.36 (KHTML, like Gecko; compatible; GPTBot/1.4; +https://openai.com/gptbot)"
57.141.20.30 - - [31/May/2026:08:15:15 -0400] "GET /series/mosaic-night/?lokasie=/sys/kernel/slab/kmalloc-64/validate&loknya=/sys/kernel/slab/kmalloc-64 HTTP/1.1" 200 337761 "-" "meta-externalagent/1.1 (+https://developers.facebook.com/docs/sharing/webmasters/crawler)"
57.141.20.72 - - [31/May/2026:08:15:15 -0400] "GET /series/mosaic-night/?lokasie=/sys/kernel/slab/ext4_prealloc_space/reclaim_account&loknya=/sys/kernel/slab/ext4_prealloc_space HTTP/1.1" 200 337795 "-" "meta-externalagent/1.1 (+https://developers.facebook.com/docs/sharing/webmasters/crawler)"
57.141.20.49 - - [31/May/2026:08:15:15 -0400] "GET /series/mosaic-night/?lokasie=/sys/kernel/slab/jbd2_journal_handle/validate&loknya=/sys/kernel/slab/jbd2_journal_handle HTTP/1.1" 200 337788 "-" "meta-externalagent/1.1 (+https://developers.facebook.com/docs/sharing/webmasters/crawler)"
57.141.20.60 - - [31/May/2026:08:15:15 -0400] "GET /series/mosaic-night/?lokasie=/sys/kernel/slab/Acpi-Parse/store_user&loknya=/sys/kernel/slab/Acpi-Parse HTTP/1.1" 200 337763 "-" "meta-externalagent/1.1 (+https://developers.facebook.com/docs/sharing/webmasters/crawler)"
114.119.148.174 - - [31/May/2026:08:15:16 -0400] "GET /events/summary/?hide_subsequent_recurrences=1&related_series=62801&eventDisplay=past HTTP/1.1" 302 - "https://www.vivafallriver.com/series/girl-scout-workshops-2" "Mozilla/5.0 (Linux; Android 7.0;) AppleWebKit/537.36 (HTML, like Gecko) Mobile Safari/537.36 (compatible; PetalBot;+https://webmaster.petalsearch.com/site/petalbot)"
57.141.20.1 - - [31/May/2026:08:15:15 -0400] "GET /event/musical-bingo-weekly/2029-01-03/ HTTP/1.1" 200 392321 "-" "meta-externalagent/1.1 (+https://developers.facebook.com/docs/sharing/webmasters/crawler)"
57.141.20.49 - - [31/May/2026:08:15:17 -0400] "GET /series/mosaic-night/?lokasie=/sys/kernel/slab/dma-kmalloc-128/free_calls&loknya=/sys/kernel/slab/dma-kmalloc-128 HTTP/1.1" 200 337778 "-" "meta-externalagent/1.1 (+https://developers.facebook.com/docs/sharing/webmasters/crawler)"
107.77.226.170 - - [31/May/2026:08:15:19 -0400] "GET /wp-content/uploads/2024/04/oakgrovemap-797x1024.gif HTTP/1.1" 200 261587 "https://www.google.com/" "Mozilla/5.0 (iPhone; CPU iPhone OS 18_7 like Mac OS X) AppleWebKit/605.1.15 (KHTML, like Gecko) Version/26.3 Mobile/15E148 Safari/604.1"
57.141.20.3 - - [31/May/2026:08:15:17 -0400] "GET /series/mosaic-night/?lokasie=/sys/kernel/slab/jbd2_journal_handle/objs_per_slab&loknya=/sys/kernel/slab/jbd2_journal_handle HTTP/1.1" 200 337792 "-" "meta-externalagent/1.1 (+https://developers.facebook.com/docs/sharing/webmasters/crawler)"
57.141.20.41 - - [31/May/2026:08:15:18 -0400] "GET /series/mosaic-night/?lokasie=/sys/kernel/slab/ip4-frags/cpu_partial&loknya=/sys/kernel/slab/ip4-frags HTTP/1.1" 200 337761 "-" "meta-externalagent/1.1 (+https://developers.facebook.com/docs/sharing/webmasters/crawler)"
57.141.20.60 - - [31/May/2026:08:15:17 -0400] "GET /series/mosaic-night/?lokasie=/sys/kernel/slab/jbd2_journal_handle/objects_partial&loknya=/sys/kernel/slab/jbd2_journal_handle HTTP/1.1" 200 337795 "-" "meta-externalagent/1.1 (+https://developers.facebook.com/docs/sharing/webmasters/crawler)"
74.7.227.3 - - [31/May/2026:08:15:17 -0400] "GET /series/summer-all-ages-book-club/?lokasie=/proc/net//igmp&loknya=/proc/net/ HTTP/1.1" 200 50033 "https://www.vivafallriver.com/series/summer-all-ages-book-club/?loknya=/proc/net/" "Mozilla/5.0 AppleWebKit/537.36 (KHTML, like Gecko; compatible; GPTBot/1.4; +https://openai.com/gptbot)"
35.147.101.117 - - [31/May/2026:08:15:20 -0400] "GET / HTTP/1.1" 200 55431 "https://www.google.com/" "Mozilla/5.0 (Windows NT 10.0; Win64; x64; rv:142.0) Gecko/20100101 Firefox/142.0"
57.141.20.18 - - [31/May/2026:08:15:18 -0400] "GET /series/mosaic-night/?lokasie=/sys/kernel/slab/vmap_area/cache_dma&loknya=/sys/kernel/slab/vmap_area HTTP/1.1" 200 337759 "-" "meta-externalagent/1.1 (+https://developers.facebook.com/docs/sharing/webmasters/crawler)"
35.147.101.117 - - [31/May/2026:08:15:20 -0400] "GET /wp-content/et-cache/2586/et-divi-dynamic-tb-2783-2586-late.css?ver=1780177600 HTTP/1.1" 200 836 "https://www.vivafallriver.com/" "Mozilla/5.0 (Windows NT 10.0; Win64; x64; rv:142.0) Gecko/20100101 Firefox/142.0"
57.141.20.42 - - [31/May/2026:08:15:19 -0400] "GET /series/mosaic-night/?lokasie=/sys/kernel/slab/dax_cache/alloc_calls&loknya=/sys/kernel/slab/dax_cache HTTP/1.1" 200 337761 "-" "meta-externalagent/1.1 (+https://developers.facebook.com/docs/sharing/webmasters/crawler)"
57.141.20.0 - - [31/May/2026:08:15:18 -0400] "GET /series/mosaic-night/?lokasie=/sys/kernel/slab/kmalloc-rcl-8k/cpu_partial&loknya=/sys/kernel/slab/kmalloc-rcl-8k HTTP/1.1" 200 337775 "-" "meta-externalagent/1.1 (+https://developers.facebook.com/docs/sharing/webmasters/crawler)"
35.147.101.117 - - [31/May/2026:08:15:21 -0400] "GET /wp-content/et-cache/2586/et-divi-dynamic-tb-2783-2586.css?ver=1780177600 HTTP/1.1" 200 3888 "https://www.vivafallriver.com/" "Mozilla/5.0 (Windows NT 10.0; Win64; x64; rv:142.0) Gecko/20100101 Firefox/142.0"
57.141.20.6 - - [31/May/2026:08:15:19 -0400] "GET /series/mosaic-night/?lokasie=/sys/kernel/slab/fasync_cache/shrink&loknya=/sys/kernel/slab/fasync_cache HTTP/1.1" 200 337764 "-" "meta-externalagent/1.1 (+https://developers.facebook.com/docs/sharing/webmasters/crawler)"
35.147.101.117 - - [31/May/2026:08:15:21 -0400] "GET /wp-content/plugins/events-calendar-pro/build/css/tribe-events-pro-mini-calendar-block.css?ver=7.7.14 HTTP/1.1" 200 391 "https://www.vivafallriver.com/" "Mozilla/5.0 (Windows NT 10.0; Win64; x64; rv:142.0) Gecko/20100101 Firefox/142.0"
35.147.101.117 - - [31/May/2026:08:15:21 -0400] "GET /wp-includes/css/dashicons.min.css?ver=6.9.4 HTTP/1.1" 200 35721 "https://www.vivafallriver.com/" "Mozilla/5.0 (Windows NT 10.0; Win64; x64; rv:142.0) Gecko/20100101 Firefox/142.0"
35.147.101.117 - - [31/May/2026:08:15:21 -0400] "GET /wp-content/plugins/the-events-calendar/common/build/css/variables-skeleton.css?ver=6.10.3 HTTP/1.1" 200 961 "https://www.vivafallriver.com/" "Mozilla/5.0 (Windows NT 10.0; Win64; x64; rv:142.0) Gecko/20100101 Firefox/142.0"
35.147.101.117 - - [31/May/2026:08:15:21 -0400] "GET /wp-content/plugins/content-views-query-and-display-post-page/public/assets/css/cv.css?ver=4.3 HTTP/1.1" 200 13295 "https://www.vivafallriver.com/" "Mozilla/5.0 (Windows NT 10.0; Win64; x64; rv:142.0) Gecko/20100101 Firefox/142.0"
35.147.101.117 - - [31/May/2026:08:15:21 -0400] "GET /wp-content/plugins/pt-content-views-pro/public/assets/css/cvpro.min.css?ver=7.3 HTTP/1.1" 200 16544 "https://www.vivafallriver.com/" "Mozilla/5.0 (Windows NT 10.0; Win64; x64; rv:142.0) Gecko/20100101 Firefox/142.0"
57.141.20.42 - - [31/May/2026:08:15:19 -0400] "GET /series/mosaic-night/?lokasie=/sys/kernel/slab/dma-kmalloc-128/validate&loknya=/sys/kernel/slab/dma-kmalloc-128 HTTP/1.1" 200 337776 "-" "meta-externalagent/1.1 (+https://developers.facebook.com/docs/sharing/webmasters/crawler)"
35.147.101.117 - - [31/May/2026:08:15:21 -0400] "GET /wp-content/et-cache/2586/et-core-unified-tb-2783-deferred-2586.min.css?ver=1780177605 HTTP/1.1" 200 2245 "https://www.vivafallriver.com/" "Mozilla/5.0 (Windows NT 10.0; Win64; x64; rv:142.0) Gecko/20100101 Firefox/142.0"
35.147.101.117 - - [31/May/2026:08:15:21 -0400] "GET /wp-content/themes/Divi/core/admin/fonts/modules/all/modules.ttf HTTP/1.1" 200 37302 "https://www.vivafallriver.com/" "Mozilla/5.0 (Windows NT 10.0; Win64; x64; rv:142.0) Gecko/20100101 Firefox/142.0"
57.141.20.28 - - [31/May/2026:08:15:19 -0400] "GET /series/mosaic-night/?lokasie=/sys/kernel/slab/fsnotify_mark/objects&loknya=/sys/kernel/slab/fsnotify_mark HTTP/1.1" 200 337769 "-" "meta-externalagent/1.1 (+https://developers.facebook.com/docs/sharing/webmasters/crawler)"
35.147.101.117 - - [31/May/2026:08:15:21 -0400] "GET /wp-content/plugins/divi-booster/core/icons/socicon/fonts/Socicon.woff2?87visu HTTP/1.1" 200 64540 "https://www.vivafallriver.com/" "Mozilla/5.0 (Windows NT 10.0; Win64; x64; rv:142.0) Gecko/20100101 Firefox/142.0"
35.147.101.117 - - [31/May/2026:08:15:21 -0400] "GET /wp-content/plugins/the-events-calendar/common/build/css/variables-full.css?ver=6.10.3 HTTP/1.1" 200 596 "https://www.vivafallriver.com/" "Mozilla/5.0 (Windows NT 10.0; Win64; x64; rv:142.0) Gecko/20100101 Firefox/142.0"
35.147.101.117 - - [31/May/2026:08:15:21 -0400] "GET /wp-content/plugins/the-events-calendar/common/build/css/common-skeleton.css?ver=6.10.3 HTTP/1.1" 200 2522 "https://www.vivafallriver.com/" "Mozilla/5.0 (Windows NT 10.0; Win64; x64; rv:142.0) Gecko/20100101 Firefox/142.0"
35.147.101.117 - - [31/May/2026:08:15:21 -0400] "GET /wp-content/plugins/the-events-calendar/common/build/css/common-full.css?ver=6.10.3 HTTP/1.1" 200 4184 "https://www.vivafallriver.com/" "Mozilla/5.0 (Windows NT 10.0; Win64; x64; rv:142.0) Gecko/20100101 Firefox/142.0"
35.147.101.117 - - [31/May/2026:08:15:22 -0400] "GET /wp-content/plugins/event-tickets/build/css/tickets.css?ver=5.27.6.1 HTTP/1.1" 200 4040 "https://www.vivafallriver.com/" "Mozilla/5.0 (Windows NT 10.0; Win64; x64; rv:142.0) Gecko/20100101 Firefox/142.0"
35.147.101.117 - - [31/May/2026:08:15:22 -0400] "GET /wp-content/plugins/event-tickets/build/css/rsvp-v1.css?ver=5.27.6.1 HTTP/1.1" 200 3318 "https://www.vivafallriver.com/" "Mozilla/5.0 (Windows NT 10.0; Win64; x64; rv:142.0) Gecko/20100101 Firefox/142.0"
35.147.101.117 - - [31/May/2026:08:15:22 -0400] "GET /wp-content/plugins/essential-grid/public/includes/builders/gutenberg/build/index.css?ver=1775394850 HTTP/1.1" 200 1001 "https://www.vivafallriver.com/" "Mozilla/5.0 (Windows NT 10.0; Win64; x64; rv:142.0) Gecko/20100101 Firefox/142.0"
35.147.101.117 - - [31/May/2026:08:15:22 -0400] "GET /wp-content/plugins/ditty-news-ticker/assets/build/dittyDisplays.css?ver=3.1.64 HTTP/1.1" 200 1277 "https://www.vivafallriver.com/" "Mozilla/5.0 (Windows NT 10.0; Win64; x64; rv:142.0) Gecko/20100101 Firefox/142.0"
35.147.101.117 - - [31/May/2026:08:15:22 -0400] "GET /wp-content/plugins/ditty-news-ticker/includes/libs/fontawesome-6.4.0/css/all.css?ver=6.4.0 HTTP/1.1" 200 23970 "https://www.vivafallriver.com/" "Mozilla/5.0 (Windows NT 10.0; Win64; x64; rv:142.0) Gecko/20100101 Firefox/142.0"
35.147.101.117 - - [31/May/2026:08:15:22 -0400] "GET /wp-content/plugins/divi-booster/core/fixes/126-customizer-social-icons/icons.min.css?ver=5.2 HTTP/1.1" 200 323 "https://www.vivafallriver.com/" "Mozilla/5.0 (Windows NT 10.0; Win64; x64; rv:142.0) Gecko/20100101 Firefox/142.0"
193.36.225.185 - - [31/May/2026:08:15:21 -0400] "GET /wp-admin/index.php HTTP/1.1" 302 - "https://mail.vivafallriver.com/wp-login.php" "Mozilla/5.0 (Macintosh; Intel Mac OS X 10_15_7) AppleWebKit/537.36 (KHTML, like Gecko) Chrome/119.0.0.0 Safari/537.36"
35.147.101.117 - - [31/May/2026:08:15:22 -0400] "GET /wp-content/plugins/divi-booster/core/icons/divi-booster-icons/icomoon/style.min.css?ver=5.2 HTTP/1.1" 200 542 "https://www.vivafallriver.com/" "Mozilla/5.0 (Windows NT 10.0; Win64; x64; rv:142.0) Gecko/20100101 Firefox/142.0"
35.147.101.117 - - [31/May/2026:08:15:22 -0400] "GET /wp-content/plugins/divi-booster/core/icons/socicon/style.min.css?ver=5.2 HTTP/1.1" 200 2653 "https://www.vivafallriver.com/" "Mozilla/5.0 (Windows NT 10.0; Win64; x64; rv:142.0) Gecko/20100101 Firefox/142.0"
35.147.101.117 - - [31/May/2026:08:15:22 -0400] "GET /wp-content/uploads/wtfdivi/wp_head.css?ver=1688060684 HTTP/1.1" 200 416 "https://www.vivafallriver.com/" "Mozilla/5.0 (Windows NT 10.0; Win64; x64; rv:142.0) Gecko/20100101 Firefox/142.0"
57.141.20.26 - - [31/May/2026:08:15:20 -0400] "GET /series/mosaic-night/?lokasie=/sys/kernel/slab/vmap_area/store_user&loknya=/sys/kernel/slab/vmap_area HTTP/1.1" 200 337760 "-" "meta-externalagent/1.1 (+https://developers.facebook.com/docs/sharing/webmasters/crawler)"
35.147.101.117 - - [31/May/2026:08:15:22 -0400] "GET /wp-content/plugins/owm-weather/css/owmweather.min.css?ver=6.9.4 HTTP/1.1" 200 1945 "https://www.vivafallriver.com/" "Mozilla/5.0 (Windows NT 10.0; Win64; x64; rv:142.0) Gecko/20100101 Firefox/142.0"
35.147.101.117 - - [31/May/2026:08:15:22 -0400] "GET /wp-content/plugins/photo-gallery/css/bwg-fonts/fonts.css?ver=0.0.1 HTTP/1.1" 200 890 "https://www.vivafallriver.com/" "Mozilla/5.0 (Windows NT 10.0; Win64; x64; rv:142.0) Gecko/20100101 Firefox/142.0"
35.147.101.117 - - [31/May/2026:08:15:22 -0400] "GET /wp-content/plugins/photo-gallery/css/sumoselect.min.css?ver=3.3.24 HTTP/1.1" 200 1836 "https://www.vivafallriver.com/" "Mozilla/5.0 (Windows NT 10.0; Win64; x64; rv:142.0) Gecko/20100101 Firefox/142.0"
35.147.101.117 - - [31/May/2026:08:15:22 -0400] "GET /wp-content/plugins/photo-gallery/css/jquery.mCustomScrollbar.min.css?ver=3.1.5 HTTP/1.1" 200 3984 "https://www.vivafallriver.com/" "Mozilla/5.0 (Windows NT 10.0; Win64; x64; rv:142.0) Gecko/20100101 Firefox/142.0"
74.7.227.3 - - [31/May/2026:08:15:20 -0400] "GET /series/summer-all-ages-book-club/?lokasie=/proc/net//udplite&loknya=/proc/net/ HTTP/1.1" 200 50027 "https://www.vivafallriver.com/series/summer-all-ages-book-club/?loknya=/proc/net/" "Mozilla/5.0 AppleWebKit/537.36 (KHTML, like Gecko; compatible; GPTBot/1.4; +https://openai.com/gptbot)"
35.147.101.117 - - [31/May/2026:08:15:22 -0400] "GET /wp-content/uploads/rmp-menu/css/rmp-menu.css?ver=17.47.33 HTTP/1.1" 200 2164 "https://www.vivafallriver.com/" "Mozilla/5.0 (Windows NT 10.0; Win64; x64; rv:142.0) Gecko/20100101 Firefox/142.0"
35.147.101.117 - - [31/May/2026:08:15:22 -0400] "GET /wp-content/plugins/photo-gallery/css/styles.min.css?ver=2.6.3 HTTP/1.1" 200 7077 "https://www.vivafallriver.com/" "Mozilla/5.0 (Windows NT 10.0; Win64; x64; rv:142.0) Gecko/20100101 Firefox/142.0"
35.147.101.117 - - [31/May/2026:08:15:23 -0400] "GET /wp-content/plugins/popups-for-divi/styles/front.min.css?ver=3.2.7 HTTP/1.1" 200 1609 "https://www.vivafallriver.com/" "Mozilla/5.0 (Windows NT 10.0; Win64; x64; rv:142.0) Gecko/20100101 Firefox/142.0"
35.147.101.117 - - [31/May/2026:08:15:23 -0400] "GET /wp-content/plugins/popups-for-divi/styles/front-popuphidden.min.css?ver=3.2.7 HTTP/1.1" 200 21 "https://www.vivafallriver.com/" "Mozilla/5.0 (Windows NT 10.0; Win64; x64; rv:142.0) Gecko/20100101 Firefox/142.0"
35.147.101.117 - - [31/May/2026:08:15:23 -0400] "GET /wp-content/plugins/supreme-modules-pro-for-divi/styles/style.min.css?ver=4.9.97.42 HTTP/1.1" 200 38017 "https://www.vivafallriver.com/" "Mozilla/5.0 (Windows NT 10.0; Win64; x64; rv:142.0) Gecko/20100101 Firefox/142.0"
57.141.20.35 - - [31/May/2026:08:15:20 -0400] "GET /series/mosaic-night/?lokasie=/sys/kernel/slab/dma-kmalloc-96/slabs&loknya=/sys/kernel/slab/dma-kmalloc-96 HTTP/1.1" 200 337770 "-" "meta-externalagent/1.1 (+https://developers.facebook.com/docs/sharing/webmasters/crawler)"
35.147.101.117 - - [31/May/2026:08:15:23 -0400] "GET /wp-content/plugins/event-tickets/build/css/rsvp.css?ver=5.27.6.1 HTTP/1.1" 200 3609 "https://www.vivafallriver.com/" "Mozilla/5.0 (Windows NT 10.0; Win64; x64; rv:142.0) Gecko/20100101 Firefox/142.0"
35.147.101.117 - - [31/May/2026:08:15:23 -0400] "GET /wp-content/themes/Divi/includes/builder/feature/dynamic-assets/assets/css/magnific_popup.css?ver=4.9.97.42 HTTP/1.1" 200 1784 "https://www.vivafallriver.com/" "Mozilla/5.0 (Windows NT 10.0; Win64; x64; rv:142.0) Gecko/20100101 Firefox/142.0"
35.147.101.117 - - [31/May/2026:08:15:23 -0400] "GET /wp-content/plugins/supreme-modules-pro-for-divi/public/css/swiper.css?ver=4.9.97.42 HTTP/1.1" 200 3649 "https://www.vivafallriver.com/" "Mozilla/5.0 (Windows NT 10.0; Win64; x64; rv:142.0) Gecko/20100101 Firefox/142.0"
35.147.101.117 - - [31/May/2026:08:15:23 -0400] "GET /wp-content/plugins/supreme-modules-pro-for-divi/public/css/popup.css?ver=4.9.97.42 HTTP/1.1" 200 910 "https://www.vivafallriver.com/" "Mozilla/5.0 (Windows NT 10.0; Win64; x64; rv:142.0) Gecko/20100101 Firefox/142.0"
57.141.20.66 - - [31/May/2026:08:15:20 -0400] "GET /series/mosaic-night/?lokasie=/sys/kernel/slab/fsnotify_mark/objs_per_slab&loknya=/sys/kernel/slab/fsnotify_mark HTTP/1.1" 200 337775 "-" "meta-externalagent/1.1 (+https://developers.facebook.com/docs/sharing/webmasters/crawler)"
35.147.101.117 - - [31/May/2026:08:15:23 -0400] "GET /wp-content/plugins/supreme-modules-pro-for-divi/public/css/animate.css?ver=4.9.97.42 HTTP/1.1" 200 4885 "https://www.vivafallriver.com/" "Mozilla/5.0 (Windows NT 10.0; Win64; x64; rv:142.0) Gecko/20100101 Firefox/142.0"
35.147.101.117 - - [31/May/2026:08:15:23 -0400] "GET /wp-content/plugins/supreme-modules-pro-for-divi/public/css/readmore.css?ver=4.9.97.42 HTTP/1.1" 200 589 "https://www.vivafallriver.com/" "Mozilla/5.0 (Windows NT 10.0; Win64; x64; rv:142.0) Gecko/20100101 Firefox/142.0"
35.147.101.117 - - [31/May/2026:08:15:23 -0400] "GET /wp-content/plugins/essential-grid/public/assets/font/fontello/css/fontello.css?ver=3.1.12 HTTP/1.1" 200 2548 "https://www.vivafallriver.com/" "Mozilla/5.0 (Windows NT 10.0; Win64; x64; rv:142.0) Gecko/20100101 Firefox/142.0"
57.141.20.3 - - [31/May/2026:08:15:20 -0400] "GET /series/mosaic-night/?lokasie=/sys/kernel/slab/lsm_inode_cache/partial&loknya=/sys/kernel/slab/lsm_inode_cache HTTP/1.1" 200 337774 "-" "meta-externalagent/1.1 (+https://developers.facebook.com/docs/sharing/webmasters/crawler)"
35.147.101.117 - - [31/May/2026:08:15:23 -0400] "GET /wp-content/plugins/essential-grid/public/assets/css/settings.css?ver=3.1.12 HTTP/1.1" 200 5716 "https://www.vivafallriver.com/" "Mozilla/5.0 (Windows NT 10.0; Win64; x64; rv:142.0) Gecko/20100101 Firefox/142.0"
35.147.101.117 - - [31/May/2026:08:15:23 -0400] "GET /wp-content/themes/Divi-child/style.css?ver=4.27.6 HTTP/1.1" 200 487 "https://www.vivafallriver.com/" "Mozilla/5.0 (Windows NT 10.0; Win64; x64; rv:142.0) Gecko/20100101 Firefox/142.0"
35.147.101.117 - - [31/May/2026:08:15:23 -0400] "GET /wp-content/plugins/popups-for-divi/scripts/ie-compat.min.js?ver=3.2.7 HTTP/1.1" 200 3697 "https://www.vivafallriver.com/" "Mozilla/5.0 (Windows NT 10.0; Win64; x64; rv:142.0) Gecko/20100101 Firefox/142.0"
35.147.101.117 - - [31/May/2026:08:15:23 -0400] "GET /wp-content/plugins/essential-grid/public/assets/js/libs/tptools.js?ver=6.7.36 HTTP/1.1" 200 74898 "https://www.vivafallriver.com/" "Mozilla/5.0 (Windows NT 10.0; Win64; x64; rv:142.0) Gecko/20100101 Firefox/142.0"
35.147.101.117 - - [31/May/2026:08:15:23 -0400] "GET /wp-content/et-cache/2586/et-core-unified-2586.min.css?ver=1780177603 HTTP/1.1" 200 789 "https://www.vivafallriver.com/" "Mozilla/5.0 (Windows NT 10.0; Win64; x64; rv:142.0) Gecko/20100101 Firefox/142.0"
35.147.101.117 - - [31/May/2026:08:15:23 -0400] "GET /wp-content/themes/Divi/includes/builder/feature/dynamic-assets/assets/css/social_media_follow.css?ver=4.27.6 HTTP/1.1" 200 1249 "https://www.vivafallriver.com/" "Mozilla/5.0 (Windows NT 10.0; Win64; x64; rv:142.0) Gecko/20100101 Firefox/142.0"
35.147.101.117 - - [31/May/2026:08:15:23 -0400] "GET /wp-content/plugins/the-events-calendar/common/build/js/user-agent.js?ver=da75d0bdea6dde3898df HTTP/1.1" 200 206 "https://www.vivafallriver.com/" "Mozilla/5.0 (Windows NT 10.0; Win64; x64; rv:142.0) Gecko/20100101 Firefox/142.0"
35.147.101.117 - - [31/May/2026:08:15:23 -0400] "GET /wp-includes/js/jquery/jquery.min.js?ver=3.7.1 HTTP/1.1" 200 30368 "https://www.vivafallriver.com/" "Mozilla/5.0 (Windows NT 10.0; Win64; x64; rv:142.0) Gecko/20100101 Firefox/142.0"
35.147.101.117 - - [31/May/2026:08:15:23 -0400] "GET /wp-includes/js/jquery/jquery-migrate.min.js?ver=3.4.1 HTTP/1.1" 200 4872 "https://www.vivafallriver.com/" "Mozilla/5.0 (Windows NT 10.0; Win64; x64; rv:142.0) Gecko/20100101 Firefox/142.0"
35.147.101.117 - - [31/May/2026:08:15:24 -0400] "GET /wp-content/plugins/event-tickets/build/js/rsvp.js?ver=dab7c1842d0b66486c7c HTTP/1.1" 200 745 "https://www.vivafallriver.com/" "Mozilla/5.0 (Windows NT 10.0; Win64; x64; rv:142.0) Gecko/20100101 Firefox/142.0"
35.147.101.117 - - [31/May/2026:08:15:24 -0400] "GET /wp-content/plugins/event-tickets/build/js/ticket-details.js?ver=effdcbb0319e200f2e6a HTTP/1.1" 200 428 "https://www.vivafallriver.com/" "Mozilla/5.0 (Windows NT 10.0; Win64; x64; rv:142.0) Gecko/20100101 Firefox/142.0"
35.147.101.117 - - [31/May/2026:08:15:24 -0400] "GET /wp-content/plugins/content-views-query-and-display-post-page/public/assets/js/cv.js?ver=4.3 HTTP/1.1" 200 6905 "https://www.vivafallriver.com/" "Mozilla/5.0 (Windows NT 10.0; Win64; x64; rv:142.0) Gecko/20100101 Firefox/142.0"
107.77.226.170 - - [31/May/2026:08:15:20 -0400] "GET /a-visitors-guide-to-oak-grove-cemetery/ HTTP/1.1" 200 65763 "https://www.google.com/" "Mozilla/5.0 (iPhone; CPU iPhone OS 18_7 like Mac OS X) AppleWebKit/605.1.15 (KHTML, like Gecko) Version/26.3 Mobile/15E148 Safari/604.1"
57.141.20.0 - - [31/May/2026:08:15:22 -0400] "GET /series/mosaic-night/?lokasie=/sys/kernel/slab/dma-kmalloc-128/trace&loknya=/sys/kernel/slab/dma-kmalloc-128 HTTP/1.1" 200 337772 "-" "meta-externalagent/1.1 (+https://developers.facebook.com/docs/sharing/webmasters/crawler)"
35.147.101.117 - - [31/May/2026:08:15:24 -0400] "GET /wp-content/plugins/pt-content-views-pro/public/assets/js/cvpro.min.js?ver=7.3 HTTP/1.1" 200 46953 "https://www.vivafallriver.com/" "Mozilla/5.0 (Windows NT 10.0; Win64; x64; rv:142.0) Gecko/20100101 Firefox/142.0"
35.147.101.117 - - [31/May/2026:08:15:24 -0400] "GET /wp-content/plugins/photo-gallery/js/jquery.sumoselect.min.js?ver=3.3.24 HTTP/1.1" 200 7744 "https://www.vivafallriver.com/" "Mozilla/5.0 (Windows NT 10.0; Win64; x64; rv:142.0) Gecko/20100101 Firefox/142.0"
35.147.101.117 - - [31/May/2026:08:15:24 -0400] "GET /wp-content/plugins/owm-weather/js/owm-weather-ajax.js?ver=6.9.4 HTTP/1.1" 200 1100 "https://www.vivafallriver.com/" "Mozilla/5.0 (Windows NT 10.0; Win64; x64; rv:142.0) Gecko/20100101 Firefox/142.0"
35.147.101.117 - - [31/May/2026:08:15:24 -0400] "GET /wp-content/plugins/photo-gallery/js/jquery.mobile.min.js?ver=1.4.5 HTTP/1.1" 200 9160 "https://www.vivafallriver.com/" "Mozilla/5.0 (Windows NT 10.0; Win64; x64; rv:142.0) Gecko/20100101 Firefox/142.0"
66.249.65.39 - - [31/May/2026:08:15:21 -0400] "GET /series/stepz-tournament/?loknya=/home/ecr393bnha6q/public_html/support/wp-content/et-cache/10008975 HTTP/1.1" 200 50602 "-" "Mozilla/5.0 (Linux; Android 6.0.1; Nexus 5X Build/MMB29P) AppleWebKit/537.36 (KHTML, like Gecko) Chrome/148.0.7778.96 Mobile Safari/537.36 (compatible; GoogleOther)"
35.147.101.117 - - [31/May/2026:08:15:24 -0400] "GET /wp-content/plugins/photo-gallery/js/jquery.mCustomScrollbar.concat.min.js?ver=3.1.5 HTTP/1.1" 200 12940 "https://www.vivafallriver.com/" "Mozilla/5.0 (Windows NT 10.0; Win64; x64; rv:142.0) Gecko/20100101 Firefox/142.0"
35.147.101.117 - - [31/May/2026:08:15:24 -0400] "GET /wp-content/plugins/photo-gallery/js/jquery.fullscreen.min.js?ver=0.6.0 HTTP/1.1" 200 2171 "https://www.vivafallriver.com/" "Mozilla/5.0 (Windows NT 10.0; Win64; x64; rv:142.0) Gecko/20100101 Firefox/142.0"
35.147.101.117 - - [31/May/2026:08:15:24 -0400] "GET /wp-content/plugins/responsive-menu/v4.0.0/assets/js/rmp-menu.min.js?ver=4.7.1 HTTP/1.1" 200 1935 "https://www.vivafallriver.com/" "Mozilla/5.0 (Windows NT 10.0; Win64; x64; rv:142.0) Gecko/20100101 Firefox/142.0"
35.147.101.117 - - [31/May/2026:08:15:24 -0400] "GET /wp-content/plugins/photo-gallery/js/scripts.min.js?ver=2.6.3 HTTP/1.1" 200 40353 "https://www.vivafallriver.com/" "Mozilla/5.0 (Windows NT 10.0; Win64; x64; rv:142.0) Gecko/20100101 Firefox/142.0"
35.147.101.117 - - [31/May/2026:08:15:24 -0400] "GET /wp-content/plugins/popups-for-divi/scripts/front.min.js?ver=3.2.7 HTTP/1.1" 200 21494 "https://www.vivafallriver.com/" "Mozilla/5.0 (Windows NT 10.0; Win64; x64; rv:142.0) Gecko/20100101 Firefox/142.0"
35.147.101.117 - - [31/May/2026:08:15:24 -0400] "GET /wp-content/themes/Divi/js/scripts.min.js?ver=4.27.6 HTTP/1.1" 200 70576 "https://www.vivafallriver.com/" "Mozilla/5.0 (Windows NT 10.0; Win64; x64; rv:142.0) Gecko/20100101 Firefox/142.0"
35.147.101.117 - - [31/May/2026:08:15:24 -0400] "GET /wp-content/themes/Divi/includes/builder/feature/dynamic-assets/assets/js/jquery.fitvids.js?ver=4.27.6 HTTP/1.1" 200 1341 "https://www.vivafallriver.com/" "Mozilla/5.0 (Windows NT 10.0; Win64; x64; rv:142.0) Gecko/20100101 Firefox/142.0"
35.147.101.117 - - [31/May/2026:08:15:24 -0400] "GET /wp-content/plugins/event-tickets/build/js/rsvp.js?ver=5.27.6.1 HTTP/1.1" 200 745 "https://www.vivafallriver.com/" "Mozilla/5.0 (Windows NT 10.0; Win64; x64; rv:142.0) Gecko/20100101 Firefox/142.0"
57.141.20.57 - - [31/May/2026:08:15:21 -0400] "GET /series/mosaic-night/?lokasie=/sys/kernel/slab/vmap_area/align&loknya=/sys/kernel/slab/vmap_area HTTP/1.1" 200 337755 "-" "meta-externalagent/1.1 (+https://developers.facebook.com/docs/sharing/webmasters/crawler)"
35.147.101.117 - - [31/May/2026:08:15:25 -0400] "GET /wp-content/themes/Divi/core/admin/js/common.js?ver=4.27.6 HTTP/1.1" 200 566 "https://www.vivafallriver.com/" "Mozilla/5.0 (Windows NT 10.0; Win64; x64; rv:142.0) Gecko/20100101 Firefox/142.0"
35.147.101.117 - - [31/May/2026:08:15:25 -0400] "GET /wp-content/uploads/wtfdivi/wp_footer.js?ver=1688060684 HTTP/1.1" 200 232 "https://www.vivafallriver.com/" "Mozilla/5.0 (Windows NT 10.0; Win64; x64; rv:142.0) Gecko/20100101 Firefox/142.0"
35.147.101.117 - - [31/May/2026:08:15:25 -0400] "GET /wp-content/et-cache/2586/et-divi-dynamic-tb-2783-2586-late.css HTTP/1.1" 200 836 "https://www.vivafallriver.com/" "Mozilla/5.0 (Windows NT 10.0; Win64; x64; rv:142.0) Gecko/20100101 Firefox/142.0"
35.147.101.117 - - [31/May/2026:08:15:25 -0400] "GET /wp-content/uploads/2023/07/viva-fall-river-homepage-v2.jpg HTTP/1.1" 200 189670 "https://www.vivafallriver.com/" "Mozilla/5.0 (Windows NT 10.0; Win64; x64; rv:142.0) Gecko/20100101 Firefox/142.0"
35.147.101.117 - - [31/May/2026:08:15:25 -0400] "GET /wp-content/uploads/2023/06/viva-calendar.jpg HTTP/1.1" 200 60882 "https://www.vivafallriver.com/" "Mozilla/5.0 (Windows NT 10.0; Win64; x64; rv:142.0) Gecko/20100101 Firefox/142.0"
35.147.101.117 - - [31/May/2026:08:15:25 -0400] "GET /wp-content/uploads/2023/06/Viva-Fall-River-Logo-Small.png HTTP/1.1" 200 8578 "https://www.vivafallriver.com/" "Mozilla/5.0 (Windows NT 10.0; Win64; x64; rv:142.0) Gecko/20100101 Firefox/142.0"
35.147.101.117 - - [31/May/2026:08:15:25 -0400] "GET /wp-content/themes/Divi/core/admin/fonts/modules/social/modules.woff HTTP/1.1" 200 10320 "https://www.vivafallriver.com/wp-content/et-cache/2586/et-divi-dynamic-tb-2783-2586-late.css?ver=1780177600" "Mozilla/5.0 (Windows NT 10.0; Win64; x64; rv:142.0) Gecko/20100101 Firefox/142.0"
35.147.101.117 - - [31/May/2026:08:15:25 -0400] "GET /wp-content/uploads/et-fonts/LibreFranklin-VariableFont_wght.ttf HTTP/1.1" 200 55228 "https://www.vivafallriver.com/wp-content/et-cache/2586/et-core-unified-tb-2783-deferred-2586.min.css?ver=1780177605" "Mozilla/5.0 (Windows NT 10.0; Win64; x64; rv:142.0) Gecko/20100101 Firefox/142.0"
35.147.101.117 - - [31/May/2026:08:15:25 -0400] "GET /wp-content/uploads/et-fonts/ElMessiri-VariableFont_wght.ttf HTTP/1.1" 200 71889 "https://www.vivafallriver.com/wp-content/et-cache/2586/et-core-unified-tb-2783-deferred-2586.min.css?ver=1780177605" "Mozilla/5.0 (Windows NT 10.0; Win64; x64; rv:142.0) Gecko/20100101 Firefox/142.0"
107.77.226.170 - - [31/May/2026:08:15:22 -0400] "GET /a-visitors-guide-to-oak-grove-cemetery/ HTTP/1.1" 200 65736 "https://www.google.com/" "Mozilla/5.0 (iPhone; CPU iPhone OS 18_7 like Mac OS X) AppleWebKit/605.1.15 (KHTML, like Gecko) Version/26.3 Mobile/15E148 Safari/604.1"
