57.141.20.25 - - [31/May/2026:08:15:22 -0400] "GET /series/mosaic-night/?lokasie=/sys/kernel/slab/fsnotify_mark/remote_node_defrag_ratio&loknya=/sys/kernel/slab/fsnotify_mark HTTP/1.1" 200 337786 "-" "meta-externalagent/1.1 (+https://developers.facebook.com/docs/sharing/webmasters/crawler)"
74.7.227.3 - - [31/May/2026:08:15:22 -0400] "GET /series/summer-all-ages-book-club/?lokasie=/proc/net//ptype&loknya=/proc/net/ HTTP/1.1" 200 50000 "https://www.vivafallriver.com/series/summer-all-ages-book-club/?loknya=/proc/net/" "Mozilla/5.0 AppleWebKit/537.36 (KHTML, like Gecko; compatible; GPTBot/1.4; +https://openai.com/gptbot)"
107.77.226.170 - - [31/May/2026:08:15:25 -0400] "GET /wp-content/plugins/content-views-query-and-display-post-page/public/assets/css/cv.css?ver=4.3 HTTP/1.1" 200 13295 "https://www.vivafallriver.com/a-visitors-guide-to-oak-grove-cemetery/" "Mozilla/5.0 (iPhone; CPU iPhone OS 18_7 like Mac OS X) AppleWebKit/605.1.15 (KHTML, like Gecko) Version/26.3 Mobile/15E148 Safari/604.1"
57.141.20.60 - - [31/May/2026:08:15:22 -0400] "GET /series/mosaic-night/?lokasie=/sys/kernel/slab/ext4_prealloc_space/objects&loknya=/sys/kernel/slab/ext4_prealloc_space HTTP/1.1" 200 337787 "-" "meta-externalagent/1.1 (+https://developers.facebook.com/docs/sharing/webmasters/crawler)"
107.77.226.170 - - [31/May/2026:08:15:25 -0400] "GET /wp-content/plugins/the-events-calendar/common/build/css/variables-full.css?ver=6.10.3 HTTP/1.1" 200 596 "https://www.vivafallriver.com/a-visitors-guide-to-oak-grove-cemetery/" "Mozilla/5.0 (iPhone; CPU iPhone OS 18_7 like Mac OS X) AppleWebKit/605.1.15 (KHTML, like Gecko) Version/26.3 Mobile/15E148 Safari/604.1"
107.77.226.170 - - [31/May/2026:08:15:25 -0400] "GET /wp-content/plugins/pt-content-views-pro/public/assets/css/cvpro.min.css?ver=7.3 HTTP/1.1" 200 16544 "https://www.vivafallriver.com/a-visitors-guide-to-oak-grove-cemetery/" "Mozilla/5.0 (iPhone; CPU iPhone OS 18_7 like Mac OS X) AppleWebKit/605.1.15 (KHTML, like Gecko) Version/26.3 Mobile/15E148 Safari/604.1"
107.77.226.170 - - [31/May/2026:08:15:25 -0400] "GET /wp-content/plugins/the-events-calendar/common/build/css/variables-skeleton.css?ver=6.10.3 HTTP/1.1" 200 961 "https://www.vivafallriver.com/a-visitors-guide-to-oak-grove-cemetery/" "Mozilla/5.0 (iPhone; CPU iPhone OS 18_7 like Mac OS X) AppleWebKit/605.1.15 (KHTML, like Gecko) Version/26.3 Mobile/15E148 Safari/604.1"
107.77.226.170 - - [31/May/2026:08:15:25 -0400] "GET /wp-content/plugins/the-events-calendar/common/build/css/common-skeleton.css?ver=6.10.3 HTTP/1.1" 200 2522 "https://www.vivafallriver.com/a-visitors-guide-to-oak-grove-cemetery/" "Mozilla/5.0 (iPhone; CPU iPhone OS 18_7 like Mac OS X) AppleWebKit/605.1.15 (KHTML, like Gecko) Version/26.3 Mobile/15E148 Safari/604.1"
107.77.226.170 - - [31/May/2026:08:15:25 -0400] "GET /wp-content/plugins/events-calendar-pro/build/css/tribe-events-pro-mini-calendar-block.css?ver=7.7.14 HTTP/1.1" 200 391 "https://www.vivafallriver.com/a-visitors-guide-to-oak-grove-cemetery/" "Mozilla/5.0 (iPhone; CPU iPhone OS 18_7 like Mac OS X) AppleWebKit/605.1.15 (KHTML, like Gecko) Version/26.3 Mobile/15E148 Safari/604.1"
107.77.226.170 - - [31/May/2026:08:15:25 -0400] "GET /wp-includes/css/dashicons.min.css?ver=6.9.4 HTTP/1.1" 200 35721 "https://www.vivafallriver.com/a-visitors-guide-to-oak-grove-cemetery/" "Mozilla/5.0 (iPhone; CPU iPhone OS 18_7 like Mac OS X) AppleWebKit/605.1.15 (KHTML, like Gecko) Version/26.3 Mobile/15E148 Safari/604.1"
107.77.226.170 - - [31/May/2026:08:15:25 -0400] "GET /wp-content/plugins/the-events-calendar/common/build/css/common-full.css?ver=6.10.3 HTTP/1.1" 200 4184 "https://www.vivafallriver.com/a-visitors-guide-to-oak-grove-cemetery/" "Mozilla/5.0 (iPhone; CPU iPhone OS 18_7 like Mac OS X) AppleWebKit/605.1.15 (KHTML, like Gecko) Version/26.3 Mobile/15E148 Safari/604.1"
107.77.226.170 - - [31/May/2026:08:15:25 -0400] "GET /wp-content/plugins/event-tickets/build/css/tickets.css?ver=5.27.6.1 HTTP/1.1" 200 4040 "https://www.vivafallriver.com/a-visitors-guide-to-oak-grove-cemetery/" "Mozilla/5.0 (iPhone; CPU iPhone OS 18_7 like Mac OS X) AppleWebKit/605.1.15 (KHTML, like Gecko) Version/26.3 Mobile/15E148 Safari/604.1"
107.77.226.170 - - [31/May/2026:08:15:25 -0400] "GET /wp-content/plugins/event-tickets/build/css/rsvp-v1.css?ver=5.27.6.1 HTTP/1.1" 200 3318 "https://www.vivafallriver.com/a-visitors-guide-to-oak-grove-cemetery/" "Mozilla/5.0 (iPhone; CPU iPhone OS 18_7 like Mac OS X) AppleWebKit/605.1.15 (KHTML, like Gecko) Version/26.3 Mobile/15E148 Safari/604.1"
107.77.226.170 - - [31/May/2026:08:15:25 -0400] "GET /wp-includes/css/dist/block-library/style.min.css?ver=6.9.4 HTTP/1.1" 200 15916 "https://www.vivafallriver.com/a-visitors-guide-to-oak-grove-cemetery/" "Mozilla/5.0 (iPhone; CPU iPhone OS 18_7 like Mac OS X) AppleWebKit/605.1.15 (KHTML, like Gecko) Version/26.3 Mobile/15E148 Safari/604.1"
35.147.101.117 - - [31/May/2026:08:15:25 -0400] "GET /wp-content/uploads/2023/06/Viva-Community.jpg HTTP/1.1" 200 69106 "https://www.vivafallriver.com/" "Mozilla/5.0 (Windows NT 10.0; Win64; x64; rv:142.0) Gecko/20100101 Firefox/142.0"
107.77.226.170 - - [31/May/2026:08:15:25 -0400] "GET /wp-content/plugins/essential-grid/public/includes/builders/gutenberg/build/index.css?ver=1775394850 HTTP/1.1" 200 1001 "https://www.vivafallriver.com/a-visitors-guide-to-oak-grove-cemetery/" "Mozilla/5.0 (iPhone; CPU iPhone OS 18_7 like Mac OS X) AppleWebKit/605.1.15 (KHTML, like Gecko) Version/26.3 Mobile/15E148 Safari/604.1"
107.77.226.170 - - [31/May/2026:08:15:25 -0400] "GET /wp-content/plugins/ditty-news-ticker/assets/build/dittyDisplays.css?ver=3.1.64 HTTP/1.1" 200 1277 "https://www.vivafallriver.com/a-visitors-guide-to-oak-grove-cemetery/" "Mozilla/5.0 (iPhone; CPU iPhone OS 18_7 like Mac OS X) AppleWebKit/605.1.15 (KHTML, like Gecko) Version/26.3 Mobile/15E148 Safari/604.1"
107.77.226.170 - - [31/May/2026:08:15:25 -0400] "GET /wp-content/plugins/ditty-news-ticker/includes/libs/fontawesome-6.4.0/css/all.css?ver=6.4.0 HTTP/1.1" 200 23970 "https://www.vivafallriver.com/a-visitors-guide-to-oak-grove-cemetery/" "Mozilla/5.0 (iPhone; CPU iPhone OS 18_7 like Mac OS X) AppleWebKit/605.1.15 (KHTML, like Gecko) Version/26.3 Mobile/15E148 Safari/604.1"
35.147.101.117 - - [31/May/2026:08:15:26 -0400] "GET /wp-content/uploads/2023/06/Viva-arts-and-culture.jpg HTTP/1.1" 200 45813 "https://www.vivafallriver.com/" "Mozilla/5.0 (Windows NT 10.0; Win64; x64; rv:142.0) Gecko/20100101 Firefox/142.0"
57.141.20.62 - - [31/May/2026:08:15:23 -0400] "GET /series/mosaic-night/?lokasie=/sys/kernel/slab/fsnotify_mark/cpu_partial&loknya=/sys/kernel/slab/fsnotify_mark HTTP/1.1" 200 337773 "-" "meta-externalagent/1.1 (+https://developers.facebook.com/docs/sharing/webmasters/crawler)"
107.77.226.170 - - [31/May/2026:08:15:26 -0400] "GET /wp-content/plugins/divi-booster/core/fixes/126-customizer-social-icons/icons.min.css?ver=5.2 HTTP/1.1" 200 323 "https://www.vivafallriver.com/a-visitors-guide-to-oak-grove-cemetery/" "Mozilla/5.0 (iPhone; CPU iPhone OS 18_7 like Mac OS X) AppleWebKit/605.1.15 (KHTML, like Gecko) Version/26.3 Mobile/15E148 Safari/604.1"
35.147.101.117 - - [31/May/2026:08:15:26 -0400] "GET /wp-content/uploads/2023/06/viva-in-the-press.jpg HTTP/1.1" 200 54757 "https://www.vivafallriver.com/" "Mozilla/5.0 (Windows NT 10.0; Win64; x64; rv:142.0) Gecko/20100101 Firefox/142.0"
107.77.226.170 - - [31/May/2026:08:15:26 -0400] "GET /wp-content/plugins/divi-booster/core/icons/socicon/style.min.css?ver=5.2 HTTP/1.1" 200 2653 "https://www.vivafallriver.com/a-visitors-guide-to-oak-grove-cemetery/" "Mozilla/5.0 (iPhone; CPU iPhone OS 18_7 like Mac OS X) AppleWebKit/605.1.15 (KHTML, like Gecko) Version/26.3 Mobile/15E148 Safari/604.1"
107.77.226.170 - - [31/May/2026:08:15:26 -0400] "GET /wp-content/uploads/wtfdivi/wp_head.css?ver=1688060684 HTTP/1.1" 200 416 "https://www.vivafallriver.com/a-visitors-guide-to-oak-grove-cemetery/" "Mozilla/5.0 (iPhone; CPU iPhone OS 18_7 like Mac OS X) AppleWebKit/605.1.15 (KHTML, like Gecko) Version/26.3 Mobile/15E148 Safari/604.1"
107.77.226.170 - - [31/May/2026:08:15:26 -0400] "GET /wp-content/plugins/divi-booster/core/icons/divi-booster-icons/icomoon/style.min.css?ver=5.2 HTTP/1.1" 200 542 "https://www.vivafallriver.com/a-visitors-guide-to-oak-grove-cemetery/" "Mozilla/5.0 (iPhone; CPU iPhone OS 18_7 like Mac OS X) AppleWebKit/605.1.15 (KHTML, like Gecko) Version/26.3 Mobile/15E148 Safari/604.1"
107.77.226.170 - - [31/May/2026:08:15:26 -0400] "GET /wp-content/plugins/owm-weather/css/owmweather.min.css?ver=6.9.4 HTTP/1.1" 200 1945 "https://www.vivafallriver.com/a-visitors-guide-to-oak-grove-cemetery/" "Mozilla/5.0 (iPhone; CPU iPhone OS 18_7 like Mac OS X) AppleWebKit/605.1.15 (KHTML, like Gecko) Version/26.3 Mobile/15E148 Safari/604.1"
107.77.226.170 - - [31/May/2026:08:15:26 -0400] "GET /wp-content/plugins/photo-gallery/css/bwg-fonts/fonts.css?ver=0.0.1 HTTP/1.1" 200 890 "https://www.vivafallriver.com/a-visitors-guide-to-oak-grove-cemetery/" "Mozilla/5.0 (iPhone; CPU iPhone OS 18_7 like Mac OS X) AppleWebKit/605.1.15 (KHTML, like Gecko) Version/26.3 Mobile/15E148 Safari/604.1"
107.77.226.170 - - [31/May/2026:08:15:26 -0400] "GET /wp-content/plugins/photo-gallery/css/sumoselect.min.css?ver=3.3.24 HTTP/1.1" 200 1836 "https://www.vivafallriver.com/a-visitors-guide-to-oak-grove-cemetery/" "Mozilla/5.0 (iPhone; CPU iPhone OS 18_7 like Mac OS X) AppleWebKit/605.1.15 (KHTML, like Gecko) Version/26.3 Mobile/15E148 Safari/604.1"
107.77.226.170 - - [31/May/2026:08:15:26 -0400] "GET /wp-content/plugins/photo-gallery/css/jquery.mCustomScrollbar.min.css?ver=3.1.5 HTTP/1.1" 200 3984 "https://www.vivafallriver.com/a-visitors-guide-to-oak-grove-cemetery/" "Mozilla/5.0 (iPhone; CPU iPhone OS 18_7 like Mac OS X) AppleWebKit/605.1.15 (KHTML, like Gecko) Version/26.3 Mobile/15E148 Safari/604.1"
107.77.226.170 - - [31/May/2026:08:15:26 -0400] "GET /wp-content/plugins/photo-gallery/css/styles.min.css?ver=2.6.3 HTTP/1.1" 200 7077 "https://www.vivafallriver.com/a-visitors-guide-to-oak-grove-cemetery/" "Mozilla/5.0 (iPhone; CPU iPhone OS 18_7 like Mac OS X) AppleWebKit/605.1.15 (KHTML, like Gecko) Version/26.3 Mobile/15E148 Safari/604.1"
107.77.226.170 - - [31/May/2026:08:15:26 -0400] "GET /wp-content/uploads/rmp-menu/css/rmp-menu.css?ver=17.47.33 HTTP/1.1" 200 2164 "https://www.vivafallriver.com/a-visitors-guide-to-oak-grove-cemetery/" "Mozilla/5.0 (iPhone; CPU iPhone OS 18_7 like Mac OS X) AppleWebKit/605.1.15 (KHTML, like Gecko) Version/26.3 Mobile/15E148 Safari/604.1"
107.77.226.170 - - [31/May/2026:08:15:26 -0400] "GET /wp-content/plugins/popups-for-divi/styles/front.min.css?ver=3.2.7 HTTP/1.1" 200 1609 "https://www.vivafallriver.com/a-visitors-guide-to-oak-grove-cemetery/" "Mozilla/5.0 (iPhone; CPU iPhone OS 18_7 like Mac OS X) AppleWebKit/605.1.15 (KHTML, like Gecko) Version/26.3 Mobile/15E148 Safari/604.1"
35.147.101.117 - - [31/May/2026:08:15:25 -0400] "GET /wp-content/uploads/2026/04/June-Events-300x300.png HTTP/1.1" 200 175551 "https://www.vivafallriver.com/" "Mozilla/5.0 (Windows NT 10.0; Win64; x64; rv:142.0) Gecko/20100101 Firefox/142.0"
107.77.226.170 - - [31/May/2026:08:15:26 -0400] "GET /wp-content/plugins/popups-for-divi/styles/front-popuphidden.min.css?ver=3.2.7 HTTP/1.1" 200 21 "https://www.vivafallriver.com/a-visitors-guide-to-oak-grove-cemetery/" "Mozilla/5.0 (iPhone; CPU iPhone OS 18_7 like Mac OS X) AppleWebKit/605.1.15 (KHTML, like Gecko) Version/26.3 Mobile/15E148 Safari/604.1"
107.77.226.170 - - [31/May/2026:08:15:26 -0400] "GET /wp-content/et-cache/26594/et-divi-dynamic-tb-2816-tb-2783-26594-late.css?ver=1780183102 HTTP/1.1" 200 226 "https://www.vivafallriver.com/a-visitors-guide-to-oak-grove-cemetery/" "Mozilla/5.0 (iPhone; CPU iPhone OS 18_7 like Mac OS X) AppleWebKit/605.1.15 (KHTML, like Gecko) Version/26.3 Mobile/15E148 Safari/604.1"
107.77.226.170 - - [31/May/2026:08:15:26 -0400] "GET /wp-content/plugins/event-tickets/build/css/rsvp.css?ver=5.27.6.1 HTTP/1.1" 200 3609 "https://www.vivafallriver.com/a-visitors-guide-to-oak-grove-cemetery/" "Mozilla/5.0 (iPhone; CPU iPhone OS 18_7 like Mac OS X) AppleWebKit/605.1.15 (KHTML, like Gecko) Version/26.3 Mobile/15E148 Safari/604.1"
35.147.101.117 - - [31/May/2026:08:15:25 -0400] "GET /wp-content/uploads/2026/04/wbsm-300x300.png HTTP/1.1" 200 206621 "https://www.vivafallriver.com/" "Mozilla/5.0 (Windows NT 10.0; Win64; x64; rv:142.0) Gecko/20100101 Firefox/142.0"
107.77.226.170 - - [31/May/2026:08:15:26 -0400] "GET /wp-content/plugins/supreme-modules-pro-for-divi/styles/style.min.css?ver=4.9.97.42 HTTP/1.1" 200 38017 "https://www.vivafallriver.com/a-visitors-guide-to-oak-grove-cemetery/" "Mozilla/5.0 (iPhone; CPU iPhone OS 18_7 like Mac OS X) AppleWebKit/605.1.15 (KHTML, like Gecko) Version/26.3 Mobile/15E148 Safari/604.1"
57.141.20.55 - - [31/May/2026:08:15:23 -0400] "GET /series/mosaic-night/?lokasie=/sys/kernel/slab/dma-kmalloc-128/cpu_slabs&loknya=/sys/kernel/slab/dma-kmalloc-128 HTTP/1.1" 200 337777 "-" "meta-externalagent/1.1 (+https://developers.facebook.com/docs/sharing/webmasters/crawler)"
107.77.226.170 - - [31/May/2026:08:15:26 -0400] "GET /wp-content/themes/Divi/includes/builder/feature/dynamic-assets/assets/css/magnific_popup.css?ver=4.9.97.42 HTTP/1.1" 200 1784 "https://www.vivafallriver.com/a-visitors-guide-to-oak-grove-cemetery/" "Mozilla/5.0 (iPhone; CPU iPhone OS 18_7 like Mac OS X) AppleWebKit/605.1.15 (KHTML, like Gecko) Version/26.3 Mobile/15E148 Safari/604.1"
107.77.226.170 - - [31/May/2026:08:15:26 -0400] "GET /wp-content/plugins/supreme-modules-pro-for-divi/public/css/swiper.css?ver=4.9.97.42 HTTP/1.1" 200 3649 "https://www.vivafallriver.com/a-visitors-guide-to-oak-grove-cemetery/" "Mozilla/5.0 (iPhone; CPU iPhone OS 18_7 like Mac OS X) AppleWebKit/605.1.15 (KHTML, like Gecko) Version/26.3 Mobile/15E148 Safari/604.1"
107.77.226.170 - - [31/May/2026:08:15:26 -0400] "GET /wp-content/plugins/supreme-modules-pro-for-divi/public/css/popup.css?ver=4.9.97.42 HTTP/1.1" 200 910 "https://www.vivafallriver.com/a-visitors-guide-to-oak-grove-cemetery/" "Mozilla/5.0 (iPhone; CPU iPhone OS 18_7 like Mac OS X) AppleWebKit/605.1.15 (KHTML, like Gecko) Version/26.3 Mobile/15E148 Safari/604.1"
35.147.101.117 - - [31/May/2026:08:15:26 -0400] "GET /wp-content/uploads/2023/06/viva-incredible-food.jpg HTTP/1.1" 200 63492 "https://www.vivafallriver.com/" "Mozilla/5.0 (Windows NT 10.0; Win64; x64; rv:142.0) Gecko/20100101 Firefox/142.0"
107.77.226.170 - - [31/May/2026:08:15:26 -0400] "GET /wp-content/plugins/supreme-modules-pro-for-divi/public/css/animate.css?ver=4.9.97.42 HTTP/1.1" 200 4885 "https://www.vivafallriver.com/a-visitors-guide-to-oak-grove-cemetery/" "Mozilla/5.0 (iPhone; CPU iPhone OS 18_7 like Mac OS X) AppleWebKit/605.1.15 (KHTML, like Gecko) Version/26.3 Mobile/15E148 Safari/604.1"
107.77.226.170 - - [31/May/2026:08:15:26 -0400] "GET /wp-content/plugins/supreme-modules-pro-for-divi/public/css/readmore.css?ver=4.9.97.42 HTTP/1.1" 200 589 "https://www.vivafallriver.com/a-visitors-guide-to-oak-grove-cemetery/" "Mozilla/5.0 (iPhone; CPU iPhone OS 18_7 like Mac OS X) AppleWebKit/605.1.15 (KHTML, like Gecko) Version/26.3 Mobile/15E148 Safari/604.1"
107.77.226.170 - - [31/May/2026:08:15:26 -0400] "GET /wp-content/themes/Divi-child/style.css?ver=4.27.6 HTTP/1.1" 200 487 "https://www.vivafallriver.com/a-visitors-guide-to-oak-grove-cemetery/" "Mozilla/5.0 (iPhone; CPU iPhone OS 18_7 like Mac OS X) AppleWebKit/605.1.15 (KHTML, like Gecko) Version/26.3 Mobile/15E148 Safari/604.1"
107.77.226.170 - - [31/May/2026:08:15:26 -0400] "GET /wp-content/plugins/essential-grid/public/assets/font/fontello/css/fontello.css?ver=3.1.12 HTTP/1.1" 200 2548 "https://www.vivafallriver.com/a-visitors-guide-to-oak-grove-cemetery/" "Mozilla/5.0 (iPhone; CPU iPhone OS 18_7 like Mac OS X) AppleWebKit/605.1.15 (KHTML, like Gecko) Version/26.3 Mobile/15E148 Safari/604.1"
107.77.226.170 - - [31/May/2026:08:15:26 -0400] "GET /wp-content/plugins/essential-grid/public/assets/css/settings.css?ver=3.1.12 HTTP/1.1" 200 5716 "https://www.vivafallriver.com/a-visitors-guide-to-oak-grove-cemetery/" "Mozilla/5.0 (iPhone; CPU iPhone OS 18_7 like Mac OS X) AppleWebKit/605.1.15 (KHTML, like Gecko) Version/26.3 Mobile/15E148 Safari/604.1"
107.77.226.170 - - [31/May/2026:08:15:26 -0400] "GET /wp-content/plugins/popups-for-divi/scripts/ie-compat.min.js?ver=3.2.7 HTTP/1.1" 200 3697 "https://www.vivafallriver.com/a-visitors-guide-to-oak-grove-cemetery/" "Mozilla/5.0 (iPhone; CPU iPhone OS 18_7 like Mac OS X) AppleWebKit/605.1.15 (KHTML, like Gecko) Version/26.3 Mobile/15E148 Safari/604.1"
107.77.226.170 - - [31/May/2026:08:15:26 -0400] "GET /wp-content/et-cache/global/et-divi-customizer-global.min.css?ver=1780177582 HTTP/1.1" 200 789 "https://www.vivafallriver.com/a-visitors-guide-to-oak-grove-cemetery/" "Mozilla/5.0 (iPhone; CPU iPhone OS 18_7 like Mac OS X) AppleWebKit/605.1.15 (KHTML, like Gecko) Version/26.3 Mobile/15E148 Safari/604.1"
107.77.226.170 - - [31/May/2026:08:15:26 -0400] "GET /wp-content/themes/Divi/core/admin/fonts/modules/all/modules.ttf HTTP/1.1" 200 37302 "https://www.vivafallriver.com/a-visitors-guide-to-oak-grove-cemetery/" "Mozilla/5.0 (iPhone; CPU iPhone OS 18_7 like Mac OS X) AppleWebKit/605.1.15 (KHTML, like Gecko) Version/26.3 Mobile/15E148 Safari/604.1"
107.77.226.170 - - [31/May/2026:08:15:26 -0400] "GET /wp-content/themes/Divi/includes/builder/feature/dynamic-assets/assets/css/social_media_follow.css?ver=4.27.6 HTTP/1.1" 200 1249 "https://www.vivafallriver.com/a-visitors-guide-to-oak-grove-cemetery/" "Mozilla/5.0 (iPhone; CPU iPhone OS 18_7 like Mac OS X) AppleWebKit/605.1.15 (KHTML, like Gecko) Version/26.3 Mobile/15E148 Safari/604.1"
107.77.226.170 - - [31/May/2026:08:15:26 -0400] "GET /wp-content/et-cache/26594/et-core-unified-tb-2816-tb-2783-deferred-26594.min.css?ver=1780183102 HTTP/1.1" 200 471 "https://www.vivafallriver.com/a-visitors-guide-to-oak-grove-cemetery/" "Mozilla/5.0 (iPhone; CPU iPhone OS 18_7 like Mac OS X) AppleWebKit/605.1.15 (KHTML, like Gecko) Version/26.3 Mobile/15E148 Safari/604.1"
107.77.226.170 - - [31/May/2026:08:15:26 -0400] "GET /wp-content/plugins/essential-grid/public/assets/js/libs/tptools.js?ver=6.7.36 HTTP/1.1" 200 74898 "https://www.vivafallriver.com/a-visitors-guide-to-oak-grove-cemetery/" "Mozilla/5.0 (iPhone; CPU iPhone OS 18_7 like Mac OS X) AppleWebKit/605.1.15 (KHTML, like Gecko) Version/26.3 Mobile/15E148 Safari/604.1"
107.77.226.170 - - [31/May/2026:08:15:26 -0400] "GET /wp-content/uploads/2024/04/Oak_Grove_Cem_FR.jpg HTTP/1.1" 200 272660 "https://www.vivafallriver.com/a-visitors-guide-to-oak-grove-cemetery/" "Mozilla/5.0 (iPhone; CPU iPhone OS 18_7 like Mac OS X) AppleWebKit/605.1.15 (KHTML, like Gecko) Version/26.3 Mobile/15E148 Safari/604.1"
35.147.101.117 - - [31/May/2026:08:15:26 -0400] "GET /wp-content/uploads/2023/07/Video-Cover-for-Home-Page.jpg HTTP/1.1" 200 85748 "https://www.vivafallriver.com/" "Mozilla/5.0 (Windows NT 10.0; Win64; x64; rv:142.0) Gecko/20100101 Firefox/142.0"
35.147.101.117 - - [31/May/2026:08:15:26 -0400] "GET /wp-content/uploads/2023/06/email-form-background1.jpg HTTP/1.1" 200 20847 "https://www.vivafallriver.com/wp-content/et-cache/2586/et-core-unified-tb-2783-deferred-2586.min.css?ver=1780177605" "Mozilla/5.0 (Windows NT 10.0; Win64; x64; rv:142.0) Gecko/20100101 Firefox/142.0"
107.77.226.170 - - [31/May/2026:08:15:26 -0400] "GET /wp-content/plugins/divi-booster/core/icons/socicon/fonts/Socicon.woff2?87visu HTTP/1.1" 200 64540 "https://www.vivafallriver.com/a-visitors-guide-to-oak-grove-cemetery/" "Mozilla/5.0 (iPhone; CPU iPhone OS 18_7 like Mac OS X) AppleWebKit/605.1.15 (KHTML, like Gecko) Version/26.3 Mobile/15E148 Safari/604.1"
107.77.226.170 - - [31/May/2026:08:15:26 -0400] "GET /wp-content/plugins/the-events-calendar/common/build/js/user-agent.js?ver=da75d0bdea6dde3898df HTTP/1.1" 200 206 "https://www.vivafallriver.com/a-visitors-guide-to-oak-grove-cemetery/" "Mozilla/5.0 (iPhone; CPU iPhone OS 18_7 like Mac OS X) AppleWebKit/605.1.15 (KHTML, like Gecko) Version/26.3 Mobile/15E148 Safari/604.1"
107.77.226.170 - - [31/May/2026:08:15:26 -0400] "GET /wp-includes/js/jquery/jquery.min.js?ver=3.7.1 HTTP/1.1" 200 30368 "https://www.vivafallriver.com/a-visitors-guide-to-oak-grove-cemetery/" "Mozilla/5.0 (iPhone; CPU iPhone OS 18_7 like Mac OS X) AppleWebKit/605.1.15 (KHTML, like Gecko) Version/26.3 Mobile/15E148 Safari/604.1"
57.141.20.34 - - [31/May/2026:08:15:23 -0400] "GET /series/mosaic-night/?lokasie=/sys/kernel/slab/dax_cache/shrink&loknya=/sys/kernel/slab/dax_cache HTTP/1.1" 200 337756 "-" "meta-externalagent/1.1 (+https://developers.facebook.com/docs/sharing/webmasters/crawler)"
107.77.226.170 - - [31/May/2026:08:15:26 -0400] "GET /wp-includes/js/jquery/jquery-migrate.min.js?ver=3.4.1 HTTP/1.1" 200 4872 "https://www.vivafallriver.com/a-visitors-guide-to-oak-grove-cemetery/" "Mozilla/5.0 (iPhone; CPU iPhone OS 18_7 like Mac OS X) AppleWebKit/605.1.15 (KHTML, like Gecko) Version/26.3 Mobile/15E148 Safari/604.1"
107.77.226.170 - - [31/May/2026:08:15:26 -0400] "GET /wp-content/plugins/event-tickets/build/js/rsvp.js?ver=dab7c1842d0b66486c7c HTTP/1.1" 200 745 "https://www.vivafallriver.com/a-visitors-guide-to-oak-grove-cemetery/" "Mozilla/5.0 (iPhone; CPU iPhone OS 18_7 like Mac OS X) AppleWebKit/605.1.15 (KHTML, like Gecko) Version/26.3 Mobile/15E148 Safari/604.1"
107.77.226.170 - - [31/May/2026:08:15:26 -0400] "GET /wp-content/plugins/event-tickets/build/js/ticket-details.js?ver=effdcbb0319e200f2e6a HTTP/1.1" 200 428 "https://www.vivafallriver.com/a-visitors-guide-to-oak-grove-cemetery/" "Mozilla/5.0 (iPhone; CPU iPhone OS 18_7 like Mac OS X) AppleWebKit/605.1.15 (KHTML, like Gecko) Version/26.3 Mobile/15E148 Safari/604.1"
57.141.20.29 - - [31/May/2026:08:15:23 -0400] "GET /series/mosaic-night/?lokasie=/sys/kernel/slab/ebitmap_node/objs_per_slab&loknya=/sys/kernel/slab/ebitmap_node HTTP/1.1" 200 337772 "-" "meta-externalagent/1.1 (+https://developers.facebook.com/docs/sharing/webmasters/crawler)"
107.77.226.170 - - [31/May/2026:08:15:26 -0400] "GET /wp-content/plugins/content-views-query-and-display-post-page/public/assets/js/cv.js?ver=4.3 HTTP/1.1" 200 6905 "https://www.vivafallriver.com/a-visitors-guide-to-oak-grove-cemetery/" "Mozilla/5.0 (iPhone; CPU iPhone OS 18_7 like Mac OS X) AppleWebKit/605.1.15 (KHTML, like Gecko) Version/26.3 Mobile/15E148 Safari/604.1"
107.77.226.170 - - [31/May/2026:08:15:26 -0400] "GET /wp-content/plugins/pt-content-views-pro/public/assets/js/cvpro.min.js?ver=7.3 HTTP/1.1" 200 46953 "https://www.vivafallriver.com/a-visitors-guide-to-oak-grove-cemetery/" "Mozilla/5.0 (iPhone; CPU iPhone OS 18_7 like Mac OS X) AppleWebKit/605.1.15 (KHTML, like Gecko) Version/26.3 Mobile/15E148 Safari/604.1"
107.77.226.170 - - [31/May/2026:08:15:27 -0400] "GET /wp-content/plugins/owm-weather/js/owm-weather-ajax.js?ver=6.9.4 HTTP/1.1" 200 1100 "https://www.vivafallriver.com/a-visitors-guide-to-oak-grove-cemetery/" "Mozilla/5.0 (iPhone; CPU iPhone OS 18_7 like Mac OS X) AppleWebKit/605.1.15 (KHTML, like Gecko) Version/26.3 Mobile/15E148 Safari/604.1"
107.77.226.170 - - [31/May/2026:08:15:27 -0400] "GET /wp-content/plugins/photo-gallery/js/jquery.sumoselect.min.js?ver=3.3.24 HTTP/1.1" 200 7744 "https://www.vivafallriver.com/a-visitors-guide-to-oak-grove-cemetery/" "Mozilla/5.0 (iPhone; CPU iPhone OS 18_7 like Mac OS X) AppleWebKit/605.1.15 (KHTML, like Gecko) Version/26.3 Mobile/15E148 Safari/604.1"
57.141.20.4 - - [31/May/2026:08:15:23 -0400] "GET /series/mosaic-night/?lokasie=/sys/kernel/slab/dma-kmalloc-128/hwcache_align&loknya=/sys/kernel/slab/dma-kmalloc-128 HTTP/1.1" 200 337780 "-" "meta-externalagent/1.1 (+https://developers.facebook.com/docs/sharing/webmasters/crawler)"
107.77.226.170 - - [31/May/2026:08:15:27 -0400] "GET /wp-content/plugins/photo-gallery/js/jquery.mobile.min.js?ver=1.4.5 HTTP/1.1" 200 9160 "https://www.vivafallriver.com/a-visitors-guide-to-oak-grove-cemetery/" "Mozilla/5.0 (iPhone; CPU iPhone OS 18_7 like Mac OS X) AppleWebKit/605.1.15 (KHTML, like Gecko) Version/26.3 Mobile/15E148 Safari/604.1"
35.147.101.117 - - [31/May/2026:08:15:26 -0400] "GET /wp-content/uploads/2026/03/SATURDAY-APRIL-18-11am-2pm-Fall-River-Carousel-240x300.png HTTP/1.1" 200 151402 "https://www.vivafallriver.com/" "Mozilla/5.0 (Windows NT 10.0; Win64; x64; rv:142.0) Gecko/20100101 Firefox/142.0"
107.77.226.170 - - [31/May/2026:08:15:27 -0400] "GET /wp-content/plugins/photo-gallery/js/jquery.mCustomScrollbar.concat.min.js?ver=3.1.5 HTTP/1.1" 200 12940 "https://www.vivafallriver.com/a-visitors-guide-to-oak-grove-cemetery/" "Mozilla/5.0 (iPhone; CPU iPhone OS 18_7 like Mac OS X) AppleWebKit/605.1.15 (KHTML, like Gecko) Version/26.3 Mobile/15E148 Safari/604.1"
107.77.226.170 - - [31/May/2026:08:15:27 -0400] "GET /wp-content/plugins/photo-gallery/js/jquery.fullscreen.min.js?ver=0.6.0 HTTP/1.1" 200 2171 "https://www.vivafallriver.com/a-visitors-guide-to-oak-grove-cemetery/" "Mozilla/5.0 (iPhone; CPU iPhone OS 18_7 like Mac OS X) AppleWebKit/605.1.15 (KHTML, like Gecko) Version/26.3 Mobile/15E148 Safari/604.1"
57.141.20.65 - - [31/May/2026:08:15:24 -0400] "GET /series/mosaic-night/?lokasie=/sys/kernel/slab/dma-kmalloc-96/slabs_cpu_partial&loknya=/sys/kernel/slab/dma-kmalloc-96 HTTP/1.1" 200 337782 "-" "meta-externalagent/1.1 (+https://developers.facebook.com/docs/sharing/webmasters/crawler)"
107.77.226.170 - - [31/May/2026:08:15:27 -0400] "GET /wp-content/plugins/photo-gallery/js/scripts.min.js?ver=2.6.3 HTTP/1.1" 200 40353 "https://www.vivafallriver.com/a-visitors-guide-to-oak-grove-cemetery/" "Mozilla/5.0 (iPhone; CPU iPhone OS 18_7 like Mac OS X) AppleWebKit/605.1.15 (KHTML, like Gecko) Version/26.3 Mobile/15E148 Safari/604.1"
107.77.226.170 - - [31/May/2026:08:15:27 -0400] "GET /wp-content/plugins/responsive-menu/v4.0.0/assets/js/rmp-menu.min.js?ver=4.7.1 HTTP/1.1" 200 1935 "https://www.vivafallriver.com/a-visitors-guide-to-oak-grove-cemetery/" "Mozilla/5.0 (iPhone; CPU iPhone OS 18_7 like Mac OS X) AppleWebKit/605.1.15 (KHTML, like Gecko) Version/26.3 Mobile/15E148 Safari/604.1"
107.77.226.170 - - [31/May/2026:08:15:27 -0400] "GET /wp-content/plugins/popups-for-divi/scripts/front.min.js?ver=3.2.7 HTTP/1.1" 200 21494 "https://www.vivafallriver.com/a-visitors-guide-to-oak-grove-cemetery/" "Mozilla/5.0 (iPhone; CPU iPhone OS 18_7 like Mac OS X) AppleWebKit/605.1.15 (KHTML, like Gecko) Version/26.3 Mobile/15E148 Safari/604.1"
107.77.226.170 - - [31/May/2026:08:15:27 -0400] "GET /wp-content/themes/Divi/js/scripts.min.js?ver=4.27.6 HTTP/1.1" 200 70576 "https://www.vivafallriver.com/a-visitors-guide-to-oak-grove-cemetery/" "Mozilla/5.0 (iPhone; CPU iPhone OS 18_7 like Mac OS X) AppleWebKit/605.1.15 (KHTML, like Gecko) Version/26.3 Mobile/15E148 Safari/604.1"
107.77.226.170 - - [31/May/2026:08:15:27 -0400] "GET /wp-content/themes/Divi/includes/builder/feature/dynamic-assets/assets/js/jquery.fitvids.js?ver=4.27.6 HTTP/1.1" 200 1341 "https://www.vivafallriver.com/a-visitors-guide-to-oak-grove-cemetery/" "Mozilla/5.0 (iPhone; CPU iPhone OS 18_7 like Mac OS X) AppleWebKit/605.1.15 (KHTML, like Gecko) Version/26.3 Mobile/15E148 Safari/604.1"
107.77.226.170 - - [31/May/2026:08:15:27 -0400] "GET /wp-content/plugins/event-tickets/build/js/rsvp.js?ver=5.27.6.1 HTTP/1.1" 200 745 "https://www.vivafallriver.com/a-visitors-guide-to-oak-grove-cemetery/" "Mozilla/5.0 (iPhone; CPU iPhone OS 18_7 like Mac OS X) AppleWebKit/605.1.15 (KHTML, like Gecko) Version/26.3 Mobile/15E148 Safari/604.1"
107.77.226.170 - - [31/May/2026:08:15:27 -0400] "GET /wp-content/themes/Divi/core/admin/js/common.js?ver=4.27.6 HTTP/1.1" 200 566 "https://www.vivafallriver.com/a-visitors-guide-to-oak-grove-cemetery/" "Mozilla/5.0 (iPhone; CPU iPhone OS 18_7 like Mac OS X) AppleWebKit/605.1.15 (KHTML, like Gecko) Version/26.3 Mobile/15E148 Safari/604.1"
107.77.226.170 - - [31/May/2026:08:15:27 -0400] "GET /wp-content/uploads/wtfdivi/wp_footer.js?ver=1688060684 HTTP/1.1" 200 232 "https://www.vivafallriver.com/a-visitors-guide-to-oak-grove-cemetery/" "Mozilla/5.0 (iPhone; CPU iPhone OS 18_7 like Mac OS X) AppleWebKit/605.1.15 (KHTML, like Gecko) Version/26.3 Mobile/15E148 Safari/604.1"
107.77.226.170 - - [31/May/2026:08:15:27 -0400] "GET /wp-content/themes/Divi/core/admin/fonts/modules/social/modules.woff HTTP/1.1" 200 5766 "https://www.vivafallriver.com/a-visitors-guide-to-oak-grove-cemetery/" "Mozilla/5.0 (iPhone; CPU iPhone OS 18_7 like Mac OS X) AppleWebKit/605.1.15 (KHTML, like Gecko) Version/26.3 Mobile/15E148 Safari/604.1"
107.77.226.170 - - [31/May/2026:08:15:27 -0400] "GET /wp-content/uploads/2023/06/Viva-Fall-River-Logo-Small.png HTTP/1.1" 200 8578 "https://www.vivafallriver.com/a-visitors-guide-to-oak-grove-cemetery/" "Mozilla/5.0 (iPhone; CPU iPhone OS 18_7 like Mac OS X) AppleWebKit/605.1.15 (KHTML, like Gecko) Version/26.3 Mobile/15E148 Safari/604.1"
85.208.96.211 - - [31/May/2026:08:15:24 -0400] "GET /?eventDate=2023-06-18&eventDisplay=day&hide_subsequent_recurrences=1&paged=18&post_type=tribe_events HTTP/1.1" 200 53782 "-" "Mozilla/5.0 (compatible; SemrushBot/7~bl; +http://www.semrush.com/bot.html)"
107.77.226.170 - - [31/May/2026:08:15:27 -0400] "GET /wp-content/et-cache/26594/et-divi-dynamic-tb-2816-tb-2783-26594-late.css HTTP/1.1" 200 226 "https://www.vivafallriver.com/a-visitors-guide-to-oak-grove-cemetery/" "Mozilla/5.0 (iPhone; CPU iPhone OS 18_7 like Mac OS X) AppleWebKit/605.1.15 (KHTML, like Gecko) Version/26.3 Mobile/15E148 Safari/604.1"
35.147.101.117 - - [31/May/2026:08:15:26 -0400] "GET /wp-content/uploads/2024/05/Taste-of-Portugal-web-banner-Desktop.png HTTP/1.1" 200 625035 "https://www.vivafallriver.com/wp-content/et-cache/2586/et-core-unified-tb-2783-deferred-2586.min.css?ver=1780177605" "Mozilla/5.0 (Windows NT 10.0; Win64; x64; rv:142.0) Gecko/20100101 Firefox/142.0"
57.141.20.30 - - [31/May/2026:08:15:25 -0400] "GET /series/mosaic-night/?lokasie=/sys/kernel/slab/skbuff_ext_cache/objects&loknya=/sys/kernel/slab/skbuff_ext_cache HTTP/1.1" 200 337778 "-" "meta-externalagent/1.1 (+https://developers.facebook.com/docs/sharing/webmasters/crawler)"
35.147.101.117 - - [31/May/2026:08:15:26 -0400] "GET /wp-content/uploads/2024/01/Visit-sign-up.png HTTP/1.1" 200 620706 "https://www.vivafallriver.com/wp-content/et-cache/2586/et-core-unified-tb-2783-deferred-2586.min.css?ver=1780177605" "Mozilla/5.0 (Windows NT 10.0; Win64; x64; rv:142.0) Gecko/20100101 Firefox/142.0"
107.77.226.170 - - [31/May/2026:08:15:28 -0400] "GET /wp-content/uploads/2024/04/70818849007-img-3364-980x676.webp HTTP/1.1" 200 237818 "https://www.vivafallriver.com/a-visitors-guide-to-oak-grove-cemetery/" "Mozilla/5.0 (iPhone; CPU iPhone OS 18_7 like Mac OS X) AppleWebKit/605.1.15 (KHTML, like Gecko) Version/26.3 Mobile/15E148 Safari/604.1"
74.7.227.3 - - [31/May/2026:08:15:25 -0400] "GET /series/summer-all-ages-book-club/?lokasie=/proc/net//softnet_stat&loknya=/proc/net/ HTTP/1.1" 200 50095 "https://www.vivafallriver.com/series/summer-all-ages-book-club/?loknya=/proc/net/" "Mozilla/5.0 AppleWebKit/537.36 (KHTML, like Gecko; compatible; GPTBot/1.4; +https://openai.com/gptbot)"
57.141.20.42 - - [31/May/2026:08:15:25 -0400] "GET /series/mosaic-night/?lokasie=/sys/kernel/slab/nf-frags/free_calls&loknya=/sys/kernel/slab/nf-frags HTTP/1.1" 200 337757 "-" "meta-externalagent/1.1 (+https://developers.facebook.com/docs/sharing/webmasters/crawler)"
35.147.101.117 - - [31/May/2026:08:15:26 -0400] "GET /wp-content/uploads/2024/05/SEE-MORE-WEB-BANNED-DESK.png HTTP/1.1" 200 967165 "https://www.vivafallriver.com/wp-content/et-cache/2586/et-core-unified-tb-2783-deferred-2586.min.css?ver=1780177605" "Mozilla/5.0 (Windows NT 10.0; Win64; x64; rv:142.0) Gecko/20100101 Firefox/142.0"
57.141.20.55 - - [31/May/2026:08:15:25 -0400] "GET /series/mosaic-night/?lokasie=/sys/kernel/slab/dax_cache/poison&loknya=/sys/kernel/slab/dax_cache HTTP/1.1" 200 337756 "-" "meta-externalagent/1.1 (+https://developers.facebook.com/docs/sharing/webmasters/crawler)"
57.141.20.0 - - [31/May/2026:08:15:27 -0400] "GET /series/mosaic-night/?lokasie=/sys/kernel/slab/Acpi-Parse/free_calls&loknya=/sys/kernel/slab/Acpi-Parse HTTP/1.1" 200 337762 "-" "meta-externalagent/1.1 (+https://developers.facebook.com/docs/sharing/webmasters/crawler)"
35.147.101.117 - - [31/May/2026:08:15:29 -0400] "GET /favicon.ico HTTP/1.1" 200 8187 "https://www.vivafallriver.com/" "Mozilla/5.0 (Windows NT 10.0; Win64; x64; rv:142.0) Gecko/20100101 Firefox/142.0"
35.147.101.117 - - [31/May/2026:08:15:26 -0400] "GET /wp-content/uploads/2024/02/WEB-BANNER_DESKTOP.png HTTP/1.1" 200 1569544 "https://www.vivafallriver.com/wp-content/et-cache/2586/et-core-unified-tb-2783-deferred-2586.min.css?ver=1780177605" "Mozilla/5.0 (Windows NT 10.0; Win64; x64; rv:142.0) Gecko/20100101 Firefox/142.0"
57.141.20.26 - - [31/May/2026:08:15:25 -0400] "GET /series/mosaic-night/?lokasie=/sys/kernel/slab/dma-kmalloc-128/partial&loknya=/sys/kernel/slab/dma-kmalloc-128 HTTP/1.1" 200 337775 "-" "meta-externalagent/1.1 (+https://developers.facebook.com/docs/sharing/webmasters/crawler)"
57.141.20.35 - - [31/May/2026:08:15:26 -0400] "GET /series/mosaic-night/?lokasie=/sys/kernel/slab/dax_cache/trace&loknya=/sys/kernel/slab/dax_cache HTTP/1.1" 200 337755 "-" "meta-externalagent/1.1 (+https://developers.facebook.com/docs/sharing/webmasters/crawler)"
114.119.148.174 - - [31/May/2026:08:15:26 -0400] "GET /events/?tribe_redirected=1 HTTP/1.1" 200 59635 "https://www.vivafallriver.com/series/girl-scout-workshops-2" "Mozilla/5.0 (Linux; Android 7.0;) AppleWebKit/537.36 (HTML, like Gecko) Mobile Safari/537.36 (compatible; PetalBot;+https://webmaster.petalsearch.com/site/petalbot)"
107.77.226.170 - - [31/May/2026:08:15:29 -0400] "GET /wp-content/uploads/2024/04/70952613007-latimer-10.webp HTTP/1.1" 200 59668 "https://www.vivafallriver.com/a-visitors-guide-to-oak-grove-cemetery/" "Mozilla/5.0 (iPhone; CPU iPhone OS 18_7 like Mac OS X) AppleWebKit/605.1.15 (KHTML, like Gecko) Version/26.3 Mobile/15E148 Safari/604.1"
40.77.167.77 - - [31/May/2026:08:15:28 -0400] "GET /wp-sitemap-taxonomies-project_category-1.xml HTTP/1.1" 200 214 "-" "Mozilla/5.0 AppleWebKit/537.36 (KHTML, like Gecko; compatible; bingbot/2.0; +http://www.bing.com/bingbot.htm) Chrome/116.0.1938.76 Safari/537.36"
107.77.226.170 - - [31/May/2026:08:15:30 -0400] "GET /wp-content/uploads/2024/04/lizbeth.webp HTTP/1.1" 200 277480 "https://www.vivafallriver.com/a-visitors-guide-to-oak-grove-cemetery/" "Mozilla/5.0 (iPhone; CPU iPhone OS 18_7 like Mac OS X) AppleWebKit/605.1.15 (KHTML, like Gecko) Version/26.3 Mobile/15E148 Safari/604.1"
57.141.20.56 - - [31/May/2026:08:15:27 -0400] "GET /series/mosaic-night/?lokasie=/sys/kernel/slab/vmap_area/objects&loknya=/sys/kernel/slab/vmap_area HTTP/1.1" 200 337757 "-" "meta-externalagent/1.1 (+https://developers.facebook.com/docs/sharing/webmasters/crawler)"
57.141.20.16 - - [31/May/2026:08:15:28 -0400] "GET /series/mosaic-night/?lokasie=/sys/kernel/slab/dma-kmalloc-128/remote_node_defrag_ratio&loknya=/sys/kernel/slab/dma-kmalloc-128 HTTP/1.1" 200 337792 "-" "meta-externalagent/1.1 (+https://developers.facebook.com/docs/sharing/webmasters/crawler)"
57.141.20.32 - - [31/May/2026:08:15:27 -0400] "GET /series/mosaic-night/?lokasie=/sys/kernel/slab/kmalloc-64/remote_node_defrag_ratio&loknya=/sys/kernel/slab/kmalloc-64 HTTP/1.1" 200 337777 "-" "meta-externalagent/1.1 (+https://developers.facebook.com/docs/sharing/webmasters/crawler)"
57.141.20.32 - - [31/May/2026:08:15:28 -0400] "GET /series/mosaic-night/?lokasie=/sys/kernel/slab/dma-kmalloc-128/objects&loknya=/sys/kernel/slab/dma-kmalloc-128 HTTP/1.1" 200 337775 "-" "meta-externalagent/1.1 (+https://developers.facebook.com/docs/sharing/webmasters/crawler)"
57.141.20.6 - - [31/May/2026:08:15:29 -0400] "GET /series/mosaic-night/?lokasie=/sys/kernel/slab/dma-kmalloc-128/reclaim_account&loknya=/sys/kernel/slab/dma-kmalloc-128 HTTP/1.1" 200 337782 "-" "meta-externalagent/1.1 (+https://developers.facebook.com/docs/sharing/webmasters/crawler)"
57.141.20.64 - - [31/May/2026:08:15:29 -0400] "GET /series/mosaic-night/?lokasie=/sys/kernel/slab/kmalloc-64/sanity_checks&loknya=/sys/kernel/slab/kmalloc-64 HTTP/1.1" 200 337766 "-" "meta-externalagent/1.1 (+https://developers.facebook.com/docs/sharing/webmasters/crawler)"
57.141.20.26 - - [31/May/2026:08:15:29 -0400] "GET /series/mosaic-night/?loknya=/sys/devices/virtual/misc/nvram HTTP/1.1" 200 343771 "-" "meta-externalagent/1.1 (+https://developers.facebook.com/docs/sharing/webmasters/crawler)"
74.7.227.3 - - [31/May/2026:08:15:28 -0400] "GET /series/summer-all-ages-book-club/?lokasie=/proc/net//mcfilter&loknya=/proc/net/ HTTP/1.1" 200 49977 "https://www.vivafallriver.com/series/summer-all-ages-book-club/?loknya=/proc/net/" "Mozilla/5.0 AppleWebKit/537.36 (KHTML, like Gecko; compatible; GPTBot/1.4; +https://openai.com/gptbot)"
57.141.20.27 - - [31/May/2026:08:15:28 -0400] "GET /series/mosaic-night/?lokasie=/sys/kernel/slab/vmap_area/ctor&loknya=/sys/kernel/slab/vmap_area HTTP/1.1" 200 337754 "-" "meta-externalagent/1.1 (+https://developers.facebook.com/docs/sharing/webmasters/crawler)"
57.141.20.8 - - [31/May/2026:08:15:28 -0400] "GET /series/mosaic-night/?lokasie=/sys/kernel/slab/vmap_area/destroy_by_rcu&loknya=/sys/kernel/slab/vmap_area HTTP/1.1" 200 337763 "-" "meta-externalagent/1.1 (+https://developers.facebook.com/docs/sharing/webmasters/crawler)"
57.141.20.37 - - [31/May/2026:08:15:29 -0400] "GET /series/mosaic-night/?lokasie=/sys/kernel/slab/ext4_prealloc_space/align&loknya=/sys/kernel/slab/ext4_prealloc_space HTTP/1.1" 200 337785 "-" "meta-externalagent/1.1 (+https://developers.facebook.com/docs/sharing/webmasters/crawler)"
57.141.20.27 - - [31/May/2026:08:15:30 -0400] "GET /series/mosaic-night/?lokasie=/sys/kernel/slab/dma-kmalloc-96/order&loknya=/sys/kernel/slab/dma-kmalloc-96 HTTP/1.1" 200 337770 "-" "meta-externalagent/1.1 (+https://developers.facebook.com/docs/sharing/webmasters/crawler)"
57.141.20.45 - - [31/May/2026:08:15:30 -0400] "GET /series/mosaic-night/?lokasie=/sys/kernel/slab/Acpi-Parse/slabs&loknya=/sys/kernel/slab/Acpi-Parse HTTP/1.1" 200 337758 "-" "meta-externalagent/1.1 (+https://developers.facebook.com/docs/sharing/webmasters/crawler)"
85.208.96.193 - - [31/May/2026:08:15:30 -0400] "GET /?eventDate=2019-10-15&eventDisplay=day&hide_subsequent_recurrences=1&paged=20&post_type=tribe_events HTTP/1.1" 200 53785 "-" "Mozilla/5.0 (compatible; SemrushBot/7~bl; +http://www.semrush.com/bot.html)"
57.141.20.47 - - [31/May/2026:08:15:30 -0400] "GET /series/mosaic-night/?lokasie=/sys/kernel/slab/dax_cache/hwcache_align&loknya=/sys/kernel/slab/dax_cache HTTP/1.1" 200 337763 "-" "meta-externalagent/1.1 (+https://developers.facebook.com/docs/sharing/webmasters/crawler)"
57.141.20.38 - - [31/May/2026:08:15:31 -0400] "GET /series/mosaic-night/?lokasie=/sys/kernel/slab/ext4_prealloc_space/destroy_by_rcu&loknya=/sys/kernel/slab/ext4_prealloc_space HTTP/1.1" 200 337794 "-" "meta-externalagent/1.1 (+https://developers.facebook.com/docs/sharing/webmasters/crawler)"
57.141.20.35 - - [31/May/2026:08:15:32 -0400] "GET /series/mosaic-night/?loknya=/sys/devices/virtual/misc/snapshot HTTP/1.1" 200 343825 "-" "meta-externalagent/1.1 (+https://developers.facebook.com/docs/sharing/webmasters/crawler)"
57.141.20.39 - - [31/May/2026:08:15:31 -0400] "GET /series/mosaic-night/?lokasie=/sys/kernel/slab/anon_vma/objs_per_slab&loknya=/sys/kernel/slab/anon_vma HTTP/1.1" 200 337760 "-" "meta-externalagent/1.1 (+https://developers.facebook.com/docs/sharing/webmasters/crawler)"
57.141.20.20 - - [31/May/2026:08:15:31 -0400] "GET /series/mosaic-night/?lokasie=/sys/kernel/slab/anon_vma/usersize&loknya=/sys/kernel/slab/anon_vma HTTP/1.1" 200 337755 "-" "meta-externalagent/1.1 (+https://developers.facebook.com/docs/sharing/webmasters/crawler)"
57.141.20.60 - - [31/May/2026:08:15:32 -0400] "GET /series/mosaic-night/?lokasie=/sys/kernel/slab/anon_vma/align&loknya=/sys/kernel/slab/anon_vma HTTP/1.1" 200 337752 "-" "meta-externalagent/1.1 (+https://developers.facebook.com/docs/sharing/webmasters/crawler)"
57.141.20.47 - - [31/May/2026:08:15:33 -0400] "GET /series/mosaic-night/?lokasie=/sys/kernel/slab/nf-frags/alloc_calls&loknya=/sys/kernel/slab/nf-frags HTTP/1.1" 200 337758 "-" "meta-externalagent/1.1 (+https://developers.facebook.com/docs/sharing/webmasters/crawler)"
57.141.20.55 - - [31/May/2026:08:15:32 -0400] "GET /series/mosaic-night/?lokasie=/sys/kernel/slab/vmap_area/reclaim_account&loknya=/sys/kernel/slab/vmap_area HTTP/1.1" 200 337765 "-" "meta-externalagent/1.1 (+https://developers.facebook.com/docs/sharing/webmasters/crawler)"
74.7.227.3 - - [31/May/2026:08:15:32 -0400] "GET /series/summer-all-ages-book-club/?lokasie=/proc/net//fib_triestat&loknya=/proc/net/ HTTP/1.1" 200 50197 "https://www.vivafallriver.com/series/summer-all-ages-book-club/?loknya=/proc/net/" "Mozilla/5.0 AppleWebKit/537.36 (KHTML, like Gecko; compatible; GPTBot/1.4; +https://openai.com/gptbot)"
57.141.20.60 - - [31/May/2026:08:15:33 -0400] "GET /series/mosaic-night/?lokasie=/sys/kernel/slab/dma-kmalloc-128/cache_dma&loknya=/sys/kernel/slab/dma-kmalloc-128 HTTP/1.1" 200 337777 "-" "meta-externalagent/1.1 (+https://developers.facebook.com/docs/sharing/webmasters/crawler)"
57.141.20.58 - - [31/May/2026:08:15:34 -0400] "GET /series/mosaic-night/?lokasie=/sys/kernel/slab/ext4_prealloc_space/sanity_checks&loknya=/sys/kernel/slab/ext4_prealloc_space HTTP/1.1" 200 337793 "-" "meta-externalagent/1.1 (+https://developers.facebook.com/docs/sharing/webmasters/crawler)"
57.141.20.39 - - [31/May/2026:08:15:34 -0400] "GET /series/mosaic-night/?lokasie=/sys/kernel/slab/kmalloc-64/shrink&loknya=/sys/kernel/slab/kmalloc-64 HTTP/1.1" 200 337759 "-" "meta-externalagent/1.1 (+https://developers.facebook.com/docs/sharing/webmasters/crawler)"
57.141.20.72 - - [31/May/2026:08:15:34 -0400] "GET /event/thursday-night-trivia/2029-05-24/ HTTP/1.1" 200 391607 "-" "meta-externalagent/1.1 (+https://developers.facebook.com/docs/sharing/webmasters/crawler)"
57.141.20.72 - - [31/May/2026:08:15:35 -0400] "GET /series/mosaic-night/?lokasie=/sys/kernel/slab/dax_cache/slabs_cpu_partial&loknya=/sys/kernel/slab/dax_cache HTTP/1.1" 200 337767 "-" "meta-externalagent/1.1 (+https://developers.facebook.com/docs/sharing/webmasters/crawler)"
57.141.20.69 - - [31/May/2026:08:15:35 -0400] "GET /series/mosaic-night/?lokasie=/sys/kernel/slab/tw_sock_TCP/order&loknya=/sys/kernel/slab/tw_sock_TCP HTTP/1.1" 200 337761 "-" "meta-externalagent/1.1 (+https://developers.facebook.com/docs/sharing/webmasters/crawler)"
74.7.227.3 - - [31/May/2026:08:15:35 -0400] "GET /series/summer-all-ages-book-club/?lokasie=/proc/net//fib_trie&loknya=/proc/net/ HTTP/1.1" 200 50139 "https://www.vivafallriver.com/series/summer-all-ages-book-club/?loknya=/proc/net/" "Mozilla/5.0 AppleWebKit/537.36 (KHTML, like Gecko; compatible; GPTBot/1.4; +https://openai.com/gptbot)"
220.181.108.147 - - [31/May/2026:08:15:35 -0400] "GET /events/photo/2026-10-29/?hide_subsequent_recurrences=1&ical=1 HTTP/1.1" 200 7639 "-" "Mozilla/5.0 (compatible; Baiduspider/2.0; +http://www.baidu.com/search/spider.html)"
57.141.20.45 - - [31/May/2026:08:15:36 -0400] "GET /series/mosaic-night/?lokasie=/sys/kernel/slab/Acpi-Parse/red_zone&loknya=/sys/kernel/slab/Acpi-Parse HTTP/1.1" 200 337761 "-" "meta-externalagent/1.1 (+https://developers.facebook.com/docs/sharing/webmasters/crawler)"
57.141.20.1 - - [31/May/2026:08:15:35 -0400] "GET /series/mosaic-night/?lokasie=/sys/kernel/slab/dax_cache/slab_size&loknya=/sys/kernel/slab/dax_cache HTTP/1.1" 200 337758 "-" "meta-externalagent/1.1 (+https://developers.facebook.com/docs/sharing/webmasters/crawler)"
57.141.20.0 - - [31/May/2026:08:15:36 -0400] "GET /series/mosaic-night/?lokasie=/sys/kernel/slab/Acpi-Parse/order&loknya=/sys/kernel/slab/Acpi-Parse HTTP/1.1" 200 337757 "-" "meta-externalagent/1.1 (+https://developers.facebook.com/docs/sharing/webmasters/crawler)"
57.141.20.35 - - [31/May/2026:08:15:36 -0400] "GET /series/mosaic-night/?lokasie=/sys/kernel/slab/nf-frags/aliases&loknya=/sys/kernel/slab/nf-frags HTTP/1.1" 200 337754 "-" "meta-externalagent/1.1 (+https://developers.facebook.com/docs/sharing/webmasters/crawler)"
57.141.20.56 - - [31/May/2026:08:15:36 -0400] "GET /series/mosaic-night/?lokasie=/sys/kernel/slab/ext4_extent_status/objs_per_slab&loknya=/sys/kernel/slab/ext4_extent_status HTTP/1.1" 200 337790 "-" "meta-externalagent/1.1 (+https://developers.facebook.com/docs/sharing/webmasters/crawler)"
57.141.20.47 - - [31/May/2026:08:15:35 -0400] "GET /series/mosaic-night/?lokasie=/sys/kernel/slab/kmalloc-64/partial&loknya=/sys/kernel/slab/kmalloc-64 HTTP/1.1" 200 337760 "-" "meta-externalagent/1.1 (+https://developers.facebook.com/docs/sharing/webmasters/crawler)"
57.141.20.5 - - [31/May/2026:08:15:37 -0400] "GET /series/mosaic-night/?lokasie=/sys/kernel/slab/dax_cache/validate&loknya=/sys/kernel/slab/dax_cache HTTP/1.1" 200 337757 "-" "meta-externalagent/1.1 (+https://developers.facebook.com/docs/sharing/webmasters/crawler)"
57.141.20.0 - - [31/May/2026:08:15:38 -0400] "GET /series/mosaic-night/?lokasie=/sys/kernel/slab/jbd2_journal_handle/store_user&loknya=/sys/kernel/slab/jbd2_journal_handle HTTP/1.1" 200 337789 "-" "meta-externalagent/1.1 (+https://developers.facebook.com/docs/sharing/webmasters/crawler)"
57.141.20.3 - - [31/May/2026:08:15:38 -0400] "GET /series/mosaic-night/?lokasie=/sys/kernel/slab/ext4_extent_status/partial&loknya=/sys/kernel/slab/ext4_extent_status HTTP/1.1" 200 337783 "-" "meta-externalagent/1.1 (+https://developers.facebook.com/docs/sharing/webmasters/crawler)"
57.141.20.1 - - [31/May/2026:08:15:38 -0400] "GET /series/mosaic-night/?lokasie=/sys/kernel/slab/kmalloc-64/align&loknya=/sys/kernel/slab/kmalloc-64 HTTP/1.1" 200 337757 "-" "meta-externalagent/1.1 (+https://developers.facebook.com/docs/sharing/webmasters/crawler)"
57.141.20.6 - - [31/May/2026:08:15:38 -0400] "GET /series/mosaic-night/?lokasie=/sys/kernel/slab/nf-frags/objs_per_slab&loknya=/sys/kernel/slab/nf-frags HTTP/1.1" 200 337759 "-" "meta-externalagent/1.1 (+https://developers.facebook.com/docs/sharing/webmasters/crawler)"
57.141.20.27 - - [31/May/2026:08:15:39 -0400] "GET /series/mosaic-night/?lokasie=/sys/kernel/slab/dma-kmalloc-96/free_calls&loknya=/sys/kernel/slab/dma-kmalloc-96 HTTP/1.1" 200 337775 "-" "meta-externalagent/1.1 (+https://developers.facebook.com/docs/sharing/webmasters/crawler)"
74.7.227.3 - - [31/May/2026:08:15:39 -0400] "GET /series/summer-all-ages-book-club/?lokasie=/proc/net//rt_cache&loknya=/proc/net/ HTTP/1.1" 200 50038 "https://www.vivafallriver.com/series/summer-all-ages-book-club/?loknya=/proc/net/" "Mozilla/5.0 AppleWebKit/537.36 (KHTML, like Gecko; compatible; GPTBot/1.4; +https://openai.com/gptbot)"
66.249.65.39 - - [31/May/2026:08:15:34 -0400] "GET /series/appy-hour-thursdays-1-2-off-apps-weekly/?lokasie=/lib64/libmozjs-60.so.0.0.0&loknya=/lib64 HTTP/1.1" 200 7524826 "-" "Mozilla/5.0 (Linux; Android 6.0.1; Nexus 5X Build/MMB29P) AppleWebKit/537.36 (KHTML, like Gecko) Chrome/148.0.7778.96 Mobile Safari/537.36 (compatible; GoogleOther)"
57.141.20.43 - - [31/May/2026:08:15:40 -0400] "GET /series/mosaic-night/?lokasie=/sys/kernel/slab/vmap_area/poison&loknya=/sys/kernel/slab/vmap_area HTTP/1.1" 200 337756 "-" "meta-externalagent/1.1 (+https://developers.facebook.com/docs/sharing/webmasters/crawler)"
57.141.20.35 - - [31/May/2026:08:15:40 -0400] "GET /series/mosaic-night/?lokasie=/sys/kernel/slab/ip4-frags/slabs&loknya=/sys/kernel/slab/ip4-frags HTTP/1.1" 200 337755 "-" "meta-externalagent/1.1 (+https://developers.facebook.com/docs/sharing/webmasters/crawler)"
57.141.20.30 - - [31/May/2026:08:15:40 -0400] "GET /series/mosaic-night/?lokasie=/sys/kernel/slab/dax_cache/reclaim_account&loknya=/sys/kernel/slab/dax_cache HTTP/1.1" 200 337765 "-" "meta-externalagent/1.1 (+https://developers.facebook.com/docs/sharing/webmasters/crawler)"
57.141.20.43 - - [31/May/2026:08:15:40 -0400] "GET /series/mosaic-night/?lokasie=/sys/kernel/slab/ext4_prealloc_space/order&loknya=/sys/kernel/slab/ext4_prealloc_space HTTP/1.1" 200 337785 "-" "meta-externalagent/1.1 (+https://developers.facebook.com/docs/sharing/webmasters/crawler)"
57.141.20.45 - - [31/May/2026:08:15:41 -0400] "GET /series/mosaic-night/?lokasie=/sys/kernel/slab/dma-kmalloc-96/objects&loknya=/sys/kernel/slab/dma-kmalloc-96 HTTP/1.1" 200 337772 "-" "meta-externalagent/1.1 (+https://developers.facebook.com/docs/sharing/webmasters/crawler)"
57.141.20.57 - - [31/May/2026:08:15:40 -0400] "GET /series/mosaic-night/?lokasie=/sys/kernel/slab/kmalloc-64/slabs_cpu_partial&loknya=/sys/kernel/slab/kmalloc-64 HTTP/1.1" 200 337770 "-" "meta-externalagent/1.1 (+https://developers.facebook.com/docs/sharing/webmasters/crawler)"
57.141.20.33 - - [31/May/2026:08:15:41 -0400] "GET /series/mosaic-night/?lokasie=/sys/kernel/slab/kmalloc-64/trace&loknya=/sys/kernel/slab/kmalloc-64 HTTP/1.1" 200 337758 "-" "meta-externalagent/1.1 (+https://developers.facebook.com/docs/sharing/webmasters/crawler)"
57.141.20.42 - - [31/May/2026:08:15:41 -0400] "GET /series/mosaic-night/?lokasie=/sys/kernel/slab/dma-kmalloc-96/align&loknya=/sys/kernel/slab/dma-kmalloc-96 HTTP/1.1" 200 337770 "-" "meta-externalagent/1.1 (+https://developers.facebook.com/docs/sharing/webmasters/crawler)"
74.7.227.3 - - [31/May/2026:08:15:41 -0400] "GET /series/summer-all-ages-book-club/?lokasie=/proc/net//psched&loknya=/proc/net/ HTTP/1.1" 200 49971 "https://www.vivafallriver.com/series/summer-all-ages-book-club/?loknya=/proc/net/" "Mozilla/5.0 AppleWebKit/537.36 (KHTML, like Gecko; compatible; GPTBot/1.4; +https://openai.com/gptbot)"
57.141.20.25 - - [31/May/2026:08:15:42 -0400] "GET /series/mosaic-night/?lokasie=/sys/kernel/slab/tw_sock_TCP/destroy_by_rcu&loknya=/sys/kernel/slab/tw_sock_TCP HTTP/1.1" 200 337770 "-" "meta-externalagent/1.1 (+https://developers.facebook.com/docs/sharing/webmasters/crawler)"
