57.141.20.17 - - [31/May/2026:08:05:01 -0400] "GET /series/mosaic-night/?lokasie=/sys/kernel/slab/proc_inode_cache/slabs&loknya=/sys/kernel/slab/proc_inode_cache HTTP/1.1" 200 337776 "-" "meta-externalagent/1.1 (+https://developers.facebook.com/docs/sharing/webmasters/crawler)"
57.141.20.51 - - [31/May/2026:08:05:02 -0400] "GET /series/mosaic-night/?lokasie=/sys/kernel/slab/proc_inode_cache/objs_per_slab&loknya=/sys/kernel/slab/proc_inode_cache HTTP/1.1" 200 337784 "-" "meta-externalagent/1.1 (+https://developers.facebook.com/docs/sharing/webmasters/crawler)"
149.18.181.28 - - [31/May/2026:08:05:08 -0400] "GET /support/wp-content/et-cache/10009503/et-divi-dynamic-tb-2783-10009503-late.css HTTP/1.1" 200 227 "https://www.yahoo.com/" "Mozilla/5.0 (Linux; Android 13; SM-S901B) AppleWebKit/537.36 (KHTML, like Gecko) Chrome/112.0.0.0 Mobile Safari/537.36"
74.7.227.3 - - [31/May/2026:08:05:03 -0400] "GET /series/summer-all-ages-book-club/?lokasie=/proc/net/tcp&loknya=/proc/net HTTP/1.1" 200 52133 "https://www.vivafallriver.com/series/summer-all-ages-book-club/?loknya=/proc/net" "Mozilla/5.0 AppleWebKit/537.36 (KHTML, like Gecko; compatible; GPTBot/1.4; +https://openai.com/gptbot)"
57.141.20.7 - - [31/May/2026:08:05:03 -0400] "GET /series/mosaic-night/?lokasie=/sys/kernel/slab/proc_inode_cache/min_partial&loknya=/sys/kernel/slab/proc_inode_cache HTTP/1.1" 200 337781 "-" "meta-externalagent/1.1 (+https://developers.facebook.com/docs/sharing/webmasters/crawler)"
69.10.62.66 - - [31/May/2026:08:05:06 -0400] "POST /wp-cron.php?doing_wp_cron=1780229106.3208301067352294921875 HTTP/1.1" 200 - "-" "WordPress/6.9.4; https://www.vivafallriver.com"
69.10.62.66 - - [31/May/2026:08:05:06 -0400] "POST /wp-cron.php?doing_wp_cron=1780229106.4191300868988037109375 HTTP/1.1" 200 - "-" "WordPress/6.9.4; https://www.vivafallriver.com"
57.141.20.32 - - [31/May/2026:08:05:02 -0400] "GET /series/mosaic-night/?lokasie=/sys/kernel/slab/sgpool-32/ctor&loknya=/sys/kernel/slab/sgpool-32 HTTP/1.1" 200 337754 "-" "meta-externalagent/1.1 (+https://developers.facebook.com/docs/sharing/webmasters/crawler)"
134.209.170.49 - - [31/May/2026:08:05:05 -0400] "HEAD /great-feast-of-the-holy-ghost-of-new-england/ HTTP/1.1" 200 - "-" "WordPress/7.0; https://www.visitma.com"
57.141.20.62 - - [31/May/2026:08:05:05 -0400] "GET /series/mosaic-night/?lokasie=/sys/kernel/slab/xfrm_dst_cache/remote_node_defrag_ratio&loknya=/sys/kernel/slab/xfrm_dst_cache HTTP/1.1" 200 337789 "-" "meta-externalagent/1.1 (+https://developers.facebook.com/docs/sharing/webmasters/crawler)"
57.141.20.47 - - [31/May/2026:08:05:03 -0400] "GET /series/mosaic-night/?lokasie=/sys/kernel/slab/dma-kmalloc-64/usersize&loknya=/sys/kernel/slab/dma-kmalloc-64 HTTP/1.1" 200 337773 "-" "meta-externalagent/1.1 (+https://developers.facebook.com/docs/sharing/webmasters/crawler)"
69.10.62.66 - - [31/May/2026:08:05:07 -0400] "POST /wp-cron.php?doing_wp_cron=1780229107.2511301040649414062500 HTTP/1.1" 200 - "-" "WordPress/6.9.4; https://www.vivafallriver.com"
69.10.62.66 - - [31/May/2026:08:05:07 -0400] "POST /wp-cron.php?doing_wp_cron=1780229107.3000359535217285156250 HTTP/1.1" 200 - "-" "WordPress/6.9.4; https://www.vivafallriver.com"
57.141.20.8 - - [31/May/2026:08:05:04 -0400] "GET /series/mosaic-night/?lokasie=/sys/kernel/slab/Acpi-ParseExt/order&loknya=/sys/kernel/slab/Acpi-ParseExt HTTP/1.1" 200 337766 "-" "meta-externalagent/1.1 (+https://developers.facebook.com/docs/sharing/webmasters/crawler)"
57.141.20.45 - - [31/May/2026:08:05:04 -0400] "GET /series/mosaic-night/?lokasie=/sys/kernel/slab/xfrm_dst_cache/cpu_partial&loknya=/sys/kernel/slab/xfrm_dst_cache HTTP/1.1" 200 337776 "-" "meta-externalagent/1.1 (+https://developers.facebook.com/docs/sharing/webmasters/crawler)"
69.10.62.66 - - [31/May/2026:08:05:07 -0400] "POST /wp-cron.php?doing_wp_cron=1780229107.6611390113830566406250 HTTP/1.1" 200 - "-" "WordPress/6.9.4; https://www.vivafallriver.com"
57.141.20.6 - - [31/May/2026:08:05:04 -0400] "GET /series/mosaic-night/?lokasie=/sys/kernel/slab/dma-kmalloc-64/slabs_cpu_partial&loknya=/sys/kernel/slab/dma-kmalloc-64 HTTP/1.1" 200 337781 "-" "meta-externalagent/1.1 (+https://developers.facebook.com/docs/sharing/webmasters/crawler)"
57.141.20.8 - - [31/May/2026:08:05:05 -0400] "GET /series/mosaic-night/?lokasie=/sys/kernel/slab/xfrm_dst_cache/object_size&loknya=/sys/kernel/slab/xfrm_dst_cache HTTP/1.1" 200 337775 "-" "meta-externalagent/1.1 (+https://developers.facebook.com/docs/sharing/webmasters/crawler)"
69.10.62.66 - - [31/May/2026:08:05:07 -0400] "POST /wp-cron.php?doing_wp_cron=1780229107.8496050834655761718750 HTTP/1.1" 200 - "-" "WordPress/6.9.4; https://www.vivafallriver.com"
69.10.62.66 - - [31/May/2026:08:05:08 -0400] "POST /wp-cron.php?doing_wp_cron=1780229107.9620370864868164062500 HTTP/1.1" 200 - "-" "WordPress/6.9.4; https://www.vivafallriver.com"
69.10.62.66 - - [31/May/2026:08:05:08 -0400] "POST /wp-cron.php?doing_wp_cron=1780229108.1166980266571044921875 HTTP/1.1" 200 - "-" "WordPress/6.9.4; https://www.vivafallriver.com"
57.141.20.12 - - [31/May/2026:08:05:05 -0400] "GET /series/mosaic-night/?lokasie=/sys/kernel/slab/kmalloc-256/sanity_checks&loknya=/sys/kernel/slab/kmalloc-256 HTTP/1.1" 200 337769 "-" "meta-externalagent/1.1 (+https://developers.facebook.com/docs/sharing/webmasters/crawler)"
69.10.62.66 - - [31/May/2026:08:05:08 -0400] "POST /wp-cron.php?doing_wp_cron=1780229108.4833579063415527343750 HTTP/1.1" 200 - "-" "WordPress/6.9.4; https://www.vivafallriver.com"
69.10.62.66 - - [31/May/2026:08:05:08 -0400] "POST /wp-cron.php?doing_wp_cron=1780229108.4826691150665283203125 HTTP/1.1" 200 - "-" "WordPress/6.9.4; https://www.vivafallriver.com"
57.141.20.43 - - [31/May/2026:08:05:06 -0400] "GET /series/mosaic-night/?lokasie=/sys/kernel/slab/avc_xperms_decision_node/red_zone&loknya=/sys/kernel/slab/avc_xperms_decision_node HTTP/1.1" 200 337803 "-" "meta-externalagent/1.1 (+https://developers.facebook.com/docs/sharing/webmasters/crawler)"
69.10.62.66 - - [31/May/2026:08:05:09 -0400] "POST /wp-cron.php?doing_wp_cron=1780229108.5816009044647216796875 HTTP/1.1" 200 - "-" "WordPress/6.9.4; https://www.vivafallriver.com"
69.10.62.66 - - [31/May/2026:08:05:09 -0400] "POST /wp-cron.php?doing_wp_cron=1780229108.7789340019226074218750 HTTP/1.1" 200 - "-" "WordPress/6.9.4; https://www.vivafallriver.com"
69.10.62.66 - - [31/May/2026:08:05:09 -0400] "POST /wp-cron.php?doing_wp_cron=1780229109.1140549182891845703125 HTTP/1.1" 200 - "-" "WordPress/6.9.4; https://www.vivafallriver.com"
57.141.20.56 - - [31/May/2026:08:05:07 -0400] "GET /series/mosaic-night/?lokasie=/sys/kernel/slab/xfs_buf/total_objects&loknya=/sys/kernel/slab/xfs_buf HTTP/1.1" 200 337757 "-" "meta-externalagent/1.1 (+https://developers.facebook.com/docs/sharing/webmasters/crawler)"
57.141.20.20 - - [31/May/2026:08:05:05 -0400] "GET /series/mosaic-night/?lokasie=/sys/kernel/slab/xfs_buf/destroy_by_rcu&loknya=/sys/kernel/slab/xfs_buf HTTP/1.1" 200 337758 "-" "meta-externalagent/1.1 (+https://developers.facebook.com/docs/sharing/webmasters/crawler)"
57.141.20.27 - - [31/May/2026:08:05:06 -0400] "GET /series/mosaic-night/?lokasie=/sys/kernel/slab/avc_xperms_decision_node/cpu_partial&loknya=/sys/kernel/slab/avc_xperms_decision_node HTTP/1.1" 200 337806 "-" "meta-externalagent/1.1 (+https://developers.facebook.com/docs/sharing/webmasters/crawler)"
69.10.62.66 - - [31/May/2026:08:05:09 -0400] "POST /wp-cron.php?doing_wp_cron=1780229109.4781930446624755859375 HTTP/1.1" 200 - "-" "WordPress/6.9.4; https://www.vivafallriver.com"
57.141.20.39 - - [31/May/2026:08:05:06 -0400] "GET /series/mosaic-night/?lokasie=/sys/kernel/slab/proc_inode_cache/cpu_slabs&loknya=/sys/kernel/slab/proc_inode_cache HTTP/1.1" 200 337780 "-" "meta-externalagent/1.1 (+https://developers.facebook.com/docs/sharing/webmasters/crawler)"
57.141.20.31 - - [31/May/2026:08:05:07 -0400] "GET /series/mosaic-night/?lokasie=/sys/kernel/slab/xfrm_dst_cache/order&loknya=/sys/kernel/slab/xfrm_dst_cache HTTP/1.1" 200 337770 "-" "meta-externalagent/1.1 (+https://developers.facebook.com/docs/sharing/webmasters/crawler)"
57.141.20.72 - - [31/May/2026:08:05:08 -0400] "GET /series/mosaic-night/?lokasie=/sys/kernel/slab/xfs_buf/cache_dma&loknya=/sys/kernel/slab/xfs_buf HTTP/1.1" 200 337753 "-" "meta-externalagent/1.1 (+https://developers.facebook.com/docs/sharing/webmasters/crawler)"
57.141.20.56 - - [31/May/2026:08:05:08 -0400] "GET /series/mosaic-night/?lokasie=/sys/kernel/slab/task_delay_info/aliases&loknya=/sys/kernel/slab/task_delay_info HTTP/1.1" 200 337775 "-" "meta-externalagent/1.1 (+https://developers.facebook.com/docs/sharing/webmasters/crawler)"
57.141.20.58 - - [31/May/2026:08:05:09 -0400] "GET /series/mosaic-night/?lokasie=/sys/kernel/slab/kmalloc-cg-2k/validate&loknya=/sys/kernel/slab/kmalloc-cg-2k HTTP/1.1" 200 337770 "-" "meta-externalagent/1.1 (+https://developers.facebook.com/docs/sharing/webmasters/crawler)"
57.141.20.31 - - [31/May/2026:08:05:09 -0400] "GET /series/mosaic-night/?lokasie=/sys/kernel/slab/kmalloc-rcl-8/partial&loknya=/sys/kernel/slab/kmalloc-rcl-8 HTTP/1.1" 200 337769 "-" "meta-externalagent/1.1 (+https://developers.facebook.com/docs/sharing/webmasters/crawler)"
73.119.244.241 - - [31/May/2026:08:05:12 -0400] "GET / HTTP/1.1" 200 55431 "https://www.google.com/" "Mozilla/5.0 (Linux; Android 10; K) AppleWebKit/537.36 (KHTML, like Gecko) Chrome/148.0.0.0 Mobile Safari/537.36"
73.119.244.241 - - [31/May/2026:08:05:15 -0400] "GET /wp-content/plugins/content-views-query-and-display-post-page/public/assets/css/cv.css?ver=4.3 HTTP/1.1" 200 13295 "https://www.vivafallriver.com/" "Mozilla/5.0 (Linux; Android 10; K) AppleWebKit/537.36 (KHTML, like Gecko) Chrome/148.0.0.0 Mobile Safari/537.36"
73.119.244.241 - - [31/May/2026:08:05:15 -0400] "GET /wp-content/plugins/events-calendar-pro/build/css/tribe-events-pro-mini-calendar-block.css?ver=7.7.14 HTTP/1.1" 200 391 "https://www.vivafallriver.com/" "Mozilla/5.0 (Linux; Android 10; K) AppleWebKit/537.36 (KHTML, like Gecko) Chrome/148.0.0.0 Mobile Safari/537.36"
73.119.244.241 - - [31/May/2026:08:05:15 -0400] "GET /wp-content/plugins/pt-content-views-pro/public/assets/css/cvpro.min.css?ver=7.3 HTTP/1.1" 200 16544 "https://www.vivafallriver.com/" "Mozilla/5.0 (Linux; Android 10; K) AppleWebKit/537.36 (KHTML, like Gecko) Chrome/148.0.0.0 Mobile Safari/537.36"
73.119.244.241 - - [31/May/2026:08:05:15 -0400] "GET /wp-content/plugins/the-events-calendar/common/build/css/variables-skeleton.css?ver=6.10.3 HTTP/1.1" 200 961 "https://www.vivafallriver.com/" "Mozilla/5.0 (Linux; Android 10; K) AppleWebKit/537.36 (KHTML, like Gecko) Chrome/148.0.0.0 Mobile Safari/537.36"
73.119.244.241 - - [31/May/2026:08:05:15 -0400] "GET /wp-includes/css/dashicons.min.css?ver=6.9.4 HTTP/1.1" 200 35721 "https://www.vivafallriver.com/" "Mozilla/5.0 (Linux; Android 10; K) AppleWebKit/537.36 (KHTML, like Gecko) Chrome/148.0.0.0 Mobile Safari/537.36"
73.119.244.241 - - [31/May/2026:08:05:15 -0400] "GET /wp-content/plugins/the-events-calendar/common/build/css/variables-full.css?ver=6.10.3 HTTP/1.1" 200 596 "https://www.vivafallriver.com/" "Mozilla/5.0 (Linux; Android 10; K) AppleWebKit/537.36 (KHTML, like Gecko) Chrome/148.0.0.0 Mobile Safari/537.36"
73.119.244.241 - - [31/May/2026:08:05:15 -0400] "GET /wp-content/plugins/the-events-calendar/common/build/css/common-skeleton.css?ver=6.10.3 HTTP/1.1" 200 2522 "https://www.vivafallriver.com/" "Mozilla/5.0 (Linux; Android 10; K) AppleWebKit/537.36 (KHTML, like Gecko) Chrome/148.0.0.0 Mobile Safari/537.36"
73.119.244.241 - - [31/May/2026:08:05:15 -0400] "GET /wp-content/plugins/event-tickets/build/css/tickets.css?ver=5.27.6.1 HTTP/1.1" 200 4040 "https://www.vivafallriver.com/" "Mozilla/5.0 (Linux; Android 10; K) AppleWebKit/537.36 (KHTML, like Gecko) Chrome/148.0.0.0 Mobile Safari/537.36"
73.119.244.241 - - [31/May/2026:08:05:15 -0400] "GET /wp-content/plugins/event-tickets/build/css/rsvp-v1.css?ver=5.27.6.1 HTTP/1.1" 200 3318 "https://www.vivafallriver.com/" "Mozilla/5.0 (Linux; Android 10; K) AppleWebKit/537.36 (KHTML, like Gecko) Chrome/148.0.0.0 Mobile Safari/537.36"
73.119.244.241 - - [31/May/2026:08:05:15 -0400] "GET /wp-content/plugins/the-events-calendar/common/build/css/common-full.css?ver=6.10.3 HTTP/1.1" 200 4184 "https://www.vivafallriver.com/" "Mozilla/5.0 (Linux; Android 10; K) AppleWebKit/537.36 (KHTML, like Gecko) Chrome/148.0.0.0 Mobile Safari/537.36"
57.141.20.31 - - [31/May/2026:08:05:08 -0400] "GET /series/mosaic-night/?lokasie=/sys/kernel/slab/vm_area_struct/partial&loknya=/sys/kernel/slab/vm_area_struct HTTP/1.1" 200 337772 "-" "meta-externalagent/1.1 (+https://developers.facebook.com/docs/sharing/webmasters/crawler)"
73.119.244.241 - - [31/May/2026:08:05:15 -0400] "GET /wp-content/plugins/ditty-news-ticker/assets/build/dittyDisplays.css?ver=3.1.64 HTTP/1.1" 200 1277 "https://www.vivafallriver.com/" "Mozilla/5.0 (Linux; Android 10; K) AppleWebKit/537.36 (KHTML, like Gecko) Chrome/148.0.0.0 Mobile Safari/537.36"
73.119.244.241 - - [31/May/2026:08:05:15 -0400] "GET /wp-content/plugins/essential-grid/public/includes/builders/gutenberg/build/index.css?ver=1775394850 HTTP/1.1" 200 1001 "https://www.vivafallriver.com/" "Mozilla/5.0 (Linux; Android 10; K) AppleWebKit/537.36 (KHTML, like Gecko) Chrome/148.0.0.0 Mobile Safari/537.36"
73.119.244.241 - - [31/May/2026:08:05:15 -0400] "GET /wp-content/plugins/ditty-news-ticker/includes/libs/fontawesome-6.4.0/css/all.css?ver=6.4.0 HTTP/1.1" 200 23970 "https://www.vivafallriver.com/" "Mozilla/5.0 (Linux; Android 10; K) AppleWebKit/537.36 (KHTML, like Gecko) Chrome/148.0.0.0 Mobile Safari/537.36"
73.119.244.241 - - [31/May/2026:08:05:15 -0400] "GET /wp-content/plugins/divi-booster/core/icons/divi-booster-icons/icomoon/style.min.css?ver=5.2 HTTP/1.1" 200 542 "https://www.vivafallriver.com/" "Mozilla/5.0 (Linux; Android 10; K) AppleWebKit/537.36 (KHTML, like Gecko) Chrome/148.0.0.0 Mobile Safari/537.36"
73.119.244.241 - - [31/May/2026:08:05:15 -0400] "GET /wp-content/plugins/divi-booster/core/icons/socicon/style.min.css?ver=5.2 HTTP/1.1" 200 2653 "https://www.vivafallriver.com/" "Mozilla/5.0 (Linux; Android 10; K) AppleWebKit/537.36 (KHTML, like Gecko) Chrome/148.0.0.0 Mobile Safari/537.36"
73.119.244.241 - - [31/May/2026:08:05:15 -0400] "GET /wp-content/plugins/divi-booster/core/fixes/126-customizer-social-icons/icons.min.css?ver=5.2 HTTP/1.1" 200 323 "https://www.vivafallriver.com/" "Mozilla/5.0 (Linux; Android 10; K) AppleWebKit/537.36 (KHTML, like Gecko) Chrome/148.0.0.0 Mobile Safari/537.36"
73.119.244.241 - - [31/May/2026:08:05:15 -0400] "GET /wp-content/uploads/wtfdivi/wp_head.css?ver=1688060684 HTTP/1.1" 200 416 "https://www.vivafallriver.com/" "Mozilla/5.0 (Linux; Android 10; K) AppleWebKit/537.36 (KHTML, like Gecko) Chrome/148.0.0.0 Mobile Safari/537.36"
73.119.244.241 - - [31/May/2026:08:05:15 -0400] "GET /wp-content/plugins/owm-weather/css/owmweather.min.css?ver=6.9.4 HTTP/1.1" 200 1945 "https://www.vivafallriver.com/" "Mozilla/5.0 (Linux; Android 10; K) AppleWebKit/537.36 (KHTML, like Gecko) Chrome/148.0.0.0 Mobile Safari/537.36"
73.119.244.241 - - [31/May/2026:08:05:15 -0400] "GET /wp-content/plugins/photo-gallery/css/sumoselect.min.css?ver=3.3.24 HTTP/1.1" 200 1836 "https://www.vivafallriver.com/" "Mozilla/5.0 (Linux; Android 10; K) AppleWebKit/537.36 (KHTML, like Gecko) Chrome/148.0.0.0 Mobile Safari/537.36"
73.119.244.241 - - [31/May/2026:08:05:15 -0400] "GET /wp-content/plugins/photo-gallery/css/bwg-fonts/fonts.css?ver=0.0.1 HTTP/1.1" 200 890 "https://www.vivafallriver.com/" "Mozilla/5.0 (Linux; Android 10; K) AppleWebKit/537.36 (KHTML, like Gecko) Chrome/148.0.0.0 Mobile Safari/537.36"
73.119.244.241 - - [31/May/2026:08:05:15 -0400] "GET /wp-content/uploads/rmp-menu/css/rmp-menu.css?ver=17.47.33 HTTP/1.1" 200 2164 "https://www.vivafallriver.com/" "Mozilla/5.0 (Linux; Android 10; K) AppleWebKit/537.36 (KHTML, like Gecko) Chrome/148.0.0.0 Mobile Safari/537.36"
73.119.244.241 - - [31/May/2026:08:05:15 -0400] "GET /wp-content/plugins/photo-gallery/css/jquery.mCustomScrollbar.min.css?ver=3.1.5 HTTP/1.1" 200 3984 "https://www.vivafallriver.com/" "Mozilla/5.0 (Linux; Android 10; K) AppleWebKit/537.36 (KHTML, like Gecko) Chrome/148.0.0.0 Mobile Safari/537.36"
73.119.244.241 - - [31/May/2026:08:05:15 -0400] "GET /wp-content/plugins/photo-gallery/css/styles.min.css?ver=2.6.3 HTTP/1.1" 200 7077 "https://www.vivafallriver.com/" "Mozilla/5.0 (Linux; Android 10; K) AppleWebKit/537.36 (KHTML, like Gecko) Chrome/148.0.0.0 Mobile Safari/537.36"
73.119.244.241 - - [31/May/2026:08:05:16 -0400] "GET /wp-content/plugins/popups-for-divi/styles/front.min.css?ver=3.2.7 HTTP/1.1" 200 1609 "https://www.vivafallriver.com/" "Mozilla/5.0 (Linux; Android 10; K) AppleWebKit/537.36 (KHTML, like Gecko) Chrome/148.0.0.0 Mobile Safari/537.36"
73.119.244.241 - - [31/May/2026:08:05:16 -0400] "GET /wp-content/plugins/popups-for-divi/styles/front-popuphidden.min.css?ver=3.2.7 HTTP/1.1" 200 21 "https://www.vivafallriver.com/" "Mozilla/5.0 (Linux; Android 10; K) AppleWebKit/537.36 (KHTML, like Gecko) Chrome/148.0.0.0 Mobile Safari/537.36"
73.119.244.241 - - [31/May/2026:08:05:16 -0400] "GET /wp-content/et-cache/2586/et-divi-dynamic-tb-2783-2586.css?ver=1780177600 HTTP/1.1" 200 3888 "https://www.vivafallriver.com/" "Mozilla/5.0 (Linux; Android 10; K) AppleWebKit/537.36 (KHTML, like Gecko) Chrome/148.0.0.0 Mobile Safari/537.36"
73.119.244.241 - - [31/May/2026:08:05:16 -0400] "GET /wp-content/et-cache/2586/et-divi-dynamic-tb-2783-2586-late.css?ver=1780177600 HTTP/1.1" 200 836 "https://www.vivafallriver.com/" "Mozilla/5.0 (Linux; Android 10; K) AppleWebKit/537.36 (KHTML, like Gecko) Chrome/148.0.0.0 Mobile Safari/537.36"
73.119.244.241 - - [31/May/2026:08:05:16 -0400] "GET /wp-content/themes/Divi/includes/builder/feature/dynamic-assets/assets/css/magnific_popup.css?ver=4.9.97.42 HTTP/1.1" 200 1784 "https://www.vivafallriver.com/" "Mozilla/5.0 (Linux; Android 10; K) AppleWebKit/537.36 (KHTML, like Gecko) Chrome/148.0.0.0 Mobile Safari/537.36"
57.141.20.27 - - [31/May/2026:08:05:10 -0400] "GET /series/mosaic-night/?lokasie=/sys/kernel/slab/kmalloc-cg-2k/trace&loknya=/sys/kernel/slab/kmalloc-cg-2k HTTP/1.1" 200 337767 "-" "meta-externalagent/1.1 (+https://developers.facebook.com/docs/sharing/webmasters/crawler)"
73.119.244.241 - - [31/May/2026:08:05:16 -0400] "GET /wp-content/plugins/event-tickets/build/css/rsvp.css?ver=5.27.6.1 HTTP/1.1" 200 3609 "https://www.vivafallriver.com/" "Mozilla/5.0 (Linux; Android 10; K) AppleWebKit/537.36 (KHTML, like Gecko) Chrome/148.0.0.0 Mobile Safari/537.36"
57.141.20.27 - - [31/May/2026:08:05:10 -0400] "GET /series/mosaic-night/?lokasie=/sys/kernel/slab/xfs_buf/slab_size&loknya=/sys/kernel/slab/xfs_buf HTTP/1.1" 200 337753 "-" "meta-externalagent/1.1 (+https://developers.facebook.com/docs/sharing/webmasters/crawler)"
73.119.244.241 - - [31/May/2026:08:05:16 -0400] "GET /wp-content/plugins/supreme-modules-pro-for-divi/styles/style.min.css?ver=4.9.97.42 HTTP/1.1" 200 38017 "https://www.vivafallriver.com/" "Mozilla/5.0 (Linux; Android 10; K) AppleWebKit/537.36 (KHTML, like Gecko) Chrome/148.0.0.0 Mobile Safari/537.36"
73.119.244.241 - - [31/May/2026:08:05:16 -0400] "GET /wp-content/plugins/supreme-modules-pro-for-divi/public/css/swiper.css?ver=4.9.97.42 HTTP/1.1" 200 3649 "https://www.vivafallriver.com/" "Mozilla/5.0 (Linux; Android 10; K) AppleWebKit/537.36 (KHTML, like Gecko) Chrome/148.0.0.0 Mobile Safari/537.36"
73.119.244.241 - - [31/May/2026:08:05:16 -0400] "GET /wp-content/plugins/essential-grid/public/assets/font/fontello/css/fontello.css?ver=3.1.12 HTTP/1.1" 200 2548 "https://www.vivafallriver.com/" "Mozilla/5.0 (Linux; Android 10; K) AppleWebKit/537.36 (KHTML, like Gecko) Chrome/148.0.0.0 Mobile Safari/537.36"
73.119.244.241 - - [31/May/2026:08:05:16 -0400] "GET /wp-content/plugins/supreme-modules-pro-for-divi/public/css/readmore.css?ver=4.9.97.42 HTTP/1.1" 200 589 "https://www.vivafallriver.com/" "Mozilla/5.0 (Linux; Android 10; K) AppleWebKit/537.36 (KHTML, like Gecko) Chrome/148.0.0.0 Mobile Safari/537.36"
73.119.244.241 - - [31/May/2026:08:05:16 -0400] "GET /wp-content/plugins/supreme-modules-pro-for-divi/public/css/popup.css?ver=4.9.97.42 HTTP/1.1" 200 910 "https://www.vivafallriver.com/" "Mozilla/5.0 (Linux; Android 10; K) AppleWebKit/537.36 (KHTML, like Gecko) Chrome/148.0.0.0 Mobile Safari/537.36"
73.119.244.241 - - [31/May/2026:08:05:16 -0400] "GET /wp-content/plugins/supreme-modules-pro-for-divi/public/css/animate.css?ver=4.9.97.42 HTTP/1.1" 200 4885 "https://www.vivafallriver.com/" "Mozilla/5.0 (Linux; Android 10; K) AppleWebKit/537.36 (KHTML, like Gecko) Chrome/148.0.0.0 Mobile Safari/537.36"
73.119.244.241 - - [31/May/2026:08:05:16 -0400] "GET /wp-content/plugins/essential-grid/public/assets/css/settings.css?ver=3.1.12 HTTP/1.1" 200 5716 "https://www.vivafallriver.com/" "Mozilla/5.0 (Linux; Android 10; K) AppleWebKit/537.36 (KHTML, like Gecko) Chrome/148.0.0.0 Mobile Safari/537.36"
73.119.244.241 - - [31/May/2026:08:05:16 -0400] "GET /wp-content/et-cache/2586/et-core-unified-2586.min.css?ver=1780177603 HTTP/1.1" 200 789 "https://www.vivafallriver.com/" "Mozilla/5.0 (Linux; Android 10; K) AppleWebKit/537.36 (KHTML, like Gecko) Chrome/148.0.0.0 Mobile Safari/537.36"
73.119.244.241 - - [31/May/2026:08:05:16 -0400] "GET /wp-content/themes/Divi-child/style.css?ver=4.27.6 HTTP/1.1" 200 487 "https://www.vivafallriver.com/" "Mozilla/5.0 (Linux; Android 10; K) AppleWebKit/537.36 (KHTML, like Gecko) Chrome/148.0.0.0 Mobile Safari/537.36"
73.119.244.241 - - [31/May/2026:08:05:16 -0400] "GET /wp-content/themes/Divi/includes/builder/feature/dynamic-assets/assets/css/social_media_follow.css?ver=4.27.6 HTTP/1.1" 200 1249 "https://www.vivafallriver.com/" "Mozilla/5.0 (Linux; Android 10; K) AppleWebKit/537.36 (KHTML, like Gecko) Chrome/148.0.0.0 Mobile Safari/537.36"
73.119.244.241 - - [31/May/2026:08:05:16 -0400] "GET /wp-content/themes/Divi/core/admin/fonts/modules/all/modules.ttf HTTP/1.1" 200 37302 "https://www.vivafallriver.com/" "Mozilla/5.0 (Linux; Android 10; K) AppleWebKit/537.36 (KHTML, like Gecko) Chrome/148.0.0.0 Mobile Safari/537.36"
73.119.244.241 - - [31/May/2026:08:05:16 -0400] "GET /wp-content/plugins/popups-for-divi/scripts/ie-compat.min.js?ver=3.2.7 HTTP/1.1" 200 3697 "https://www.vivafallriver.com/" "Mozilla/5.0 (Linux; Android 10; K) AppleWebKit/537.36 (KHTML, like Gecko) Chrome/148.0.0.0 Mobile Safari/537.36"
73.119.244.241 - - [31/May/2026:08:05:16 -0400] "GET /wp-content/et-cache/2586/et-core-unified-tb-2783-deferred-2586.min.css?ver=1780177605 HTTP/1.1" 200 2245 "https://www.vivafallriver.com/" "Mozilla/5.0 (Linux; Android 10; K) AppleWebKit/537.36 (KHTML, like Gecko) Chrome/148.0.0.0 Mobile Safari/537.36"
73.119.244.241 - - [31/May/2026:08:05:16 -0400] "GET /wp-content/plugins/divi-booster/core/icons/socicon/fonts/Socicon.woff2?87visu HTTP/1.1" 200 64540 "https://www.vivafallriver.com/" "Mozilla/5.0 (Linux; Android 10; K) AppleWebKit/537.36 (KHTML, like Gecko) Chrome/148.0.0.0 Mobile Safari/537.36"
73.119.244.241 - - [31/May/2026:08:05:16 -0400] "GET /wp-content/uploads/2023/06/Viva-Fall-River-Logo-Small.png HTTP/1.1" 200 8578 "https://www.vivafallriver.com/" "Mozilla/5.0 (Linux; Android 10; K) AppleWebKit/537.36 (KHTML, like Gecko) Chrome/148.0.0.0 Mobile Safari/537.36"
73.119.244.241 - - [31/May/2026:08:05:16 -0400] "GET /wp-content/plugins/the-events-calendar/common/build/js/user-agent.js?ver=da75d0bdea6dde3898df HTTP/1.1" 200 206 "https://www.vivafallriver.com/" "Mozilla/5.0 (Linux; Android 10; K) AppleWebKit/537.36 (KHTML, like Gecko) Chrome/148.0.0.0 Mobile Safari/537.36"
57.141.20.21 - - [31/May/2026:08:05:09 -0400] "GET /series/mosaic-night/?lokasie=/sys/kernel/slab/xfrm_dst_cache/slabs&loknya=/sys/kernel/slab/xfrm_dst_cache HTTP/1.1" 200 337770 "-" "meta-externalagent/1.1 (+https://developers.facebook.com/docs/sharing/webmasters/crawler)"
73.119.244.241 - - [31/May/2026:08:05:16 -0400] "GET /wp-content/uploads/2023/07/viva-fall-river-homepage-v2.jpg HTTP/1.1" 200 189670 "https://www.vivafallriver.com/" "Mozilla/5.0 (Linux; Android 10; K) AppleWebKit/537.36 (KHTML, like Gecko) Chrome/148.0.0.0 Mobile Safari/537.36"
73.119.244.241 - - [31/May/2026:08:05:16 -0400] "GET /wp-includes/js/jquery/jquery.min.js?ver=3.7.1 HTTP/1.1" 200 30368 "https://www.vivafallriver.com/" "Mozilla/5.0 (Linux; Android 10; K) AppleWebKit/537.36 (KHTML, like Gecko) Chrome/148.0.0.0 Mobile Safari/537.36"
73.119.244.241 - - [31/May/2026:08:05:16 -0400] "GET /wp-includes/js/jquery/jquery-migrate.min.js?ver=3.4.1 HTTP/1.1" 200 4872 "https://www.vivafallriver.com/" "Mozilla/5.0 (Linux; Android 10; K) AppleWebKit/537.36 (KHTML, like Gecko) Chrome/148.0.0.0 Mobile Safari/537.36"
73.119.244.241 - - [31/May/2026:08:05:16 -0400] "GET /wp-content/plugins/event-tickets/build/js/ticket-details.js?ver=effdcbb0319e200f2e6a HTTP/1.1" 200 428 "https://www.vivafallriver.com/" "Mozilla/5.0 (Linux; Android 10; K) AppleWebKit/537.36 (KHTML, like Gecko) Chrome/148.0.0.0 Mobile Safari/537.36"
73.119.244.241 - - [31/May/2026:08:05:16 -0400] "GET /wp-content/plugins/content-views-query-and-display-post-page/public/assets/js/cv.js?ver=4.3 HTTP/1.1" 200 6905 "https://www.vivafallriver.com/" "Mozilla/5.0 (Linux; Android 10; K) AppleWebKit/537.36 (KHTML, like Gecko) Chrome/148.0.0.0 Mobile Safari/537.36"
73.119.244.241 - - [31/May/2026:08:05:16 -0400] "GET /wp-content/plugins/event-tickets/build/js/rsvp.js?ver=dab7c1842d0b66486c7c HTTP/1.1" 200 745 "https://www.vivafallriver.com/" "Mozilla/5.0 (Linux; Android 10; K) AppleWebKit/537.36 (KHTML, like Gecko) Chrome/148.0.0.0 Mobile Safari/537.36"
73.119.244.241 - - [31/May/2026:08:05:16 -0400] "GET /wp-content/themes/Divi/core/admin/fonts/modules/social/modules.woff HTTP/1.1" 200 5766 "https://www.vivafallriver.com/wp-content/et-cache/2586/et-divi-dynamic-tb-2783-2586-late.css?ver=1780177600" "Mozilla/5.0 (Linux; Android 10; K) AppleWebKit/537.36 (KHTML, like Gecko) Chrome/148.0.0.0 Mobile Safari/537.36"
73.119.244.241 - - [31/May/2026:08:05:16 -0400] "GET /wp-content/uploads/et-fonts/LibreFranklin-VariableFont_wght.ttf HTTP/1.1" 200 55228 "https://www.vivafallriver.com/" "Mozilla/5.0 (Linux; Android 10; K) AppleWebKit/537.36 (KHTML, like Gecko) Chrome/148.0.0.0 Mobile Safari/537.36"
73.119.244.241 - - [31/May/2026:08:05:16 -0400] "GET /wp-content/plugins/owm-weather/js/owm-weather-ajax.js?ver=6.9.4 HTTP/1.1" 200 1100 "https://www.vivafallriver.com/" "Mozilla/5.0 (Linux; Android 10; K) AppleWebKit/537.36 (KHTML, like Gecko) Chrome/148.0.0.0 Mobile Safari/537.36"
73.119.244.241 - - [31/May/2026:08:05:16 -0400] "GET /wp-content/plugins/pt-content-views-pro/public/assets/js/cvpro.min.js?ver=7.3 HTTP/1.1" 200 46953 "https://www.vivafallriver.com/" "Mozilla/5.0 (Linux; Android 10; K) AppleWebKit/537.36 (KHTML, like Gecko) Chrome/148.0.0.0 Mobile Safari/537.36"
73.119.244.241 - - [31/May/2026:08:05:16 -0400] "GET /wp-content/plugins/photo-gallery/js/jquery.sumoselect.min.js?ver=3.3.24 HTTP/1.1" 200 7744 "https://www.vivafallriver.com/" "Mozilla/5.0 (Linux; Android 10; K) AppleWebKit/537.36 (KHTML, like Gecko) Chrome/148.0.0.0 Mobile Safari/537.36"
73.119.244.241 - - [31/May/2026:08:05:16 -0400] "GET /wp-content/uploads/et-fonts/ElMessiri-VariableFont_wght.ttf HTTP/1.1" 200 71889 "https://www.vivafallriver.com/" "Mozilla/5.0 (Linux; Android 10; K) AppleWebKit/537.36 (KHTML, like Gecko) Chrome/148.0.0.0 Mobile Safari/537.36"
73.119.244.241 - - [31/May/2026:08:05:16 -0400] "GET /wp-content/et-cache/2586/et-divi-dynamic-tb-2783-2586-late.css HTTP/1.1" 200 836 "https://www.vivafallriver.com/" "Mozilla/5.0 (Linux; Android 10; K) AppleWebKit/537.36 (KHTML, like Gecko) Chrome/148.0.0.0 Mobile Safari/537.36"
74.7.227.3 - - [31/May/2026:08:05:09 -0400] "GET /series/summer-all-ages-book-club/?lokasie=/proc/net/sockstat&loknya=/proc/net HTTP/1.1" 200 50032 "https://www.vivafallriver.com/series/summer-all-ages-book-club/?loknya=/proc/net" "Mozilla/5.0 AppleWebKit/537.36 (KHTML, like Gecko; compatible; GPTBot/1.4; +https://openai.com/gptbot)"
73.119.244.241 - - [31/May/2026:08:05:16 -0400] "GET /wp-content/plugins/photo-gallery/js/jquery.mobile.min.js?ver=1.4.5 HTTP/1.1" 200 9160 "https://www.vivafallriver.com/" "Mozilla/5.0 (Linux; Android 10; K) AppleWebKit/537.36 (KHTML, like Gecko) Chrome/148.0.0.0 Mobile Safari/537.36"
73.119.244.241 - - [31/May/2026:08:05:16 -0400] "GET /wp-content/plugins/photo-gallery/js/jquery.mCustomScrollbar.concat.min.js?ver=3.1.5 HTTP/1.1" 200 12940 "https://www.vivafallriver.com/" "Mozilla/5.0 (Linux; Android 10; K) AppleWebKit/537.36 (KHTML, like Gecko) Chrome/148.0.0.0 Mobile Safari/537.36"
73.119.244.241 - - [31/May/2026:08:05:16 -0400] "GET /wp-content/plugins/responsive-menu/v4.0.0/assets/js/rmp-menu.min.js?ver=4.7.1 HTTP/1.1" 200 1935 "https://www.vivafallriver.com/" "Mozilla/5.0 (Linux; Android 10; K) AppleWebKit/537.36 (KHTML, like Gecko) Chrome/148.0.0.0 Mobile Safari/537.36"
73.119.244.241 - - [31/May/2026:08:05:16 -0400] "GET /wp-content/plugins/popups-for-divi/scripts/front.min.js?ver=3.2.7 HTTP/1.1" 200 21494 "https://www.vivafallriver.com/" "Mozilla/5.0 (Linux; Android 10; K) AppleWebKit/537.36 (KHTML, like Gecko) Chrome/148.0.0.0 Mobile Safari/537.36"
73.119.244.241 - - [31/May/2026:08:05:16 -0400] "GET /wp-content/plugins/photo-gallery/js/jquery.fullscreen.min.js?ver=0.6.0 HTTP/1.1" 200 2171 "https://www.vivafallriver.com/" "Mozilla/5.0 (Linux; Android 10; K) AppleWebKit/537.36 (KHTML, like Gecko) Chrome/148.0.0.0 Mobile Safari/537.36"
73.119.244.241 - - [31/May/2026:08:05:16 -0400] "GET /wp-content/plugins/photo-gallery/js/scripts.min.js?ver=2.6.3 HTTP/1.1" 200 40353 "https://www.vivafallriver.com/" "Mozilla/5.0 (Linux; Android 10; K) AppleWebKit/537.36 (KHTML, like Gecko) Chrome/148.0.0.0 Mobile Safari/537.36"
73.119.244.241 - - [31/May/2026:08:05:16 -0400] "GET /wp-content/plugins/event-tickets/build/js/rsvp.js?ver=5.27.6.1 HTTP/1.1" 200 745 "https://www.vivafallriver.com/" "Mozilla/5.0 (Linux; Android 10; K) AppleWebKit/537.36 (KHTML, like Gecko) Chrome/148.0.0.0 Mobile Safari/537.36"
73.119.244.241 - - [31/May/2026:08:05:16 -0400] "GET /wp-content/themes/Divi/includes/builder/feature/dynamic-assets/assets/js/jquery.fitvids.js?ver=4.27.6 HTTP/1.1" 200 1341 "https://www.vivafallriver.com/" "Mozilla/5.0 (Linux; Android 10; K) AppleWebKit/537.36 (KHTML, like Gecko) Chrome/148.0.0.0 Mobile Safari/537.36"
73.119.244.241 - - [31/May/2026:08:05:16 -0400] "GET /wp-content/themes/Divi/js/scripts.min.js?ver=4.27.6 HTTP/1.1" 200 70576 "https://www.vivafallriver.com/" "Mozilla/5.0 (Linux; Android 10; K) AppleWebKit/537.36 (KHTML, like Gecko) Chrome/148.0.0.0 Mobile Safari/537.36"
73.119.244.241 - - [31/May/2026:08:05:16 -0400] "GET /wp-content/uploads/wtfdivi/wp_footer.js?ver=1688060684 HTTP/1.1" 200 232 "https://www.vivafallriver.com/" "Mozilla/5.0 (Linux; Android 10; K) AppleWebKit/537.36 (KHTML, like Gecko) Chrome/148.0.0.0 Mobile Safari/537.36"
73.119.244.241 - - [31/May/2026:08:05:16 -0400] "GET /wp-content/themes/Divi/core/admin/js/common.js?ver=4.27.6 HTTP/1.1" 200 566 "https://www.vivafallriver.com/" "Mozilla/5.0 (Linux; Android 10; K) AppleWebKit/537.36 (KHTML, like Gecko) Chrome/148.0.0.0 Mobile Safari/537.36"
73.119.244.241 - - [31/May/2026:08:05:16 -0400] "GET /wp-content/plugins/essential-grid/public/assets/js/libs/tptools.js?ver=6.7.36 HTTP/1.1" 200 74898 "https://www.vivafallriver.com/" "Mozilla/5.0 (Linux; Android 10; K) AppleWebKit/537.36 (KHTML, like Gecko) Chrome/148.0.0.0 Mobile Safari/537.36"
73.119.244.241 - - [31/May/2026:08:05:16 -0400] "GET /wp-content/uploads/2023/07/Video-Cover-for-Home-Page.jpg HTTP/1.1" 200 85748 "https://www.vivafallriver.com/" "Mozilla/5.0 (Linux; Android 10; K) AppleWebKit/537.36 (KHTML, like Gecko) Chrome/148.0.0.0 Mobile Safari/537.36"
73.119.244.241 - - [31/May/2026:08:05:16 -0400] "GET /wp-content/uploads/2023/06/viva-calendar.jpg HTTP/1.1" 200 60882 "https://www.vivafallriver.com/" "Mozilla/5.0 (Linux; Android 10; K) AppleWebKit/537.36 (KHTML, like Gecko) Chrome/148.0.0.0 Mobile Safari/537.36"
73.119.244.241 - - [31/May/2026:08:05:16 -0400] "GET /wp-content/uploads/2023/07/Taste-of-Portugal-web-banner-mobile.jpg HTTP/1.1" 200 356749 "https://www.vivafallriver.com/wp-content/et-cache/2586/et-core-unified-tb-2783-deferred-2586.min.css?ver=1780177605" "Mozilla/5.0 (Linux; Android 10; K) AppleWebKit/537.36 (KHTML, like Gecko) Chrome/148.0.0.0 Mobile Safari/537.36"
73.119.244.241 - - [31/May/2026:08:05:16 -0400] "GET /wp-content/uploads/2023/06/email-form-background1.jpg HTTP/1.1" 200 20847 "https://www.vivafallriver.com/wp-content/et-cache/2586/et-core-unified-tb-2783-deferred-2586.min.css?ver=1780177605" "Mozilla/5.0 (Linux; Android 10; K) AppleWebKit/537.36 (KHTML, like Gecko) Chrome/148.0.0.0 Mobile Safari/537.36"
73.119.244.241 - - [31/May/2026:08:05:16 -0400] "GET /wp-content/uploads/2023/06/Viva-arts-and-culture.jpg HTTP/1.1" 200 45813 "https://www.vivafallriver.com/" "Mozilla/5.0 (Linux; Android 10; K) AppleWebKit/537.36 (KHTML, like Gecko) Chrome/148.0.0.0 Mobile Safari/537.36"
73.119.244.241 - - [31/May/2026:08:05:16 -0400] "GET /wp-content/uploads/2023/06/Viva-Community.jpg HTTP/1.1" 200 69106 "https://www.vivafallriver.com/" "Mozilla/5.0 (Linux; Android 10; K) AppleWebKit/537.36 (KHTML, like Gecko) Chrome/148.0.0.0 Mobile Safari/537.36"
73.119.244.241 - - [31/May/2026:08:05:16 -0400] "GET /wp-content/uploads/2023/06/viva-in-the-press.jpg HTTP/1.1" 200 54757 "https://www.vivafallriver.com/" "Mozilla/5.0 (Linux; Android 10; K) AppleWebKit/537.36 (KHTML, like Gecko) Chrome/148.0.0.0 Mobile Safari/537.36"
73.119.244.241 - - [31/May/2026:08:05:16 -0400] "GET /wp-content/uploads/2023/06/viva-incredible-food.jpg HTTP/1.1" 200 63492 "https://www.vivafallriver.com/" "Mozilla/5.0 (Linux; Android 10; K) AppleWebKit/537.36 (KHTML, like Gecko) Chrome/148.0.0.0 Mobile Safari/537.36"
57.141.20.8 - - [31/May/2026:08:05:11 -0400] "GET /series/mosaic-night/?lokasie=/sys/kernel/slab/kmalloc-cg-2k/partial&loknya=/sys/kernel/slab/kmalloc-cg-2k HTTP/1.1" 200 337768 "-" "meta-externalagent/1.1 (+https://developers.facebook.com/docs/sharing/webmasters/crawler)"
37.140.223.206 - - [31/May/2026:08:05:12 -0400] "GET /wp-admin/index.php HTTP/1.1" 302 - "https://mail.vivafallriver.com/wp-login.php" "Mozilla/5.0 (X11; Linux x86_64) AppleWebKit/537.36 (KHTML, like Gecko) Chrome/119.0.0.0 Safari/537.36"
73.119.244.241 - - [31/May/2026:08:05:16 -0400] "GET /wp-content/uploads/2024/05/SEE-MORE-WEB-BANNER-MOBILE.png HTTP/1.1" 200 620095 "https://www.vivafallriver.com/wp-content/et-cache/2586/et-core-unified-tb-2783-deferred-2586.min.css?ver=1780177605" "Mozilla/5.0 (Linux; Android 10; K) AppleWebKit/537.36 (KHTML, like Gecko) Chrome/148.0.0.0 Mobile Safari/537.36"
73.119.244.241 - - [31/May/2026:08:05:16 -0400] "GET /wp-content/uploads/2024/01/WEB-BANNER_MOBILE-4501-%C3%97-2526-px.png HTTP/1.1" 200 656427 "https://www.vivafallriver.com/wp-content/et-cache/2586/et-core-unified-tb-2783-deferred-2586.min.css?ver=1780177605" "Mozilla/5.0 (Linux; Android 10; K) AppleWebKit/537.36 (KHTML, like Gecko) Chrome/148.0.0.0 Mobile Safari/537.36"
73.119.244.241 - - [31/May/2026:08:05:16 -0400] "GET /wp-content/uploads/2026/04/June-Events-300x300.png HTTP/1.1" 200 175551 "https://www.vivafallriver.com/" "Mozilla/5.0 (Linux; Android 10; K) AppleWebKit/537.36 (KHTML, like Gecko) Chrome/148.0.0.0 Mobile Safari/537.36"
73.119.244.241 - - [31/May/2026:08:05:16 -0400] "GET /wp-content/uploads/2024/02/WEB-BANNER_MOBILE-4501-%C3%97-2526-px.png HTTP/1.1" 200 2535514 "https://www.vivafallriver.com/wp-content/et-cache/2586/et-core-unified-tb-2783-deferred-2586.min.css?ver=1780177605" "Mozilla/5.0 (Linux; Android 10; K) AppleWebKit/537.36 (KHTML, like Gecko) Chrome/148.0.0.0 Mobile Safari/537.36"
73.119.244.241 - - [31/May/2026:08:05:16 -0400] "GET /wp-content/uploads/2026/04/wbsm-300x300.png HTTP/1.1" 200 206621 "https://www.vivafallriver.com/" "Mozilla/5.0 (Linux; Android 10; K) AppleWebKit/537.36 (KHTML, like Gecko) Chrome/148.0.0.0 Mobile Safari/537.36"
73.119.244.241 - - [31/May/2026:08:05:16 -0400] "GET /wp-content/uploads/2026/03/SATURDAY-APRIL-18-11am-2pm-Fall-River-Carousel-240x300.png HTTP/1.1" 200 151402 "https://www.vivafallriver.com/" "Mozilla/5.0 (Linux; Android 10; K) AppleWebKit/537.36 (KHTML, like Gecko) Chrome/148.0.0.0 Mobile Safari/537.36"
57.141.20.3 - - [31/May/2026:08:05:11 -0400] "GET /series/mosaic-night/?lokasie=/sys/kernel/slab/xfs_buf/alloc_calls&loknya=/sys/kernel/slab/xfs_buf HTTP/1.1" 200 337754 "-" "meta-externalagent/1.1 (+https://developers.facebook.com/docs/sharing/webmasters/crawler)"
57.141.20.53 - - [31/May/2026:08:05:10 -0400] "GET /series/mosaic-night/?lokasie=/sys/kernel/slab/xfs_buf/free_calls&loknya=/sys/kernel/slab/xfs_buf HTTP/1.1" 200 337754 "-" "meta-externalagent/1.1 (+https://developers.facebook.com/docs/sharing/webmasters/crawler)"
73.119.244.241 - - [31/May/2026:08:05:18 -0400] "GET /favicon.ico HTTP/1.1" 200 8187 "https://www.vivafallriver.com/" "Mozilla/5.0 (Linux; Android 10; K) AppleWebKit/537.36 (KHTML, like Gecko) Chrome/148.0.0.0 Mobile Safari/537.36"
57.141.20.13 - - [31/May/2026:08:05:11 -0400] "GET /series/mosaic-night/?lokasie=/sys/firmware/acpi/interrupts/gpe04&loknya=/sys/firmware/acpi/interrupts HTTP/1.1" 200 337807 "-" "meta-externalagent/1.1 (+https://developers.facebook.com/docs/sharing/webmasters/crawler)"
220.181.108.146 - - [31/May/2026:08:05:10 -0400] "GET /events/list/page/2/?hide_subsequent_recurrences=1&tribe-bar-date=2026-11-02 HTTP/1.1" 200 58031 "-" "Mozilla/5.0 (compatible; Baiduspider/2.0; +http://www.baidu.com/search/spider.html)"
57.141.20.25 - - [31/May/2026:08:05:12 -0400] "GET /series/mosaic-night/?lokasie=/sys/kernel/slab/xfs_buf/cpu_partial&loknya=/sys/kernel/slab/xfs_buf HTTP/1.1" 200 337755 "-" "meta-externalagent/1.1 (+https://developers.facebook.com/docs/sharing/webmasters/crawler)"
57.141.20.17 - - [31/May/2026:08:05:10 -0400] "GET /series/mosaic-night/?lokasie=/sys/kernel/slab/xfs_buf/shrink&loknya=/sys/kernel/slab/xfs_buf HTTP/1.1" 200 337750 "-" "meta-externalagent/1.1 (+https://developers.facebook.com/docs/sharing/webmasters/crawler)"
57.141.20.67 - - [31/May/2026:08:05:14 -0400] "GET /series/mosaic-night/?lokasie=/sys/firmware/acpi/interrupts/gpe0D&loknya=/sys/firmware/acpi/interrupts HTTP/1.1" 200 337807 "-" "meta-externalagent/1.1 (+https://developers.facebook.com/docs/sharing/webmasters/crawler)"
57.141.20.13 - - [31/May/2026:08:05:12 -0400] "GET /series/mosaic-night/?lokasie=/sys/kernel/slab/proc_inode_cache/hwcache_align&loknya=/sys/kernel/slab/proc_inode_cache HTTP/1.1" 200 337784 "-" "meta-externalagent/1.1 (+https://developers.facebook.com/docs/sharing/webmasters/crawler)"
57.141.20.26 - - [31/May/2026:08:05:13 -0400] "GET /series/mosaic-night/?lokasie=/sys/kernel/slab/kmalloc-rcl-8/objects_partial&loknya=/sys/kernel/slab/kmalloc-rcl-8 HTTP/1.1" 200 337777 "-" "meta-externalagent/1.1 (+https://developers.facebook.com/docs/sharing/webmasters/crawler)"
57.141.20.30 - - [31/May/2026:08:05:13 -0400] "GET /series/mosaic-night/?lokasie=/sys/kernel/slab/proc_inode_cache/red_zone&loknya=/sys/kernel/slab/proc_inode_cache HTTP/1.1" 200 337779 "-" "meta-externalagent/1.1 (+https://developers.facebook.com/docs/sharing/webmasters/crawler)"
57.141.20.41 - - [31/May/2026:08:05:14 -0400] "GET /series/mosaic-night/?lokasie=/sys/kernel/slab/xfrm_dst_cache/poison&loknya=/sys/kernel/slab/xfrm_dst_cache HTTP/1.1" 200 337771 "-" "meta-externalagent/1.1 (+https://developers.facebook.com/docs/sharing/webmasters/crawler)"
57.141.20.61 - - [31/May/2026:08:05:15 -0400] "GET /series/mosaic-night/?lokasie=/sys/kernel/slab/proc_inode_cache/slab_size&loknya=/sys/kernel/slab/proc_inode_cache HTTP/1.1" 200 337780 "-" "meta-externalagent/1.1 (+https://developers.facebook.com/docs/sharing/webmasters/crawler)"
57.141.20.65 - - [31/May/2026:08:05:15 -0400] "GET /series/mosaic-night/?lokasie=/sys/kernel/slab/dma-kmalloc-64/sanity_checks&loknya=/sys/kernel/slab/dma-kmalloc-64 HTTP/1.1" 200 337778 "-" "meta-externalagent/1.1 (+https://developers.facebook.com/docs/sharing/webmasters/crawler)"
57.141.20.72 - - [31/May/2026:08:05:13 -0400] "GET /series/mosaic-night/?lokasie=/sys/kernel/slab/inode_cache/objects_partial&loknya=/sys/kernel/slab/inode_cache HTTP/1.1" 200 337771 "-" "meta-externalagent/1.1 (+https://developers.facebook.com/docs/sharing/webmasters/crawler)"
35.253.219.192 - - [31/May/2026:08:05:15 -0400] "GET /event/strength-in-recover-support-group-summer-semester/2025-08-21 HTTP/1.1" 301 - "-" "Mozilla/5.0 AppleWebKit/537.36 (KHTML, like Gecko; compatible; SleepBot/1.0; +http://sleepbot.com/) Chrome/131.0.0.0 Safari/537.36"
57.141.20.0 - - [31/May/2026:08:05:13 -0400] "GET /series/mosaic-night/?lokasie=/sys/kernel/slab/Acpi-ParseExt/reclaim_account&loknya=/sys/kernel/slab/Acpi-ParseExt HTTP/1.1" 200 337776 "-" "meta-externalagent/1.1 (+https://developers.facebook.com/docs/sharing/webmasters/crawler)"
57.141.20.41 - - [31/May/2026:08:05:15 -0400] "GET /series/mosaic-night/?lokasie=/sys/kernel/slab/xfs_buf/aliases&loknya=/sys/kernel/slab/xfs_buf HTTP/1.1" 200 337751 "-" "meta-externalagent/1.1 (+https://developers.facebook.com/docs/sharing/webmasters/crawler)"
57.141.20.28 - - [31/May/2026:08:05:16 -0400] "GET /series/mosaic-night/?lokasie=/sys/kernel/slab/dma-kmalloc-64/cpu_slabs&loknya=/sys/kernel/slab/dma-kmalloc-64 HTTP/1.1" 200 337774 "-" "meta-externalagent/1.1 (+https://developers.facebook.com/docs/sharing/webmasters/crawler)"
216.73.216.190 - - [31/May/2026:08:05:17 -0400] "GET /event/poppin-prosecco-with-primo-brunch/2026-04-26/ HTTP/1.1" 301 - "-" "Mozilla/5.0 AppleWebKit/537.36 (KHTML, like Gecko; compatible; ClaudeBot/1.0; +claudebot@anthropic.com)"
57.141.20.51 - - [31/May/2026:08:05:16 -0400] "GET /series/mosaic-night/?lokasie=/sys/kernel/slab/avtab_extended_perms/ctor&loknya=/sys/kernel/slab/avtab_extended_perms HTTP/1.1" 200 337787 "-" "meta-externalagent/1.1 (+https://developers.facebook.com/docs/sharing/webmasters/crawler)"
114.119.141.139 - - [31/May/2026:08:05:16 -0400] "GET /events/tag/food-and-drink/list?hide_subsequent_recurrences=1&tribe-bar-date=2023-08-07 HTTP/1.1" 301 - "https://www.vivafallriver.com/events/tag/food-and-drink/list?hide_subsequent_recurrences=1&tribe-bar-date=2023-08-07" "Mozilla/5.0 (Linux; Android 7.0;) AppleWebKit/537.36 (HTML, like Gecko) Mobile Safari/537.36 (compatible; PetalBot;+https://webmaster.petalsearch.com/site/petalbot)"
57.141.20.60 - - [31/May/2026:08:05:17 -0400] "GET /series/mosaic-night/?lokasie=/sys/kernel/slab/kmalloc-rcl-8/store_user&loknya=/sys/kernel/slab/kmalloc-rcl-8 HTTP/1.1" 200 337772 "-" "meta-externalagent/1.1 (+https://developers.facebook.com/docs/sharing/webmasters/crawler)"
190.177.236.177 - - [31/May/2026:08:05:03 -0400] "GET /support/events/list/page/3/?hide_subsequent_recurrences=1&tribe-bar-date=2025-08-07 HTTP/1.1" 301 - "-" "Mozilla/5.0 (Macintosh; Intel Mac OS X 12_7_3) AppleWebKit/537.36 (KHTML, like Gecko) Chrome/132.0.6834.83 Safari/537.36"
74.7.227.3 - - [31/May/2026:08:05:16 -0400] "GET /series/summer-all-ages-book-club/?lokasie=/proc/net/fib_trie&loknya=/proc/net HTTP/1.1" 200 50138 "https://www.vivafallriver.com/series/summer-all-ages-book-club/?loknya=/proc/net" "Mozilla/5.0 AppleWebKit/537.36 (KHTML, like Gecko; compatible; GPTBot/1.4; +https://openai.com/gptbot)"
57.141.20.3 - - [31/May/2026:08:05:16 -0400] "GET /series/mosaic-night/?lokasie=/sys/kernel/slab/mm_struct/aliases&loknya=/sys/kernel/slab/mm_struct HTTP/1.1" 200 337756 "-" "meta-externalagent/1.1 (+https://developers.facebook.com/docs/sharing/webmasters/crawler)"
57.141.20.27 - - [31/May/2026:08:05:18 -0400] "GET /series/mosaic-night/?lokasie=/sys/kernel/slab/kmalloc-rcl-8/shrink&loknya=/sys/kernel/slab/kmalloc-rcl-8 HTTP/1.1" 200 337768 "-" "meta-externalagent/1.1 (+https://developers.facebook.com/docs/sharing/webmasters/crawler)"
57.141.20.8 - - [31/May/2026:08:05:18 -0400] "GET /series/mosaic-night/?lokasie=/sys/kernel/slab/khugepaged_mm_slot/alloc_calls&loknya=/sys/kernel/slab/khugepaged_mm_slot HTTP/1.1" 200 337787 "-" "meta-externalagent/1.1 (+https://developers.facebook.com/docs/sharing/webmasters/crawler)"
57.141.20.41 - - [31/May/2026:08:05:17 -0400] "GET /series/mosaic-night/?lokasie=/sys/kernel/slab/khugepaged_mm_slot/slabs&loknya=/sys/kernel/slab/khugepaged_mm_slot HTTP/1.1" 200 337782 "-" "meta-externalagent/1.1 (+https://developers.facebook.com/docs/sharing/webmasters/crawler)"
57.141.20.61 - - [31/May/2026:08:05:19 -0400] "GET /series/mosaic-night/?lokasie=/sys/kernel/slab/Acpi-ParseExt/trace&loknya=/sys/kernel/slab/Acpi-ParseExt HTTP/1.1" 200 337767 "-" "meta-externalagent/1.1 (+https://developers.facebook.com/docs/sharing/webmasters/crawler)"
57.141.20.70 - - [31/May/2026:08:05:16 -0400] "GET /event/open-draw-for-teens/2030-06-29/ HTTP/1.1" 200 392401 "-" "meta-externalagent/1.1 (+https://developers.facebook.com/docs/sharing/webmasters/crawler)"
57.141.20.47 - - [31/May/2026:08:05:18 -0400] "GET /series/mosaic-night/?lokasie=/sys/kernel/slab/kmalloc-cg-2k/min_partial&loknya=/sys/kernel/slab/kmalloc-cg-2k HTTP/1.1" 200 337773 "-" "meta-externalagent/1.1 (+https://developers.facebook.com/docs/sharing/webmasters/crawler)"
136.144.33.45 - - [31/May/2026:08:05:22 -0400] "GET /wp-login.php?redirect_to=https%3A%2F%2Fmail.vivafallriver.com%2Fwp-admin%2Findex.php&reauth=1 HTTP/1.1" 200 2068 "https://mail.vivafallriver.com/wp-login.php" "Mozilla/5.0 (X11; Linux x86_64) AppleWebKit/537.36 (KHTML, like Gecko) Chrome/119.0.0.0 Safari/537.36"
57.141.20.44 - - [31/May/2026:08:05:19 -0400] "GET /series/mosaic-night/?lokasie=/sys/kernel/slab/sgpool-32/hwcache_align&loknya=/sys/kernel/slab/sgpool-32 HTTP/1.1" 200 337763 "-" "meta-externalagent/1.1 (+https://developers.facebook.com/docs/sharing/webmasters/crawler)"
57.141.20.65 - - [31/May/2026:08:05:19 -0400] "GET /series/mosaic-night/?lokasie=/sys/kernel/slab/dma-kmalloc-64/store_user&loknya=/sys/kernel/slab/dma-kmalloc-64 HTTP/1.1" 200 337775 "-" "meta-externalagent/1.1 (+https://developers.facebook.com/docs/sharing/webmasters/crawler)"
57.141.20.39 - - [31/May/2026:08:05:20 -0400] "GET /series/mosaic-night/?lokasie=/sys/kernel/slab/dma-kmalloc-64/aliases&loknya=/sys/kernel/slab/dma-kmalloc-64 HTTP/1.1" 200 337772 "-" "meta-externalagent/1.1 (+https://developers.facebook.com/docs/sharing/webmasters/crawler)"
57.141.20.2 - - [31/May/2026:08:05:21 -0400] "GET /series/mosaic-night/?lokasie=/sys/kernel/slab/proc_inode_cache/slabs_cpu_partial&loknya=/sys/kernel/slab/proc_inode_cache HTTP/1.1" 200 337787 "-" "meta-externalagent/1.1 (+https://developers.facebook.com/docs/sharing/webmasters/crawler)"
57.141.20.5 - - [31/May/2026:08:05:19 -0400] "GET /series/mosaic-night/?lokasie=/sys/kernel/slab/sgpool-32/alloc_calls&loknya=/sys/kernel/slab/sgpool-32 HTTP/1.1" 200 337760 "-" "meta-externalagent/1.1 (+https://developers.facebook.com/docs/sharing/webmasters/crawler)"
185.191.171.14 - - [31/May/2026:08:05:19 -0400] "GET /?eventDate=2024-01-27&eventDisplay=day&hide_subsequent_recurrences=1&paged=10&post_type=tribe_events HTTP/1.1" 200 53786 "-" "Mozilla/5.0 (compatible; SemrushBot/7~bl; +http://www.semrush.com/bot.html)"
57.141.20.62 - - [31/May/2026:08:05:21 -0400] "GET /series/mosaic-night/?lokasie=/sys/kernel/slab/kmalloc-256/reclaim_account&loknya=/sys/kernel/slab/kmalloc-256 HTTP/1.1" 200 337771 "-" "meta-externalagent/1.1 (+https://developers.facebook.com/docs/sharing/webmasters/crawler)"
57.141.20.51 - - [31/May/2026:08:05:22 -0400] "GET /series/mosaic-night/?lokasie=/sys/kernel/slab/kmalloc-rcl-8/total_objects&loknya=/sys/kernel/slab/kmalloc-rcl-8 HTTP/1.1" 200 337775 "-" "meta-externalagent/1.1 (+https://developers.facebook.com/docs/sharing/webmasters/crawler)"
73.119.244.241 - - [31/May/2026:08:05:19 -0400] "GET /events/list/ HTTP/1.1" 200 59589 "https://www.vivafallriver.com/" "Mozilla/5.0 (Linux; Android 10; K) AppleWebKit/537.36 (KHTML, like Gecko) Chrome/148.0.0.0 Mobile Safari/537.36"
57.141.20.52 - - [31/May/2026:08:05:21 -0400] "GET /series/mosaic-night/?lokasie=/sys/kernel/slab/inode_cache/trace&loknya=/sys/kernel/slab/inode_cache HTTP/1.1" 200 337761 "-" "meta-externalagent/1.1 (+https://developers.facebook.com/docs/sharing/webmasters/crawler)"
57.141.20.51 - - [31/May/2026:08:05:20 -0400] "GET /series/mosaic-night/?lokasie=/sys/kernel/slab/Acpi-ParseExt/cpu_partial&loknya=/sys/kernel/slab/Acpi-ParseExt HTTP/1.1" 200 337773 "-" "meta-externalagent/1.1 (+https://developers.facebook.com/docs/sharing/webmasters/crawler)"
73.119.244.241 - - [31/May/2026:08:05:28 -0400] "GET /wp-content/plugins/the-events-calendar/vendor/bootstrap-datepicker/css/bootstrap-datepicker.standalone.min.css?ver=6.15.20 HTTP/1.1" 200 2101 "https://www.vivafallriver.com/events/list/" "Mozilla/5.0 (Linux; Android 10; K) AppleWebKit/537.36 (KHTML, like Gecko) Chrome/148.0.0.0 Mobile Safari/537.36"
73.119.244.241 - - [31/May/2026:08:05:28 -0400] "GET /wp-content/plugins/the-events-calendar/common/vendor/tooltipster/tooltipster.bundle.min.css?ver=6.10.3 HTTP/1.1" 200 1115 "https://www.vivafallriver.com/events/list/" "Mozilla/5.0 (Linux; Android 10; K) AppleWebKit/537.36 (KHTML, like Gecko) Chrome/148.0.0.0 Mobile Safari/537.36"
35.253.219.192 - - [31/May/2026:08:05:20 -0400] "GET /event/strength-in-recover-support-group-summer-semester/2025-08-21 HTTP/1.1" 404 53550 "https://vivafallriver.com/event/strength-in-recover-support-group-summer-semester/2025-08-21" "Mozilla/5.0 AppleWebKit/537.36 (KHTML, like Gecko; compatible; SleepBot/1.0; +http://sleepbot.com/) Chrome/131.0.0.0 Safari/537.36"
73.119.244.241 - - [31/May/2026:08:05:28 -0400] "GET /wp-content/plugins/the-events-calendar/build/css/views-skeleton.css?ver=6.15.20 HTTP/1.1" 200 5128 "https://www.vivafallriver.com/events/list/" "Mozilla/5.0 (Linux; Android 10; K) AppleWebKit/537.36 (KHTML, like Gecko) Chrome/148.0.0.0 Mobile Safari/537.36"
